000
CDUS41 KCLE 200535
CLIMFD


CLIMATE REPORT
NATIONAL WEATHER SERVICE CLEVELAND OH
134 AM EDT SUN JUL 20 2014


...................................

...THE MANSFIELD OH CLIMATE SUMMARY FOR JULY 19 2014...

CLIMATE NORMAL PERIOD 1981 TO 2010
CLIMATE RECORD PERIOD 1916 TO 2014


WEATHER ITEM   OBSERVED TIME   RECORD YEAR NORMAL DEPARTURE LAST
                VALUE   (LST)  VALUE       VALUE  FROM      YEAR
                                                  NORMAL
..................................................................
TEMPERATURE (F)
 YESTERDAY
  MAXIMUM         71    603 PM 100    1930  82    -11       91
  MINIMUM         63    816 AM  47    1979  62      1       74
  AVERAGE         67                        72     -5       83

PRECIPITATION (IN)
  YESTERDAY        1.22                      0.14   1.08      T
  MONTH TO DATE    2.53                      2.74  -0.21     4.37
  SINCE JUN 1      9.01                      7.49   1.52    11.36
  SINCE JAN 1     25.34                     24.82   0.52    25.23

SNOWFALL (IN)
  YESTERDAY        0.0                       0.0    0.0      0.0
  MONTH TO DATE    0.0                       0.0    0.0      0.0
  SINCE JUN 1      0.0                       0.0    0.0      0.0
  SINCE JUL 1      0.0                       0.0    0.0      0.0
  SNOW DEPTH       0

DEGREE DAYS
 HEATING
  YESTERDAY        0                         0      0        0
  MONTH TO DATE    9                         0      9        0
  SINCE JUN 1     33                        53    -20       39
  SINCE JUL 1      9                         0      9        0

 COOLING
  YESTERDAY        2                         7     -5       18
  MONTH TO DATE   89                       133    -44      199
  SINCE JUN 1    258                       267     -9      347
  SINCE JAN 1    321                       313      8      442
..................................................................


WIND (MPH)
  HIGHEST WIND SPEED     9   HIGHEST WIND DIRECTION     S (200)
  HIGHEST GUST SPEED    12   HIGHEST GUST DIRECTION     S (200)
  AVERAGE WIND SPEED     4.1


SKY COVER
  POSSIBLE SUNSHINE  MM
  AVERAGE SKY COVER 0.9


WEATHER CONDITIONS
 THE FOLLOWING WEATHER WAS RECORDED YESTERDAY.
  HEAVY RAIN
  RAIN
  LIGHT RAIN
  FOG


RELATIVE HUMIDITY (PERCENT)
 HIGHEST   100           300 AM
 LOWEST     78           200 PM
 AVERAGE    89

..........................................................


THE MANSFIELD OH CLIMATE NORMALS FOR TODAY
                         NORMAL    RECORD    YEAR
 MAXIMUM TEMPERATURE (F)   82       102      1930
 MINIMUM TEMPERATURE (F)   62        43      1947


SUNRISE AND SUNSET
JULY 20 2014..........SUNRISE   616 AM EDT   SUNSET   857 PM EDT
JULY 21 2014..........SUNRISE   616 AM EDT   SUNSET   856 PM EDT


-  INDICATES NEGATIVE NUMBERS.
R  INDICATES RECORD WAS SET OR TIED.
MM INDICATES DATA IS MISSING.
T  INDICATES TRACE AMOUNT.




$$
