000
CDUS41 KCLE 070533
CLIMFD


CLIMATE REPORT
NATIONAL WEATHER SERVICE CLEVELAND OH
1232 AM EST TUE MAR 7 2017


...................................

...THE MANSFIELD OH CLIMATE SUMMARY FOR MARCH 6 2017...

CLIMATE NORMAL PERIOD 1981 TO 2010
CLIMATE RECORD PERIOD 1916 TO 2017


WEATHER ITEM   OBSERVED TIME   RECORD YEAR NORMAL DEPARTURE LAST
                VALUE   (LST)  VALUE       VALUE  FROM      YEAR
                                                  NORMAL
..................................................................
TEMPERATURE (F)
 YESTERDAY
  MAXIMUM         53   1123 AM  72    1973  42     11       38
  MINIMUM         46   1204 AM   0    2015  25     21       29
  AVERAGE         50                        34     16       34

PRECIPITATION (IN)
  YESTERDAY        0.61                      0.10   0.51     0.00
  MONTH TO DATE    1.10                      0.56   0.54     0.84
  SINCE MAR 1      1.10                      0.56   0.54     0.84
  SINCE JAN 1      8.96                      5.82   3.14     5.74

SNOWFALL (IN)
  YESTERDAY        0.0                       0.3   -0.3      0.0
  MONTH TO DATE    0.5                       2.0   -1.5      3.0
  SINCE MAR 1      0.5                       2.0   -1.5      3.0
  SINCE JUL 1     22.1                      39.9  -17.8     23.4
  SNOW DEPTH       0

DEGREE DAYS
 HEATING
  YESTERDAY       15                        32    -17       31
  MONTH TO DATE  172                       195    -23      205
  SINCE MAR 1    172                       195    -23      205
  SINCE JUL 1   3842                      4820   -978     3977

 COOLING
  YESTERDAY        0                         0      0        0
  MONTH TO DATE    0                         0      0        0
  SINCE MAR 1      0                         0      0        0
  SINCE JAN 1      0                         0      0        0
..................................................................


WIND (MPH)
  HIGHEST WIND SPEED    28   HIGHEST WIND DIRECTION     S (190)
  HIGHEST GUST SPEED    35   HIGHEST GUST DIRECTION     S (170)
  AVERAGE WIND SPEED    15.2


SKY COVER
  POSSIBLE SUNSHINE  MM
  AVERAGE SKY COVER 1.0


WEATHER CONDITIONS
 THE FOLLOWING WEATHER WAS RECORDED YESTERDAY.
  RAIN
  LIGHT RAIN
  FOG


RELATIVE HUMIDITY (PERCENT)
 HIGHEST   100           100 PM
 LOWEST     45          1200 AM
 AVERAGE    73

..........................................................


THE MANSFIELD OH CLIMATE NORMALS FOR TODAY
                         NORMAL    RECORD    YEAR
 MAXIMUM TEMPERATURE (F)   42        75      1983
 MINIMUM TEMPERATURE (F)   25         3      1986


SUNRISE AND SUNSET
MARCH  7 2017.........SUNRISE   654 AM EST   SUNSET   628 PM EST
MARCH  8 2017.........SUNRISE   653 AM EST   SUNSET   629 PM EST


-  INDICATES NEGATIVE NUMBERS.
R  INDICATES RECORD WAS SET OR TIED.
MM INDICATES DATA IS MISSING.
T  INDICATES TRACE AMOUNT.




$$
