000
CDUS41 KCLE 032118
CLIMFD


CLIMATE REPORT
NATIONAL WEATHER SERVICE CLEVELAND OH
517 PM EDT FRI NOV 3 2017


...................................

...THE MANSFIELD OH CLIMATE SUMMARY FOR NOVEMBER 3 2017...
VALID TODAY AS OF 0500 PM LOCAL TIME.

CLIMATE NORMAL PERIOD 1981 TO 2010
CLIMATE RECORD PERIOD 1916 TO 2017


WEATHER ITEM   OBSERVED TIME   RECORD YEAR NORMAL DEPARTURE LAST
                VALUE   (LST)  VALUE       VALUE  FROM      YEAR
                                                  NORMAL
..................................................................
TEMPERATURE (F)
 TODAY
  MAXIMUM         65   1220 AM  76    2015  55     10       69
  MINIMUM         48    359 PM  14    1991  37     11       45
                                      1951
  AVERAGE         57                        46     11       57

PRECIPITATION (IN)
  TODAY            0.06                      0.12  -0.06     0.04
  MONTH TO DATE    0.72                      0.37   0.35     0.04
  SINCE SEP 1      5.25                      6.63  -1.38     7.22
  SINCE JAN 1     41.83                     37.46   4.37    30.85

SNOWFALL (IN)
  TODAY            0.0                       0.0    0.0      0.0
  MONTH TO DATE    0.1                       0.1    0.0      0.0
  SINCE SEP 1      0.1                       0.6   -0.5      0.0
  SINCE JUL 1      0.1                       0.6   -0.5      0.0
  SNOW DEPTH       0

DEGREE DAYS
 HEATING
  TODAY            8                        19    -11        8
  MONTH TO DATE   37                        56    -19        9
  SINCE SEP 1    400                       599   -199      317
  SINCE JUL 1    414                       624   -210      318

 COOLING
  TODAY            0                         0      0        0
  MONTH TO DATE    0                         0      0        6
  SINCE SEP 1    131                        70     61      180
  SINCE JAN 1    748                       632    116     1084
..................................................................


WIND (MPH)
  HIGHEST WIND SPEED    23   HIGHEST WIND DIRECTION    SW (210)
  HIGHEST GUST SPEED    31   HIGHEST GUST DIRECTION     S (200)


SKY COVER
  POSSIBLE SUNSHINE  MM
  AVERAGE SKY COVER 0.9


WEATHER CONDITIONS
 THE FOLLOWING WEATHER WAS RECORDED TODAY.
  LIGHT RAIN
  FOG


RELATIVE HUMIDITY (PERCENT)
 HIGHEST   100           400 AM
 LOWEST     66           300 PM
 AVERAGE    83

..........................................................


THE MANSFIELD OH CLIMATE NORMALS FOR TOMORROW
                         NORMAL    RECORD    YEAR
 MAXIMUM TEMPERATURE (F)   55        77      2015
 MINIMUM TEMPERATURE (F)   37        12      1991


SUNRISE AND SUNSET
NOVEMBER  3 2017......SUNRISE   803 AM EDT   SUNSET   624 PM EDT
NOVEMBER  4 2017......SUNRISE   804 AM EDT   SUNSET   622 PM EDT


-  INDICATES NEGATIVE NUMBERS.
R  INDICATES RECORD WAS SET OR TIED.
MM INDICATES DATA IS MISSING.
T  INDICATES TRACE AMOUNT.




$$
