000
CDUS41 KCLE 032211
CLIMFD


CLIMATE REPORT
NATIONAL WEATHER SERVICE CLEVELAND OH
511 PM EST SAT FEB 3 2018


...................................

...THE MANSFIELD OH CLIMATE SUMMARY FOR FEBRUARY 3 2018...
VALID TODAY AS OF 0500 PM LOCAL TIME.

CLIMATE NORMAL PERIOD 1981 TO 2010
CLIMATE RECORD PERIOD 1916 TO 2018


WEATHER ITEM   OBSERVED TIME   RECORD YEAR NORMAL DEPARTURE LAST
                VALUE   (LST)  VALUE       VALUE  FROM      YEAR
                                                  NORMAL
..................................................................
TEMPERATURE (F)
 TODAY
  MAXIMUM         31    427 PM  59    2016  34     -3       25
  MINIMUM         12   1244 AM -10    1945  19     -7       15
  AVERAGE         22                        26     -4       20

PRECIPITATION (IN)
  TODAY            T                         0.08  -0.08      T
  MONTH TO DATE    T                         0.25  -0.25      T
  SINCE DEC 1      4.36                      6.41  -2.05     9.05
  SINCE JAN 1      2.51                      3.12  -0.61     5.91

SNOWFALL (IN)
  TODAY            T                         0.5   -0.5       T
  MONTH TO DATE    T                         1.3   -1.3       T
  SINCE DEC 1     21.8                      25.1   -3.3     17.6
  SINCE JUL 1     21.9                      27.8   -5.9     17.8
  SNOW DEPTH       0

DEGREE DAYS
 HEATING
  TODAY           43                        39      4       45
  MONTH TO DATE  132                       117     15      115
  SINCE DEC 1   2533                      2436     97     2217
  SINCE JUL 1   3615                      3717   -102     3094

 COOLING
  TODAY            0                         0      0        0
  MONTH TO DATE    0                         0      0        0
  SINCE DEC 1      0                         0      0        0
  SINCE JAN 1      0                         0      0        0
..................................................................


WIND (MPH)
  HIGHEST WIND SPEED    22   HIGHEST WIND DIRECTION     S (180)
  HIGHEST GUST SPEED    27   HIGHEST GUST DIRECTION     S (190)


SKY COVER
  POSSIBLE SUNSHINE  MM
  AVERAGE SKY COVER 0.8


WEATHER CONDITIONS
 THE FOLLOWING WEATHER WAS RECORDED TODAY.
  LIGHT SNOW


RELATIVE HUMIDITY (PERCENT)
 HIGHEST    70          1200 AM
 LOWEST     43           300 PM
 AVERAGE    57

..........................................................


THE MANSFIELD OH CLIMATE NORMALS FOR TOMORROW
                         NORMAL    RECORD    YEAR
 MAXIMUM TEMPERATURE (F)   34        58      1991
                                             1924
 MINIMUM TEMPERATURE (F)   19        -7      1996


SUNRISE AND SUNSET
FEBRUARY  3 2018......SUNRISE   738 AM EST   SUNSET   550 PM EST
FEBRUARY  4 2018......SUNRISE   737 AM EST   SUNSET   551 PM EST


-  INDICATES NEGATIVE NUMBERS.
R  INDICATES RECORD WAS SET OR TIED.
MM INDICATES DATA IS MISSING.
T  INDICATES TRACE AMOUNT.




$$
