000
CDUS41 KCLE 110545
CLIMFD


CLIMATE REPORT
NATIONAL WEATHER SERVICE CLEVELAND OH
145 AM EDT MON AUG 11 2014


...................................

...THE MANSFIELD OH CLIMATE SUMMARY FOR AUGUST 10 2014...

CLIMATE NORMAL PERIOD 1981 TO 2010
CLIMATE RECORD PERIOD 1916 TO 2014


WEATHER ITEM   OBSERVED TIME   RECORD YEAR NORMAL DEPARTURE LAST
                VALUE   (LST)  VALUE       VALUE  FROM      YEAR
                                                  NORMAL
..................................................................
TEMPERATURE (F)
 YESTERDAY
  MAXIMUM         85    342 PM  95    1944  81      4       82
  MINIMUM         62    655 AM  45    1927  61      1       62
  AVERAGE         74                        71      3       72

PRECIPITATION (IN)
  YESTERDAY        0.00                      0.15  -0.15     0.18
  MONTH TO DATE    0.65                      1.40  -0.75     1.42
  SINCE JUN 1      9.87                     10.53  -0.66    14.59
  SINCE JAN 1     26.20                     27.86  -1.66    28.46

SNOWFALL (IN)
  YESTERDAY        0.0                       0.0    0.0      0.0
  MONTH TO DATE    0.0                       0.0    0.0      0.0
  SINCE JUN 1      0.0                       0.0    0.0      0.0
  SINCE JUL 1      0.0                       0.0    0.0      0.0
  SNOW DEPTH       0

DEGREE DAYS
 HEATING
  YESTERDAY        0                         0      0        0
  MONTH TO DATE    0                         0      0        3
  SINCE JUN 1     41                        61    -20       52
  SINCE JUL 1     17                         8      9       13

 COOLING
  YESTERDAY        9                         6      3        7
  MONTH TO DATE   45                        60    -15       46
  SINCE JUN 1    351                       404    -53      432
  SINCE JAN 1    414                       450    -36      527
..................................................................


WIND (MPH)
  HIGHEST WIND SPEED    13   HIGHEST WIND DIRECTION     E (110)
  HIGHEST GUST SPEED    17   HIGHEST GUST DIRECTION     E (100)
  AVERAGE WIND SPEED     6.9


SKY COVER
  POSSIBLE SUNSHINE  MM
  AVERAGE SKY COVER 0.1


WEATHER CONDITIONS
 THE FOLLOWING WEATHER WAS RECORDED YESTERDAY.
  FOG
  HAZE


RELATIVE HUMIDITY (PERCENT)
 HIGHEST   100           500 AM
 LOWEST     44           300 PM
 AVERAGE    72

..........................................................


THE MANSFIELD OH CLIMATE NORMALS FOR TODAY
                         NORMAL    RECORD    YEAR
 MAXIMUM TEMPERATURE (F)   81        94      1944
 MINIMUM TEMPERATURE (F)   61        46      1967


SUNRISE AND SUNSET
AUGUST 11 2014........SUNRISE   636 AM EDT   SUNSET   834 PM EDT
AUGUST 12 2014........SUNRISE   637 AM EDT   SUNSET   832 PM EDT


-  INDICATES NEGATIVE NUMBERS.
R  INDICATES RECORD WAS SET OR TIED.
MM INDICATES DATA IS MISSING.
T  INDICATES TRACE AMOUNT.




$$
