287
CDUS41 KCLE 130533
CLIMFD


CLIMATE REPORT
NATIONAL WEATHER SERVICE CLEVELAND OH
133 AM EDT WED SEP 13 2017


...................................

...THE MANSFIELD OH CLIMATE SUMMARY FOR SEPTEMBER 12 2017...

CLIMATE NORMAL PERIOD 1981 TO 2010
CLIMATE RECORD PERIOD 1916 TO 2017


WEATHER ITEM   OBSERVED TIME   RECORD YEAR NORMAL DEPARTURE LAST
                VALUE   (LST)  VALUE       VALUE  FROM      YEAR
                                                  NORMAL
..................................................................
TEMPERATURE (F)
 YESTERDAY
  MAXIMUM         75    121 PM  93    1931  75      0       78
  MINIMUM         50    453 AM  34    1958  54     -4       51
                                      1940
  AVERAGE         63                        64     -1       65

PRECIPITATION (IN)
  YESTERDAY        0.00                      0.10  -0.10     0.00
  MONTH TO DATE    1.45                      1.38   0.07     1.65
  SINCE SEP 1      1.45                      1.38   0.07     1.65
  SINCE JAN 1     38.03                     32.21   5.82    25.28

SNOWFALL (IN)
  YESTERDAY        0.0                       0.0    0.0      0.0
  MONTH TO DATE    0.0                       0.0    0.0      0.0
  SINCE SEP 1      0.0                       0.0    0.0      0.0
  SINCE JUL 1      0.0                       0.0    0.0      0.0
  SNOW DEPTH       0

DEGREE DAYS
 HEATING
  YESTERDAY        2                         3     -1        0
  MONTH TO DATE   64                        23     41        0
  SINCE SEP 1     64                        23     41        0
  SINCE JUL 1     78                        48     30        1

 COOLING
  YESTERDAY        0                         2     -2        0
  MONTH TO DATE    6                        38    -32       82
  SINCE SEP 1      6                        38    -32       82
  SINCE JAN 1    623                       600     23      986
..................................................................


WIND (MPH)
  HIGHEST WIND SPEED    12   HIGHEST WIND DIRECTION    SE (130)
  HIGHEST GUST SPEED    15   HIGHEST GUST DIRECTION     E (70)
  AVERAGE WIND SPEED     6.4


SKY COVER
  POSSIBLE SUNSHINE  MM
  AVERAGE SKY COVER 0.2


WEATHER CONDITIONS
 THE FOLLOWING WEATHER WAS RECORDED YESTERDAY.
  HAZE


RELATIVE HUMIDITY (PERCENT)
 HIGHEST    96           700 AM
 LOWEST     46           400 PM
 AVERAGE    71

..........................................................


THE MANSFIELD OH CLIMATE NORMALS FOR TODAY
                         NORMAL    RECORD    YEAR
 MAXIMUM TEMPERATURE (F)   75        91      1939
 MINIMUM TEMPERATURE (F)   54        36      1940


SUNRISE AND SUNSET
SEPTEMBER 13 2017.....SUNRISE   709 AM EDT   SUNSET   742 PM EDT
SEPTEMBER 14 2017.....SUNRISE   710 AM EDT   SUNSET   740 PM EDT


-  INDICATES NEGATIVE NUMBERS.
R  INDICATES RECORD WAS SET OR TIED.
MM INDICATES DATA IS MISSING.
T  INDICATES TRACE AMOUNT.




$$
