000
CDUS41 KCLE 012113
CLIMFD


CLIMATE REPORT
NATIONAL WEATHER SERVICE CLEVELAND OH
512 PM EDT SAT JUL 1 2017


...................................

...THE MANSFIELD OH CLIMATE SUMMARY FOR JULY 1 2017...
VALID TODAY AS OF 0500 PM LOCAL TIME.

CLIMATE NORMAL PERIOD 1981 TO 2010
CLIMATE RECORD PERIOD 1916 TO 2017


WEATHER ITEM   OBSERVED TIME   RECORD YEAR NORMAL DEPARTURE LAST
                VALUE   (LST)  VALUE       VALUE  FROM      YEAR
                                                  NORMAL
..................................................................
TEMPERATURE (F)
 TODAY
  MAXIMUM         81    249 PM  98    1931  82     -1       78
  MINIMUM         64    528 AM  43    1988  61      3       58
                                      1925
  AVERAGE         73                        71      2       68

PRECIPITATION (IN)
  TODAY            0.08                      0.15  -0.07     0.07
  MONTH TO DATE    0.08                      0.15  -0.07     0.07
  SINCE JUN 1      7.67                      4.90   2.77     2.16
  SINCE JAN 1     28.82                     22.23   6.59    18.56

SNOWFALL (IN)
  TODAY            0.0                       0.0    0.0      0.0
  MONTH TO DATE    0.0                       0.0    0.0      0.0
  SINCE JUN 1      0.0                       0.0    0.0      0.0
  SINCE JUL 1      0.0                       0.0    0.0      0.0
  SNOW DEPTH       0

DEGREE DAYS
 HEATING
  TODAY            0                         0      0        0
  MONTH TO DATE    0                         0      0        0
  SINCE JUN 1     33                        53    -20       13
  SINCE JUL 1      0                         0      0        0

 COOLING
  TODAY            8                         7      1        3
  MONTH TO DATE    8                         7      1        3
  SINCE JUN 1    180                       141     39      185
  SINCE JAN 1    237                       187     50      247
..................................................................


WIND (MPH)
  HIGHEST WIND SPEED    17   HIGHEST WIND DIRECTION    SW (230)
  HIGHEST GUST SPEED    24   HIGHEST GUST DIRECTION    SW (230)


SKY COVER
  POSSIBLE SUNSHINE  MM
  AVERAGE SKY COVER 0.7


WEATHER CONDITIONS
 THE FOLLOWING WEATHER WAS RECORDED TODAY.
  LIGHT RAIN
  FOG


RELATIVE HUMIDITY (PERCENT)
 HIGHEST   100          1200 AM
 LOWEST     58           200 PM
 AVERAGE    79

..........................................................


THE MANSFIELD OH CLIMATE NORMALS FOR TOMORROW
                         NORMAL    RECORD    YEAR
 MAXIMUM TEMPERATURE (F)   82        97      1931
 MINIMUM TEMPERATURE (F)   61        44      1957


SUNRISE AND SUNSET
JULY  1 2017..........SUNRISE   602 AM EDT   SUNSET   905 PM EDT
JULY  2 2017..........SUNRISE   603 AM EDT   SUNSET   905 PM EDT


-  INDICATES NEGATIVE NUMBERS.
R  INDICATES RECORD WAS SET OR TIED.
MM INDICATES DATA IS MISSING.
T  INDICATES TRACE AMOUNT.




$$
