723
CDUS41 KCLE 182111
CLIMFD


CLIMATE REPORT
NATIONAL WEATHER SERVICE CLEVELAND OH
510 PM EDT MON APR 18 2016


...................................

...THE MANSFIELD OH CLIMATE SUMMARY FOR APRIL 18 2016...
VALID TODAY AS OF 0500 PM LOCAL TIME.

CLIMATE NORMAL PERIOD 1981 TO 2010
CLIMATE RECORD PERIOD 1916 TO 2016


WEATHER ITEM   OBSERVED TIME   RECORD YEAR NORMAL DEPARTURE LAST
                VALUE   (LST)  VALUE       VALUE  FROM      YEAR
                                                  NORMAL
..................................................................
TEMPERATURE (F)
 TODAY
  MAXIMUM         80    359 PM  82    2013  61     19       77
                                      2002
                                      1976
  MINIMUM         46    445 AM  23    1990  39      7       49
  AVERAGE         63                        50     13       63

PRECIPITATION (IN)
  TODAY            0.00                      0.14  -0.14     0.00
  MONTH TO DATE    1.92                      2.52  -0.60     4.59
  SINCE MAR 1      6.07                      5.91   0.16     7.46
  SINCE JAN 1     10.97                     11.17  -0.20    12.62

SNOWFALL (IN)
  TODAY            0.0                       0.1   -0.1      0.0
  MONTH TO DATE    4.2                       2.2    2.0      0.0
  SINCE MAR 1      7.2                      10.0   -2.8     10.7
  SINCE JUL 1     27.6                      47.9  -20.3     63.2
  SNOW DEPTH       0

DEGREE DAYS
 HEATING
  TODAY            2                        15    -13        2
  MONTH TO DATE  388                       335     53      200
  SINCE MAR 1   1007                      1200   -193     1153
  SINCE JUL 1   4779                      5825  -1046     6225

 COOLING
  TODAY            0                         0      0        0
  MONTH TO DATE    0                         0      0        0
  SINCE MAR 1      0                         1     -1        0
  SINCE JAN 1      0                         1     -1        0
..................................................................


WIND (MPH)
  HIGHEST WIND SPEED    12   HIGHEST WIND DIRECTION     N (360)
  HIGHEST GUST SPEED    14   HIGHEST GUST DIRECTION    NW (320)


SKY COVER
  POSSIBLE SUNSHINE  MM
  AVERAGE SKY COVER 0.0


WEATHER CONDITIONS
 THE FOLLOWING WEATHER WAS RECORDED TODAY.
  NO SIGNIFICANT WEATHER WAS OBSERVED.


RELATIVE HUMIDITY (PERCENT)
 HIGHEST    64           700 AM
 LOWEST     23          1000 AM
 AVERAGE    44

..........................................................


THE MANSFIELD OH CLIMATE NORMALS FOR TOMORROW
                         NORMAL    RECORD    YEAR
 MAXIMUM TEMPERATURE (F)   61        83      2002
 MINIMUM TEMPERATURE (F)   39        24      1926


SUNRISE AND SUNSET
APRIL 18 2016.........SUNRISE   646 AM EDT   SUNSET   813 PM EDT
APRIL 19 2016.........SUNRISE   644 AM EDT   SUNSET   814 PM EDT


-  INDICATES NEGATIVE NUMBERS.
R  INDICATES RECORD WAS SET OR TIED.
MM INDICATES DATA IS MISSING.
T  INDICATES TRACE AMOUNT.




$$
