070
CDUS41 KCLE 060526
CLIMFD


CLIMATE REPORT
NATIONAL WEATHER SERVICE CLEVELAND OH
125 AM EDT FRI OCT 6 2017


...................................

...THE MANSFIELD OH CLIMATE SUMMARY FOR OCTOBER 5 2017...

CLIMATE NORMAL PERIOD 1981 TO 2010
CLIMATE RECORD PERIOD 1916 TO 2017


WEATHER ITEM   OBSERVED TIME   RECORD YEAR NORMAL DEPARTURE LAST
                VALUE   (LST)  VALUE       VALUE  FROM      YEAR
                                                  NORMAL
..................................................................
TEMPERATURE (F)
 YESTERDAY
  MAXIMUM         70    100 AM  86    1922  66      4       78
  MINIMUM         59    658 AM  25    1965  45     14       58
  AVERAGE         65                        55     10       68

PRECIPITATION (IN)
  YESTERDAY        0.11                      0.09   0.02     0.00
  MONTH TO DATE    0.11                      0.48  -0.37     0.17
  SINCE SEP 1      1.71                      3.80  -2.09     3.88
  SINCE JAN 1     38.29                     34.63   3.66    27.51

SNOWFALL (IN)
  YESTERDAY        0.0                       0.0    0.0      0.0
  MONTH TO DATE    0.0                       0.0    0.0      0.0
  SINCE SEP 1      0.0                       0.0    0.0      0.0
  SINCE JUL 1      0.0                       0.0    0.0      0.0
  SNOW DEPTH       0

DEGREE DAYS
 HEATING
  YESTERDAY        0                        10    -10        0
  MONTH TO DATE   17                        48    -31       13
  SINCE SEP 1    107                       173    -66       47
  SINCE JUL 1    121                       198    -77       48

 COOLING
  YESTERDAY        0                         1     -1        3
  MONTH TO DATE    6                         5      1        3
  SINCE SEP 1    118                        68     50      149
  SINCE JAN 1    735                       630    105     1053
..................................................................


WIND (MPH)
  HIGHEST WIND SPEED    13   HIGHEST WIND DIRECTION     N (350)
  HIGHEST GUST SPEED    17   HIGHEST GUST DIRECTION    SW (240)
  AVERAGE WIND SPEED     5.7


SKY COVER
  POSSIBLE SUNSHINE  MM
  AVERAGE SKY COVER 1.0


WEATHER CONDITIONS
 THE FOLLOWING WEATHER WAS RECORDED YESTERDAY.
  LIGHT RAIN
  FOG


RELATIVE HUMIDITY (PERCENT)
 HIGHEST   100           200 AM
 LOWEST     84          1200 AM
 AVERAGE    92

..........................................................


THE MANSFIELD OH CLIMATE NORMALS FOR TODAY
                         NORMAL    RECORD    YEAR
 MAXIMUM TEMPERATURE (F)   65        86      1941
 MINIMUM TEMPERATURE (F)   45        26      1958


SUNRISE AND SUNSET
OCTOBER  6 2017.......SUNRISE   732 AM EDT   SUNSET   703 PM EDT
OCTOBER  7 2017.......SUNRISE   733 AM EDT   SUNSET   702 PM EDT


-  INDICATES NEGATIVE NUMBERS.
R  INDICATES RECORD WAS SET OR TIED.
MM INDICATES DATA IS MISSING.
T  INDICATES TRACE AMOUNT.




$$
