000
CDUS41 KCLE 162222
CLIMFD


CLIMATE REPORT
NATIONAL WEATHER SERVICE CLEVELAND OH
511 PM EST MON FEB 16 2015


...................................

...THE MANSFIELD OH CLIMATE SUMMARY FOR FEBRUARY 16 2015...
VALID TODAY AS OF 0500 PM LOCAL TIME.

CLIMATE NORMAL PERIOD 1981 TO 2010
CLIMATE RECORD PERIOD 1916 TO 2015


WEATHER ITEM   OBSERVED TIME   RECORD YEAR NORMAL DEPARTURE LAST
                VALUE   (LST)  VALUE       VALUE  FROM      YEAR
                                                  NORMAL
..................................................................
TEMPERATURE (F)
 TODAY
  MAXIMUM          6    459 PM  64    1927  36    -30       23
  MINIMUM         -9R  1224 AM  -9    1939  21    -30       10
  AVERAGE         -1                        28    -29       17

PRECIPITATION (IN)
  TODAY            0.00                      0.08  -0.08     0.09
  MONTH TO DATE    1.16                      1.35  -0.19     1.32
  SINCE DEC 1      6.48                      7.51  -1.03     7.52
  SINCE JAN 1      4.62                      4.22   0.40     3.34

SNOWFALL (IN)
  TODAY            0.0                       0.4   -0.4      1.7
  MONTH TO DATE   13.1                       6.4    6.7     12.5
  SINCE DEC 1     38.3                      30.2    8.1     48.5
  SINCE JUL 1     44.2                      32.9   11.3     50.1
  SNOW DEPTH       4

DEGREE DAYS
 HEATING
  TODAY           66                        37     29       48
  MONTH TO DATE  733                       607    126      767
  SINCE DEC 1   3016                      2926     90     3257
  SINCE JUL 1   4404                      4207    197     4589

 COOLING
  TODAY            0                         0      0        0
  MONTH TO DATE    0                         0      0        0
  SINCE DEC 1      0                         0      0        0
  SINCE JAN 1      0                         0      0        0
..................................................................


WIND (MPH)
  HIGHEST WIND SPEED    14   HIGHEST WIND DIRECTION     E (110)
  HIGHEST GUST SPEED    17   HIGHEST GUST DIRECTION     E (110)


SKY COVER
  POSSIBLE SUNSHINE  MM
  AVERAGE SKY COVER 0.3


WEATHER CONDITIONS
 THE FOLLOWING WEATHER WAS RECORDED TODAY.
  NO SIGNIFICANT WEATHER WAS OBSERVED.


RELATIVE HUMIDITY (PERCENT)
 HIGHEST    91           400 AM
 LOWEST     60           200 PM
 AVERAGE    76

..........................................................


THE MANSFIELD OH CLIMATE NORMALS FOR TOMORROW
                         NORMAL    RECORD    YEAR
 MAXIMUM TEMPERATURE (F)   37        57      2011
                                             2006
                                             1961
 MINIMUM TEMPERATURE (F)   21       -11      1979


SUNRISE AND SUNSET
FEBRUARY 16 2015......SUNRISE   723 AM EST   SUNSET   606 PM EST
FEBRUARY 17 2015......SUNRISE   722 AM EST   SUNSET   607 PM EST


-  INDICATES NEGATIVE NUMBERS.
R  INDICATES RECORD WAS SET OR TIED.
MM INDICATES DATA IS MISSING.
T  INDICATES TRACE AMOUNT.




$$
