490
CDUS41 KCLE 140609
CLIMFD


CLIMATE REPORT
NATIONAL WEATHER SERVICE CLEVELAND OH
158 AM EDT SUN MAY 14 2017


...................................

...THE MANSFIELD OH CLIMATE SUMMARY FOR MAY 13 2017...

CLIMATE NORMAL PERIOD 1981 TO 2010
CLIMATE RECORD PERIOD 1916 TO 2017


WEATHER ITEM   OBSERVED TIME   RECORD YEAR NORMAL DEPARTURE LAST
                VALUE   (LST)  VALUE       VALUE  FROM      YEAR
                                                  NORMAL
..................................................................
TEMPERATURE (F)
 YESTERDAY
  MAXIMUM         70    439 PM  86    1991  69      1       66
  MINIMUM         39    500 AM  28    1946  47     -8       51
  AVERAGE         55                        58     -3       59

PRECIPITATION (IN)
  YESTERDAY        0.00                      0.15  -0.15     0.01
  MONTH TO DATE    2.90                      1.76   1.14     2.45
  SINCE MAR 1     10.66                      9.29   1.37    10.12
  SINCE JAN 1     18.52                     14.55   3.97    15.02

SNOWFALL (IN)
  YESTERDAY        0.0                       0.0    0.0      0.0
  MONTH TO DATE    0.0                       0.0    0.0      0.0
  SINCE MAR 1     15.0                      10.4    4.6      7.2
  SINCE JUL 1     36.6                      48.3  -11.7     27.6
  SNOW DEPTH       0

DEGREE DAYS
 HEATING
  YESTERDAY       10                         8      2        6
  MONTH TO DATE  180                       124     56      125
  SINCE MAR 1   1285                      1484   -199     1276
  SINCE JUL 1   4955                      6109  -1154     5048

 COOLING
  YESTERDAY        0                         1     -1        0
  MONTH TO DATE    0                         8     -8        3
  SINCE MAR 1     18                        16      2        3
  SINCE JAN 1     18                        16      2        3
..................................................................


WIND (MPH)
  HIGHEST WIND SPEED    14   HIGHEST WIND DIRECTION     W (260)
  HIGHEST GUST SPEED    17   HIGHEST GUST DIRECTION    NW (320)
  AVERAGE WIND SPEED     5.2


SKY COVER
  POSSIBLE SUNSHINE  MM
  AVERAGE SKY COVER 0.4


WEATHER CONDITIONS
 THE FOLLOWING WEATHER WAS RECORDED YESTERDAY.
  LIGHT RAIN
  FOG
  FOG W/VISIBILITY <= 1/4 MILE


RELATIVE HUMIDITY (PERCENT)
 HIGHEST   100           400 AM
 LOWEST     40           500 PM
 AVERAGE    70

..........................................................


THE MANSFIELD OH CLIMATE NORMALS FOR TODAY
                         NORMAL    RECORD    YEAR
 MAXIMUM TEMPERATURE (F)   69        89      1962
 MINIMUM TEMPERATURE (F)   48        31      1996


SUNRISE AND SUNSET
MAY 14 2017...........SUNRISE   613 AM EDT   SUNSET   840 PM EDT
MAY 15 2017...........SUNRISE   613 AM EDT   SUNSET   841 PM EDT


-  INDICATES NEGATIVE NUMBERS.
R  INDICATES RECORD WAS SET OR TIED.
MM INDICATES DATA IS MISSING.
T  INDICATES TRACE AMOUNT.




$$
