000
CDUS41 KCLE 242216
CLIMFD


CLIMATE REPORT
NATIONAL WEATHER SERVICE CLEVELAND OH
515 PM EST SAT DEC 24 2016


...................................

...THE MANSFIELD OH CLIMATE SUMMARY FOR DECEMBER 24 2016...
VALID TODAY AS OF 0500 PM LOCAL TIME.

CLIMATE NORMAL PERIOD 1981 TO 2010
CLIMATE RECORD PERIOD 1916 TO 2016


WEATHER ITEM   OBSERVED TIME   RECORD YEAR NORMAL DEPARTURE LAST
                VALUE   (LST)  VALUE       VALUE  FROM      YEAR
                                                  NORMAL
..................................................................
TEMPERATURE (F)
 TODAY
  MAXIMUM         41    726 AM  62    1964  34      7       58
  MINIMUM         36    459 PM -14    1983  21     15       39
  AVERAGE         39                        27     12       49

PRECIPITATION (IN)
  TODAY            0.07                      0.11  -0.04     0.00
  MONTH TO DATE    2.53                      2.57  -0.04     1.57
  SINCE DEC 1      2.53                      2.57  -0.04     1.57
  SINCE JAN 1     34.63                     43.47  -8.84    36.92

SNOWFALL (IN)
  TODAY            0.0                       0.4   -0.4      0.0
  MONTH TO DATE   10.3                       7.6    2.7       T
  SINCE DEC 1     10.3                       7.6    2.7       T
  SINCE JUL 1     10.5                      10.3    0.2       T
  SNOW DEPTH       T

DEGREE DAYS
 HEATING
  TODAY           26                        38    -12       16
  MONTH TO DATE  909                       828     81      519
  SINCE DEC 1    909                       828     81      519
  SINCE JUL 1   1786                      2109   -323     1459

 COOLING
  TODAY            0                         0      0        0
  MONTH TO DATE    0                         0      0        0
  SINCE DEC 1      0                         0      0        0
  SINCE JAN 1   1084                       632    452      778
..................................................................


WIND (MPH)
  HIGHEST WIND SPEED    22   HIGHEST WIND DIRECTION     S (200)
  HIGHEST GUST SPEED    29   HIGHEST GUST DIRECTION     S (190)


SKY COVER
  POSSIBLE SUNSHINE  MM
  AVERAGE SKY COVER 1.0


WEATHER CONDITIONS
 THE FOLLOWING WEATHER WAS RECORDED TODAY.
  LIGHT RAIN
  FOG


RELATIVE HUMIDITY (PERCENT)
 HIGHEST   100           400 AM
 LOWEST     76          1200 AM
 AVERAGE    88

..........................................................


THE MANSFIELD OH CLIMATE NORMALS FOR TOMORROW
                         NORMAL    RECORD    YEAR
 MAXIMUM TEMPERATURE (F)   34        62      1982
 MINIMUM TEMPERATURE (F)   20       -15      2004


SUNRISE AND SUNSET
DECEMBER 24 2016......SUNRISE   752 AM EST   SUNSET   507 PM EST
DECEMBER 25 2016......SUNRISE   753 AM EST   SUNSET   508 PM EST


-  INDICATES NEGATIVE NUMBERS.
R  INDICATES RECORD WAS SET OR TIED.
MM INDICATES DATA IS MISSING.
T  INDICATES TRACE AMOUNT.




$$
