000
CDUS41 KCLE 312110
CLIMFD


CLIMATE REPORT
NATIONAL WEATHER SERVICE CLEVELAND OH
510 PM EDT MON JUL 31 2017


...................................

...THE MANSFIELD OH CLIMATE SUMMARY FOR JULY 31 2017...
VALID TODAY AS OF 0500 PM LOCAL TIME.

CLIMATE NORMAL PERIOD 1981 TO 2010
CLIMATE RECORD PERIOD 1916 TO 2017


WEATHER ITEM   OBSERVED TIME   RECORD YEAR NORMAL DEPARTURE LAST
                VALUE   (LST)  VALUE       VALUE  FROM      YEAR
                                                  NORMAL
..................................................................
TEMPERATURE (F)
 TODAY
  MAXIMUM         84    351 PM  96    1933  81      3       88
  MINIMUM         59    522 AM  45    1936  61     -2       64
  AVERAGE         72                        71      1       76

PRECIPITATION (IN)
  TODAY            0.00                      0.13  -0.13      T
  MONTH TO DATE    5.02                      4.38   0.64     1.75
  SINCE JUN 1     12.61                      9.13   3.48     3.84
  SINCE JAN 1     33.76                     26.46   7.30    20.24

SNOWFALL (IN)
  TODAY            0.0                       0.0    0.0      0.0
  MONTH TO DATE    0.0                       0.0    0.0      0.0
  SINCE JUN 1      0.0                       0.0    0.0      0.0
  SINCE JUL 1      0.0                       0.0    0.0      0.0
  SNOW DEPTH       0

DEGREE DAYS
 HEATING
  TODAY            0                         0      0        0
  MONTH TO DATE    0                         0      0        1
  SINCE JUN 1     33                        61    -28       14
  SINCE JUL 1      0                         8     -8        1

 COOLING
  TODAY            7                         6      1       11
  MONTH TO DATE  243                       210     33      318
  SINCE JUN 1    415                       344     71      500
  SINCE JAN 1    472                       390     82      562
..................................................................


WIND (MPH)
  HIGHEST WIND SPEED    12   HIGHEST WIND DIRECTION    NW (330)
  HIGHEST GUST SPEED    14   HIGHEST GUST DIRECTION     N (350)


SKY COVER
  POSSIBLE SUNSHINE  MM
  AVERAGE SKY COVER 0.1


WEATHER CONDITIONS
 THE FOLLOWING WEATHER WAS RECORDED TODAY.
  NO SIGNIFICANT WEATHER WAS OBSERVED.


RELATIVE HUMIDITY (PERCENT)
 HIGHEST    93           200 AM
 LOWEST     40           100 PM
 AVERAGE    67

..........................................................


THE MANSFIELD OH CLIMATE NORMALS FOR TOMORROW
                         NORMAL    RECORD    YEAR
 MAXIMUM TEMPERATURE (F)   81        94      1935
                                             1933
 MINIMUM TEMPERATURE (F)   61        41      1947


SUNRISE AND SUNSET
JULY 31 2017..........SUNRISE   626 AM EDT   SUNSET   846 PM EDT
AUGUST  1 2017........SUNRISE   627 AM EDT   SUNSET   845 PM EDT


-  INDICATES NEGATIVE NUMBERS.
R  INDICATES RECORD WAS SET OR TIED.
MM INDICATES DATA IS MISSING.
T  INDICATES TRACE AMOUNT.




$$
