000
CDUS41 KCLE 050531
CLIMFD


CLIMATE REPORT
NATIONAL WEATHER SERVICE CLEVELAND OH
1229 AM EST SUN MAR 5 2017


...................................

...THE MANSFIELD OH CLIMATE SUMMARY FOR MARCH 4 2017...

CLIMATE NORMAL PERIOD 1981 TO 2010
CLIMATE RECORD PERIOD 1916 TO 2017


WEATHER ITEM   OBSERVED TIME   RECORD YEAR NORMAL DEPARTURE LAST
                VALUE   (LST)  VALUE       VALUE  FROM      YEAR
                                                  NORMAL
..................................................................
TEMPERATURE (F)
 YESTERDAY
  MAXIMUM         33    423 PM  75    1992  41     -8       32
                                      1983
  MINIMUM         16    650 AM   1    2014  24     -8       28
  AVERAGE         25                        33     -8       30

PRECIPITATION (IN)
  YESTERDAY        0.00                      0.10  -0.10     0.16
  MONTH TO DATE    0.49                      0.37   0.12     0.76
  SINCE MAR 1      0.49                      0.37   0.12     0.76
  SINCE JAN 1      8.35                      5.63   2.72     5.66

SNOWFALL (IN)
  YESTERDAY        0.0                       0.3   -0.3      1.6
  MONTH TO DATE    0.5                       1.3   -0.8      2.2
  SINCE MAR 1      0.5                       1.3   -0.8      2.2
  SINCE JUL 1     22.1                      39.2  -17.1     22.6
  SNOW DEPTH       0

DEGREE DAYS
 HEATING
  YESTERDAY       40                        32      8       35
  MONTH TO DATE  129                       131     -2      142
  SINCE MAR 1    129                       131     -2      142
  SINCE JUL 1   3799                      4756   -957     3914

 COOLING
  YESTERDAY        0                         0      0        0
  MONTH TO DATE    0                         0      0        0
  SINCE MAR 1      0                         0      0        0
  SINCE JAN 1      0                         0      0        0
..................................................................


WIND (MPH)
  HIGHEST WIND SPEED    10   HIGHEST WIND DIRECTION    NE (50)
  HIGHEST GUST SPEED    14   HIGHEST GUST DIRECTION    NW (310)
  AVERAGE WIND SPEED     4.8


SKY COVER
  POSSIBLE SUNSHINE  MM
  AVERAGE SKY COVER 0.2


WEATHER CONDITIONS
 THE FOLLOWING WEATHER WAS RECORDED YESTERDAY.
  NO SIGNIFICANT WEATHER WAS OBSERVED.


RELATIVE HUMIDITY (PERCENT)
 HIGHEST    74           700 AM
 LOWEST     43           500 PM
 AVERAGE    59

..........................................................


THE MANSFIELD OH CLIMATE NORMALS FOR TODAY
                         NORMAL    RECORD    YEAR
 MAXIMUM TEMPERATURE (F)   42        76      1983
 MINIMUM TEMPERATURE (F)   25        -1      1978


SUNRISE AND SUNSET
MARCH  5 2017.........SUNRISE   657 AM EST   SUNSET   626 PM EST
MARCH  6 2017.........SUNRISE   656 AM EST   SUNSET   627 PM EST


-  INDICATES NEGATIVE NUMBERS.
R  INDICATES RECORD WAS SET OR TIED.
MM INDICATES DATA IS MISSING.
T  INDICATES TRACE AMOUNT.




$$
