000
CDUS41 KCLE 142217
CLIMFD


CLIMATE REPORT
NATIONAL WEATHER SERVICE CLEVELAND OH
517 PM EST FRI NOV 14 2014


...................................

...THE MANSFIELD OH CLIMATE SUMMARY FOR NOVEMBER 14 2014...
VALID TODAY AS OF 0500 PM LOCAL TIME.

CLIMATE NORMAL PERIOD 1981 TO 2010
CLIMATE RECORD PERIOD 1916 TO 2014


WEATHER ITEM   OBSERVED TIME   RECORD YEAR NORMAL DEPARTURE LAST
                VALUE   (LST)  VALUE       VALUE  FROM      YEAR
                                                  NORMAL
..................................................................
TEMPERATURE (F)
 TODAY
  MAXIMUM         33    219 PM  71    1971  50    -17       49
  MINIMUM         19    656 AM  11    1986  34    -15       30
  AVERAGE         26                        42    -16       40

PRECIPITATION (IN)
  TODAY            T                         0.13  -0.13     0.00
  MONTH TO DATE    0.76                      1.74  -0.98     1.13
  SINCE SEP 1      4.06                      8.00  -3.94     8.80
  SINCE JAN 1     33.28                     38.83  -5.55    37.72

SNOWFALL (IN)
  TODAY            T                         0.0    0.0      0.0
  MONTH TO DATE    0.2                       0.6   -0.4      0.5
  SINCE SEP 1      0.2                       1.1   -0.9      0.5
  SINCE JUL 1      0.2                       1.1   -0.9      0.5
  SNOW DEPTH       0

DEGREE DAYS
 HEATING
  TODAY           39                        23     16       25
  MONTH TO DATE  330                       288     42      326
  SINCE SEP 1    828                       831     -3      814
  SINCE JUL 1    855                       856     -1      842

 COOLING
  TODAY            0                         0      0        0
  MONTH TO DATE    0                         0      0        0
  SINCE SEP 1     69                        70     -1       99
  SINCE JAN 1    623                       632     -9      741
..................................................................


WIND (MPH)
  HIGHEST WIND SPEED    14   HIGHEST WIND DIRECTION     W (270)
  HIGHEST GUST SPEED    18   HIGHEST GUST DIRECTION    SW (240)


SKY COVER
  POSSIBLE SUNSHINE  MM
  AVERAGE SKY COVER 0.6


WEATHER CONDITIONS
 THE FOLLOWING WEATHER WAS RECORDED TODAY.
  NO SIGNIFICANT WEATHER WAS OBSERVED.


RELATIVE HUMIDITY (PERCENT)
 HIGHEST    92           900 AM
 LOWEST     58           200 PM
 AVERAGE    75

..........................................................


THE MANSFIELD OH CLIMATE NORMALS FOR TOMORROW
                         NORMAL    RECORD    YEAR
 MAXIMUM TEMPERATURE (F)   50        71      1971
 MINIMUM TEMPERATURE (F)   34        12      1933


SUNRISE AND SUNSET
NOVEMBER 14 2014......SUNRISE   716 AM EST   SUNSET   513 PM EST
NOVEMBER 15 2014......SUNRISE   717 AM EST   SUNSET   512 PM EST


-  INDICATES NEGATIVE NUMBERS.
R  INDICATES RECORD WAS SET OR TIED.
MM INDICATES DATA IS MISSING.
T  INDICATES TRACE AMOUNT.




$$
