000
CDUS41 KCLE 040525
CLIMFD


CLIMATE REPORT
NATIONAL WEATHER SERVICE CLEVELAND OH
125 AM EDT SUN JUN 4 2017


...................................

...THE MANSFIELD OH CLIMATE SUMMARY FOR JUNE 3 2017...

CLIMATE NORMAL PERIOD 1981 TO 2010
CLIMATE RECORD PERIOD 1916 TO 2017


WEATHER ITEM   OBSERVED TIME   RECORD YEAR NORMAL DEPARTURE LAST
                VALUE   (LST)  VALUE       VALUE  FROM      YEAR
                                                  NORMAL
..................................................................
TEMPERATURE (F)
 YESTERDAY
  MAXIMUM         83    439 PM  95    1934  75      8       83
  MINIMUM         52    540 AM  38    1929  54     -2       61
                                      1928
  AVERAGE         68                        64      4       72

PRECIPITATION (IN)
  YESTERDAY        0.00                      0.17  -0.17     0.00
  MONTH TO DATE    0.00                      0.50  -0.50     0.17
  SINCE JUN 1      0.00                      0.50  -0.50     0.17
  SINCE JAN 1     21.15                     17.83   3.32    16.57

SNOWFALL (IN)
  YESTERDAY        0.0                       0.0    0.0      0.0
  MONTH TO DATE    0.0                       0.0    0.0      0.0
  SINCE JUN 1      0.0                       0.0    0.0      0.0
  SINCE JUL 1     36.6                      48.3  -11.7     27.6
  SNOW DEPTH       0

DEGREE DAYS
 HEATING
  YESTERDAY        0                         4     -4        0
  MONTH TO DATE    3                        12     -9        0
  SINCE JUN 1      3                        12     -9        0
  SINCE JUL 1   4999                      6229  -1230     5162

 COOLING
  YESTERDAY        3                         3      0        7
  MONTH TO DATE    3                         9     -6       23
  SINCE JUN 1      3                         9     -6       23
  SINCE JAN 1     60                        55      5       85
..................................................................


WIND (MPH)
  HIGHEST WIND SPEED    10   HIGHEST WIND DIRECTION    NW (330)
  HIGHEST GUST SPEED    15   HIGHEST GUST DIRECTION    NW (330)
  AVERAGE WIND SPEED     5.1


SKY COVER
  POSSIBLE SUNSHINE  MM
  AVERAGE SKY COVER 0.1


WEATHER CONDITIONS
 THE FOLLOWING WEATHER WAS RECORDED YESTERDAY.
  NO SIGNIFICANT WEATHER WAS OBSERVED.


RELATIVE HUMIDITY (PERCENT)
 HIGHEST    77           600 AM
 LOWEST     28           300 PM
 AVERAGE    53

..........................................................


THE MANSFIELD OH CLIMATE NORMALS FOR TODAY
                         NORMAL    RECORD    YEAR
 MAXIMUM TEMPERATURE (F)   75        97      1934
                                             1925
 MINIMUM TEMPERATURE (F)   54        36      1946


SUNRISE AND SUNSET
JUNE  4 2017..........SUNRISE   600 AM EDT   SUNSET   858 PM EDT
JUNE  5 2017..........SUNRISE   559 AM EDT   SUNSET   858 PM EDT


-  INDICATES NEGATIVE NUMBERS.
R  INDICATES RECORD WAS SET OR TIED.
MM INDICATES DATA IS MISSING.
T  INDICATES TRACE AMOUNT.




$$
