000
CDUS41 KCLE 042113
CLIMFD


CLIMATE REPORT
NATIONAL WEATHER SERVICE CLEVELAND OH
511 PM EDT TUE APR 4 2017


...................................

...THE MANSFIELD OH CLIMATE SUMMARY FOR APRIL 4 2017...
VALID TODAY AS OF 0500 PM LOCAL TIME.

CLIMATE NORMAL PERIOD 1981 TO 2010
CLIMATE RECORD PERIOD 1916 TO 2017


WEATHER ITEM   OBSERVED TIME   RECORD YEAR NORMAL DEPARTURE LAST
                VALUE   (LST)  VALUE       VALUE  FROM      YEAR
                                                  NORMAL
..................................................................
TEMPERATURE (F)
 TODAY
  MAXIMUM         59   1208 PM  79    1921  55      4       54
  MINIMUM         53   1035 AM  17    1995  34     19       24
                                      1964
  AVERAGE         56                        44     12       39

PRECIPITATION (IN)
  TODAY            0.14                      0.13   0.01     0.01
  MONTH TO DATE    0.55                      0.54   0.01     0.22
  SINCE MAR 1      4.31                      3.93   0.38     4.37
  SINCE JAN 1     12.17                      9.19   2.98     9.27

SNOWFALL (IN)
  TODAY            0.0                       0.1   -0.1       T
  MONTH TO DATE    0.0                       0.6   -0.6      0.5
  SINCE MAR 1     10.7                       8.4    2.3      3.5
  SINCE JUL 1     32.3                      46.3  -14.0     23.9
  SNOW DEPTH       0

DEGREE DAYS
 HEATING
  TODAY            9                        21    -12       26
  MONTH TO DATE   60                        86    -26       98
  SINCE MAR 1    882                       951    -69      717
  SINCE JUL 1   4552                      5576  -1024     4489

 COOLING
  TODAY            0                         0      0        0
  MONTH TO DATE    0                         0      0        0
  SINCE MAR 1      0                         1     -1        0
  SINCE JAN 1      0                         1     -1        0
..................................................................


WIND (MPH)
  HIGHEST WIND SPEED    26   HIGHEST WIND DIRECTION     W (260)
  HIGHEST GUST SPEED    39   HIGHEST GUST DIRECTION    SW (240)


SKY COVER
  POSSIBLE SUNSHINE  MM
  AVERAGE SKY COVER 1.0


WEATHER CONDITIONS
 THE FOLLOWING WEATHER WAS RECORDED TODAY.
  HEAVY RAIN
  LIGHT RAIN
  FOG


RELATIVE HUMIDITY (PERCENT)
 HIGHEST   100          1200 AM
 LOWEST     66           400 PM
 AVERAGE    83

..........................................................


THE MANSFIELD OH CLIMATE NORMALS FOR TOMORROW
                         NORMAL    RECORD    YEAR
 MAXIMUM TEMPERATURE (F)   55        79      1988
                                             1929
                                             1921
 MINIMUM TEMPERATURE (F)   35        13      1995


SUNRISE AND SUNSET
APRIL  4 2017.........SUNRISE   708 AM EDT   SUNSET   758 PM EDT
APRIL  5 2017.........SUNRISE   707 AM EDT   SUNSET   759 PM EDT


-  INDICATES NEGATIVE NUMBERS.
R  INDICATES RECORD WAS SET OR TIED.
MM INDICATES DATA IS MISSING.
T  INDICATES TRACE AMOUNT.




$$
