000
CDUS41 KCLE 152113
CLIMFD


CLIMATE REPORT
NATIONAL WEATHER SERVICE CLEVELAND OH
512 PM EDT SUN MAR 15 2015


...................................

...THE MANSFIELD OH CLIMATE SUMMARY FOR MARCH 15 2015...
VALID TODAY AS OF 0500 PM LOCAL TIME.

CLIMATE NORMAL PERIOD 1981 TO 2010
CLIMATE RECORD PERIOD 1916 TO 2015


WEATHER ITEM   OBSERVED TIME   RECORD YEAR NORMAL DEPARTURE LAST
                VALUE   (LST)  VALUE       VALUE  FROM      YEAR
                                                  NORMAL
..................................................................
TEMPERATURE (F)
 TODAY
  MAXIMUM         50    359 PM  78    1990  46      4       45
  MINIMUM         34    849 AM  -1    1993  28      6       29
  AVERAGE         42                        37      5       37

PRECIPITATION (IN)
  TODAY            0.00                      0.11  -0.11     0.00
  MONTH TO DATE    1.80                      1.47   0.33     1.00
  SINCE MAR 1      1.80                      1.47   0.33     1.00
  SINCE JAN 1      6.96                      6.73   0.23     5.33

SNOWFALL (IN)
  TODAY            0.0                       0.3   -0.3      0.0
  MONTH TO DATE    5.5                       4.7    0.8      6.3
  SINCE MAR 1      5.5                       4.7    0.8      6.3
  SINCE JUL 1     58.0                      42.6   15.4     60.2
  SNOW DEPTH       0

DEGREE DAYS
 HEATING
  TODAY           23                        28     -5       28
  MONTH TO DATE  500                       463     37      527
  SINCE MAR 1    500                       463     37      527
  SINCE JUL 1   5572                      5088    484     5571

 COOLING
  TODAY            0                         0      0        0
  MONTH TO DATE    0                         0      0        0
  SINCE MAR 1      0                         0      0        0
  SINCE JAN 1      0                         0      0        0
..................................................................


WIND (MPH)
  HIGHEST WIND SPEED    14   HIGHEST WIND DIRECTION    NW (300)
  HIGHEST GUST SPEED    21   HIGHEST GUST DIRECTION     W (280)


SKY COVER
  POSSIBLE SUNSHINE  MM
  AVERAGE SKY COVER 0.7


WEATHER CONDITIONS
 THE FOLLOWING WEATHER WAS RECORDED TODAY.
  NO SIGNIFICANT WEATHER WAS OBSERVED.


RELATIVE HUMIDITY (PERCENT)
 HIGHEST    82           100 AM
 LOWEST     61           300 PM
 AVERAGE    72

..........................................................


THE MANSFIELD OH CLIMATE NORMALS FOR TOMORROW
                         NORMAL    RECORD    YEAR
 MAXIMUM TEMPERATURE (F)   46        75      1945
 MINIMUM TEMPERATURE (F)   28         8      1992


SUNRISE AND SUNSET
MARCH 15 2015.........SUNRISE   742 AM EDT   SUNSET   737 PM EDT
MARCH 16 2015.........SUNRISE   740 AM EDT   SUNSET   738 PM EDT


-  INDICATES NEGATIVE NUMBERS.
R  INDICATES RECORD WAS SET OR TIED.
MM INDICATES DATA IS MISSING.
T  INDICATES TRACE AMOUNT.




$$
