000
CDUS41 KCLE 082111
CLIMFD


CLIMATE REPORT
NATIONAL WEATHER SERVICE CLEVELAND OH
510 PM EDT FRI AUG 8 2014


...................................

...THE MANSFIELD OH CLIMATE SUMMARY FOR AUGUST 8 2014...
VALID TODAY AS OF 0500 PM LOCAL TIME.

CLIMATE NORMAL PERIOD 1981 TO 2010
CLIMATE RECORD PERIOD 1916 TO 2014


WEATHER ITEM   OBSERVED TIME   RECORD YEAR NORMAL DEPARTURE LAST
                VALUE   (LST)  VALUE       VALUE  FROM      YEAR
                                                  NORMAL
..................................................................
TEMPERATURE (F)
 TODAY
  MAXIMUM         79    319 PM  94    1941  81     -2       79
                                      1934
                                      1931
  MINIMUM         55    606 AM  46    1989  61     -6       69
                                      1957
  AVERAGE         67                        71     -4       74

PRECIPITATION (IN)
  TODAY            0.00                      0.15  -0.15     0.55
  MONTH TO DATE    0.65                      1.11  -0.46     1.24
  SINCE JUN 1      9.87                     10.24  -0.37    14.41
  SINCE JAN 1     26.20                     27.57  -1.37    28.28

SNOWFALL (IN)
  TODAY            0.0                       0.0    0.0      0.0
  MONTH TO DATE    0.0                       0.0    0.0      0.0
  SINCE JUN 1      0.0                       0.0    0.0      0.0
  SINCE JUL 1      0.0                       0.0    0.0      0.0
  SNOW DEPTH       0

DEGREE DAYS
 HEATING
  TODAY            0                         0      0        0
  MONTH TO DATE    0                         0      0        3
  SINCE JUN 1     41                        61    -20       52
  SINCE JUL 1     17                         8      9       13

 COOLING
  TODAY            2                         6     -4        9
  MONTH TO DATE   31                        48    -17       33
  SINCE JUN 1    337                       392    -55      419
  SINCE JAN 1    400                       438    -38      514
..................................................................


WIND (MPH)
  HIGHEST WIND SPEED    14   HIGHEST WIND DIRECTION    NE (60)
  HIGHEST GUST SPEED    18   HIGHEST GUST DIRECTION    SE (120)


SKY COVER
  POSSIBLE SUNSHINE  MM
  AVERAGE SKY COVER 0.0


WEATHER CONDITIONS
 THE FOLLOWING WEATHER WAS RECORDED TODAY.
  NO SIGNIFICANT WEATHER WAS OBSERVED.


RELATIVE HUMIDITY (PERCENT)
 HIGHEST    93           600 AM
 LOWEST     39           300 PM
 AVERAGE    66

..........................................................


THE MANSFIELD OH CLIMATE NORMALS FOR TOMORROW
                         NORMAL    RECORD    YEAR
 MAXIMUM TEMPERATURE (F)   81        99      1934
 MINIMUM TEMPERATURE (F)   61        44      1945


SUNRISE AND SUNSET
AUGUST  8 2014........SUNRISE   633 AM EDT   SUNSET   837 PM EDT
AUGUST  9 2014........SUNRISE   634 AM EDT   SUNSET   836 PM EDT


-  INDICATES NEGATIVE NUMBERS.
R  INDICATES RECORD WAS SET OR TIED.
MM INDICATES DATA IS MISSING.
T  INDICATES TRACE AMOUNT.




$$
