000
CDUS41 KCLE 100532
CLIMFD


CLIMATE REPORT
NATIONAL WEATHER SERVICE CLEVELAND OH
1227 AM EST WED DEC 10 2014


...................................

...THE MANSFIELD OH CLIMATE SUMMARY FOR DECEMBER 9 2014...

CLIMATE NORMAL PERIOD 1981 TO 2010
CLIMATE RECORD PERIOD 1916 TO 2014


WEATHER ITEM   OBSERVED TIME   RECORD YEAR NORMAL DEPARTURE LAST
                VALUE   (LST)  VALUE       VALUE  FROM      YEAR
                                                  NORMAL
..................................................................
TEMPERATURE (F)
 YESTERDAY
  MAXIMUM         40    123 PM  60    1952  38      2       33
                                      1946
  MINIMUM         33   1159 PM  -9    1917  25      8       22
  AVERAGE         37                        32      5       28

PRECIPITATION (IN)
  YESTERDAY        0.00                      0.12  -0.12      T
  MONTH TO DATE    0.98                      1.00  -0.02     0.37
  SINCE DEC 1      0.98                      1.00  -0.02     0.37
  SINCE JAN 1     35.64                     41.90  -6.26    39.21

SNOWFALL (IN)
  YESTERDAY        0.0                       0.3   -0.3       T
  MONTH TO DATE    T                         2.3   -2.3      4.5
  SINCE DEC 1      T                         2.3   -2.3      4.5
  SINCE JUL 1      5.9                       5.0    0.9      6.1
  SNOW DEPTH       0

DEGREE DAYS
 HEATING
  YESTERDAY       28                        34     -6       37
  MONTH TO DATE  276                       288    -12      273
  SINCE DEC 1    276                       288    -12      273
  SINCE JUL 1   1664                      1569     95     1605

 COOLING
  YESTERDAY        0                         0      0        0
  MONTH TO DATE    0                         0      0        0
  SINCE DEC 1      0                         0      0        0
  SINCE JAN 1    623                       632     -9      741
..................................................................


WIND (MPH)
  HIGHEST WIND SPEED    18   HIGHEST WIND DIRECTION     N (340)
  HIGHEST GUST SPEED    24   HIGHEST GUST DIRECTION     N (340)
  AVERAGE WIND SPEED     9.5


SKY COVER
  POSSIBLE SUNSHINE  MM
  AVERAGE SKY COVER 1.0


WEATHER CONDITIONS
 THE FOLLOWING WEATHER WAS RECORDED YESTERDAY.
  FOG
  FOG W/VISIBILITY <= 1/4 MILE


RELATIVE HUMIDITY (PERCENT)
 HIGHEST   100           900 AM
 LOWEST     70          1200 AM
 AVERAGE    85

..........................................................


THE MANSFIELD OH CLIMATE NORMALS FOR TODAY
                         NORMAL    RECORD    YEAR
 MAXIMUM TEMPERATURE (F)   38        68      1971
 MINIMUM TEMPERATURE (F)   24       -17      1958


SUNRISE AND SUNSET
DECEMBER 10 2014......SUNRISE   743 AM EST   SUNSET   502 PM EST
DECEMBER 11 2014......SUNRISE   744 AM EST   SUNSET   502 PM EST


-  INDICATES NEGATIVE NUMBERS.
R  INDICATES RECORD WAS SET OR TIED.
MM INDICATES DATA IS MISSING.
T  INDICATES TRACE AMOUNT.




$$
