000
CDUS41 KCLE 122226
CLIMFD


CLIMATE REPORT
NATIONAL WEATHER SERVICE CLEVELAND OH
525 PM EST MON JAN 12 2015


...................................

...THE MANSFIELD OH CLIMATE SUMMARY FOR JANUARY 12 2015...
VALID TODAY AS OF 0500 PM LOCAL TIME.

CLIMATE NORMAL PERIOD 1981 TO 2010
CLIMATE RECORD PERIOD 1916 TO 2015


WEATHER ITEM   OBSERVED TIME   RECORD YEAR NORMAL DEPARTURE LAST
                VALUE   (LST)  VALUE       VALUE  FROM      YEAR
                                                  NORMAL
..................................................................
TEMPERATURE (F)
 TODAY
  MAXIMUM         34    229 AM  61    2013  33      1       38
                                      2005
  MINIMUM         28    459 PM -15    1918  18     10       31
  AVERAGE         31                        25      6       35

PRECIPITATION (IN)
  TODAY            0.36                      0.10   0.26     0.00
  MONTH TO DATE    2.23                      1.20   1.03     1.34
  SINCE DEC 1      4.09                      4.49  -0.40     5.52
  SINCE JAN 1      2.23                      1.20   1.03     1.34

SNOWFALL (IN)
  TODAY            2.9                       0.4    2.5      0.0
  MONTH TO DATE   10.2                       5.1    5.1     10.9
  SINCE DEC 1     10.4                      15.6   -5.2     27.3
  SINCE JUL 1     16.3                      18.3   -2.0     28.9
  SNOW DEPTH       4

DEGREE DAYS
 HEATING
  TODAY           34                        40     -6       30
  MONTH TO DATE  534                       472     62      534
  SINCE DEC 1   1497                      1568    -71     1601
  SINCE JUL 1   2885                      2849     36     2933

 COOLING
  TODAY            0                         0      0        0
  MONTH TO DATE    0                         0      0        0
  SINCE DEC 1      0                         0      0        0
  SINCE JAN 1      0                         0      0        0
..................................................................


WIND (MPH)
  HIGHEST WIND SPEED    16   HIGHEST WIND DIRECTION     N (360)
  HIGHEST GUST SPEED    20   HIGHEST GUST DIRECTION     N (340)


SKY COVER
  POSSIBLE SUNSHINE  MM
  AVERAGE SKY COVER 1.0


WEATHER CONDITIONS
 THE FOLLOWING WEATHER WAS RECORDED TODAY.
  LIGHT RAIN
  LT FREEZING RAIN
  LIGHT SNOW
  FOG


RELATIVE HUMIDITY (PERCENT)
 HIGHEST   100          1200 AM
 LOWEST     85          1200 PM
 AVERAGE    93

..........................................................


THE MANSFIELD OH CLIMATE NORMALS FOR TOMORROW
                         NORMAL    RECORD    YEAR
 MAXIMUM TEMPERATURE (F)   33        65      2005
 MINIMUM TEMPERATURE (F)   18       -15      1918


SUNRISE AND SUNSET
JANUARY 12 2015.......SUNRISE   753 AM EST   SUNSET   524 PM EST
JANUARY 13 2015.......SUNRISE   753 AM EST   SUNSET   525 PM EST


-  INDICATES NEGATIVE NUMBERS.
R  INDICATES RECORD WAS SET OR TIED.
MM INDICATES DATA IS MISSING.
T  INDICATES TRACE AMOUNT.




$$
