000
CDUS41 KCLE 280545
CLIMFD


CLIMATE REPORT
NATIONAL WEATHER SERVICE CLEVELAND OH
145 AM EDT SAT JUN 28 2014


...................................

...THE MANSFIELD OH CLIMATE SUMMARY FOR JUNE 27 2014...

CLIMATE NORMAL PERIOD 1981 TO 2010
CLIMATE RECORD PERIOD 1916 TO 2014


WEATHER ITEM   OBSERVED TIME   RECORD YEAR NORMAL DEPARTURE LAST
                VALUE   (LST)  VALUE       VALUE  FROM      YEAR
                                                  NORMAL
..................................................................
TEMPERATURE (F)
 YESTERDAY
  MAXIMUM         85    342 PM  94    1983  81      4       81
                                      1944
                                      1943
  MINIMUM         60    437 AM  42    1927  60      0       66
  AVERAGE         73                        70      3       74

PRECIPITATION (IN)
  YESTERDAY        0.00                      0.15  -0.15     0.95
  MONTH TO DATE    6.14                      4.30   1.84     6.64
  SINCE JUN 1      6.14                      4.30   1.84     6.64
  SINCE JAN 1     22.47                     21.63   0.84    20.51

SNOWFALL (IN)
  YESTERDAY        0.0                       0.0    0.0      0.0
  MONTH TO DATE    0.0                       0.0    0.0      0.0
  SINCE JUN 1      0.0                       0.0    0.0      0.0
  SINCE JUL 1     65.4                      48.3   17.1     39.4
  SNOW DEPTH       0

DEGREE DAYS
 HEATING
  YESTERDAY        0                         1     -1        0
  MONTH TO DATE   24                        52    -28       39
  SINCE JUN 1     24                        52    -28       39
  SINCE JUL 1   6715                      6269    446     6021

 COOLING
  YESTERDAY        8                         6      2        9
  MONTH TO DATE  132                       117     15      134
  SINCE JUN 1    132                       117     15      134
  SINCE JAN 1    195                       163     32      229
..................................................................


WIND (MPH)
  HIGHEST WIND SPEED     8   HIGHEST WIND DIRECTION    NE (60)
  HIGHEST GUST SPEED    15   HIGHEST GUST DIRECTION    NE (40)
  AVERAGE WIND SPEED     2.9


SKY COVER
  POSSIBLE SUNSHINE  MM
  AVERAGE SKY COVER 0.1


WEATHER CONDITIONS
 THE FOLLOWING WEATHER WAS RECORDED YESTERDAY.
  NO SIGNIFICANT WEATHER WAS OBSERVED.


RELATIVE HUMIDITY (PERCENT)
 HIGHEST   100           400 AM
 LOWEST     46           500 PM
 AVERAGE    73

..........................................................


THE MANSFIELD OH CLIMATE NORMALS FOR TODAY
                         NORMAL    RECORD    YEAR
 MAXIMUM TEMPERATURE (F)   81        99      1934
 MINIMUM TEMPERATURE (F)   60        44      1958


SUNRISE AND SUNSET
JUNE 28 2014..........SUNRISE   601 AM EDT   SUNSET   906 PM EDT
JUNE 29 2014..........SUNRISE   601 AM EDT   SUNSET   906 PM EDT


-  INDICATES NEGATIVE NUMBERS.
R  INDICATES RECORD WAS SET OR TIED.
MM INDICATES DATA IS MISSING.
T  INDICATES TRACE AMOUNT.




$$
