000
CDUS41 KCLE 060545
CLIMFD


CLIMATE REPORT
NATIONAL WEATHER SERVICE CLEVELAND OH
132 AM EDT FRI MAY 6 2016


...................................

...THE MANSFIELD OH CLIMATE SUMMARY FOR MAY 5 2016...

CLIMATE NORMAL PERIOD 1981 TO 2010
CLIMATE RECORD PERIOD 1916 TO 2016


WEATHER ITEM   OBSERVED TIME   RECORD YEAR NORMAL DEPARTURE LAST
                VALUE   (LST)  VALUE       VALUE  FROM      YEAR
                                                  NORMAL
..................................................................
TEMPERATURE (F)
 YESTERDAY
  MAXIMUM         59        MM  86    1952  66     -7       77
  MINIMUM         43        MM  26    1957  45     -2       54
  AVERAGE         51                        56     -5       66

PRECIPITATION (IN)
  YESTERDAY        0.13                      0.14  -0.01     0.53
  MONTH TO DATE    0.67                      0.68  -0.01     0.66
  SINCE MAR 1      8.34                      8.21   0.13     8.90
  SINCE JAN 1     13.24                     13.47  -0.23    14.06

SNOWFALL (IN)
  YESTERDAY        0.0                       0.0    0.0      0.0
  MONTH TO DATE    0.0                       0.0    0.0      0.0
  SINCE MAR 1      7.2                      10.4   -3.2     10.7
  SINCE JUL 1     27.6                      48.3  -20.7     63.2
  SNOW DEPTH       0

DEGREE DAYS
 HEATING
  YESTERDAY       14                        10      4        0
  MONTH TO DATE   65                        53     12       20
  SINCE MAR 1   1216                      1413   -197     1397
  SINCE JUL 1   4988                      6038  -1050     6469

 COOLING
  YESTERDAY        0                         0      0        1
  MONTH TO DATE    0                         0      0        3
  SINCE MAR 1      0                         8     -8        3
  SINCE JAN 1      0                         8     -8        3
..................................................................


WIND (MPH)
  HIGHEST WIND SPEED    18   HIGHEST WIND DIRECTION     N (360)
  HIGHEST GUST SPEED    28   HIGHEST GUST DIRECTION     N (350)
  AVERAGE WIND SPEED    10.0


SKY COVER
  POSSIBLE SUNSHINE  MM
  AVERAGE SKY COVER 0.9


WEATHER CONDITIONS
 THE FOLLOWING WEATHER WAS RECORDED YESTERDAY.
  LIGHT RAIN
  FOG


RELATIVE HUMIDITY (PERCENT)
 HIGHEST   100           300 AM
 LOWEST     62           400 PM
 AVERAGE    81

..........................................................


THE MANSFIELD OH CLIMATE NORMALS FOR TODAY
                         NORMAL    RECORD    YEAR
 MAXIMUM TEMPERATURE (F)   67        86      1959
 MINIMUM TEMPERATURE (F)   45        24      1957


SUNRISE AND SUNSET
MAY  6 2016...........SUNRISE   622 AM EDT   SUNSET   832 PM EDT
MAY  7 2016...........SUNRISE   621 AM EDT   SUNSET   833 PM EDT


-  INDICATES NEGATIVE NUMBERS.
R  INDICATES RECORD WAS SET OR TIED.
MM INDICATES DATA IS MISSING.
T  INDICATES TRACE AMOUNT.




$$
