000
CDUS41 KCLE 012212
CLIMFD


CLIMATE REPORT
NATIONAL WEATHER SERVICE CLEVELAND OH
512 PM EST WED FEB 1 2017


...................................

...THE MANSFIELD OH CLIMATE SUMMARY FOR FEBRUARY 1 2017...
VALID TODAY AS OF 0500 PM LOCAL TIME.

CLIMATE NORMAL PERIOD 1981 TO 2010
CLIMATE RECORD PERIOD 1916 TO 2017


WEATHER ITEM   OBSERVED TIME   RECORD YEAR NORMAL DEPARTURE LAST
                VALUE   (LST)  VALUE       VALUE  FROM      YEAR
                                                  NORMAL
..................................................................
TEMPERATURE (F)
 TODAY
  MAXIMUM         36    347 PM  59    1989  34      2       52
  MINIMUM         33    928 AM  -7    1936  19     14       28
  AVERAGE         35                        26      9       40

PRECIPITATION (IN)
  TODAY            0.00                      0.08  -0.08     0.02
  MONTH TO DATE    0.00                      0.08  -0.08     0.02
  SINCE DEC 1      9.05                      6.24   2.81     5.72
  SINCE JAN 1      5.91                      2.95   2.96     1.56

SNOWFALL (IN)
  TODAY            0.0                       0.4   -0.4      0.0
  MONTH TO DATE    0.0                       0.4   -0.4      0.0
  SINCE DEC 1     17.6                      24.2   -6.6      8.9
  SINCE JUL 1     17.8                      26.9   -9.1      8.9
  SNOW DEPTH       0

DEGREE DAYS
 HEATING
  TODAY           30                        39     -9       25
  MONTH TO DATE   30                        39     -9       25
  SINCE DEC 1   2132                      2358   -226     1897
  SINCE JUL 1   3009                      3639   -630     2837

 COOLING
  TODAY            0                         0      0        0
  MONTH TO DATE    0                         0      0        0
  SINCE DEC 1      0                         0      0        0
  SINCE JAN 1      0                         0      0        0
..................................................................


WIND (MPH)
  HIGHEST WIND SPEED    15   HIGHEST WIND DIRECTION    SW (240)
  HIGHEST GUST SPEED    20   HIGHEST GUST DIRECTION    SW (240)


SKY COVER
  POSSIBLE SUNSHINE  MM
  AVERAGE SKY COVER 0.9


WEATHER CONDITIONS
 THE FOLLOWING WEATHER WAS RECORDED TODAY.
  NO SIGNIFICANT WEATHER WAS OBSERVED.


RELATIVE HUMIDITY (PERCENT)
 HIGHEST    89           200 AM
 LOWEST     70           100 PM
 AVERAGE    80

..........................................................


THE MANSFIELD OH CLIMATE NORMALS FOR TOMORROW
                         NORMAL    RECORD    YEAR
 MAXIMUM TEMPERATURE (F)   34        54      1973
                                             1968
                                             1967
 MINIMUM TEMPERATURE (F)   19       -11      1951


SUNRISE AND SUNSET
FEBRUARY  1 2017......SUNRISE   740 AM EST   SUNSET   548 PM EST
FEBRUARY  2 2017......SUNRISE   739 AM EST   SUNSET   549 PM EST


-  INDICATES NEGATIVE NUMBERS.
R  INDICATES RECORD WAS SET OR TIED.
MM INDICATES DATA IS MISSING.
T  INDICATES TRACE AMOUNT.




$$
