860
CDUS41 KCLE 300527
CLIMFD


CLIMATE REPORT
NATIONAL WEATHER SERVICE CLEVELAND OH
1226 AM EST SAT JAN 30 2016


...................................

...THE MANSFIELD OH CLIMATE SUMMARY FOR JANUARY 29 2016...

CLIMATE NORMAL PERIOD 1981 TO 2010
CLIMATE RECORD PERIOD 1916 TO 2016


WEATHER ITEM   OBSERVED TIME   RECORD YEAR NORMAL DEPARTURE LAST
                VALUE   (LST)  VALUE       VALUE  FROM      YEAR
                                                  NORMAL
..................................................................
TEMPERATURE (F)
 YESTERDAY
  MAXIMUM         32   1237 AM  60    2013  33     -1       40
                                      2002
                                      1975
  MINIMUM         20    956 PM -14    1977  18      2       24
  AVERAGE         26                        26      0       32

PRECIPITATION (IN)
  YESTERDAY        0.01                      0.08  -0.07     0.22
  MONTH TO DATE    1.51                      2.70  -1.19     3.35
  SINCE DEC 1      5.67                      5.99  -0.32     5.21
  SINCE JAN 1      1.51                      2.70  -1.19     3.35

SNOWFALL (IN)
  YESTERDAY        0.3                       0.4   -0.1      2.0
  MONTH TO DATE    8.7                      12.4   -3.7     23.2
  SINCE DEC 1      8.9                      22.9  -14.0     23.4
  SINCE JUL 1      8.9                      25.6  -16.7     29.3
  SNOW DEPTH       T

DEGREE DAYS
 HEATING
  YESTERDAY       39                        39      0       33
  MONTH TO DATE 1155                      1147      8     1226
  SINCE DEC 1   1835                      2243   -408     2189
  SINCE JUL 1   2775                      3524   -749     3577

 COOLING
  YESTERDAY        0                         0      0        0
  MONTH TO DATE    0                         0      0        0
  SINCE DEC 1      0                         0      0        0
  SINCE JAN 1      0                         0      0        0
..................................................................


WIND (MPH)
  HIGHEST WIND SPEED    23   HIGHEST WIND DIRECTION    NW (300)
  HIGHEST GUST SPEED    33   HIGHEST GUST DIRECTION    NW (310)
  AVERAGE WIND SPEED    10.8


SKY COVER
  POSSIBLE SUNSHINE  MM
  AVERAGE SKY COVER 0.5


WEATHER CONDITIONS
 THE FOLLOWING WEATHER WAS RECORDED YESTERDAY.
  LIGHT SNOW
  FOG


RELATIVE HUMIDITY (PERCENT)
 HIGHEST    85           300 AM
 LOWEST     58           300 PM
 AVERAGE    72

..........................................................


THE MANSFIELD OH CLIMATE NORMALS FOR TODAY
                         NORMAL    RECORD    YEAR
 MAXIMUM TEMPERATURE (F)   33        62      2013
 MINIMUM TEMPERATURE (F)   18        -4      1966
                                             1934


SUNRISE AND SUNSET
JANUARY 30 2016.......SUNRISE   743 AM EST   SUNSET   544 PM EST
JANUARY 31 2016.......SUNRISE   742 AM EST   SUNSET   546 PM EST


-  INDICATES NEGATIVE NUMBERS.
R  INDICATES RECORD WAS SET OR TIED.
MM INDICATES DATA IS MISSING.
T  INDICATES TRACE AMOUNT.




$$
