000
CDUS41 KCLE 172119
CLIMFD


CLIMATE REPORT
NATIONAL WEATHER SERVICE CLEVELAND OH
518 PM EDT WED JUN 17 2015


...................................

...THE MANSFIELD OH CLIMATE SUMMARY FOR JUNE 17 2015...
VALID TODAY AS OF 0500 PM LOCAL TIME.

CLIMATE NORMAL PERIOD 1981 TO 2010
CLIMATE RECORD PERIOD 1916 TO 2015


WEATHER ITEM   OBSERVED TIME   RECORD YEAR NORMAL DEPARTURE LAST
                VALUE   (LST)  VALUE       VALUE  FROM      YEAR
                                                  NORMAL
..................................................................
TEMPERATURE (F)
 TODAY
  MAXIMUM         73    345 PM  94    1936  79     -6       89
                                      1934
  MINIMUM         60    947 AM  38    1959  58      2       68
                                      1958
                                      1948
  AVERAGE         67                        68     -1       79

PRECIPITATION (IN)
  TODAY            0.20                      0.17   0.03     0.00
  MONTH TO DATE    4.48                      2.77   1.71     2.22
  SINCE JUN 1      4.48                      2.77   1.71     2.22
  SINCE JAN 1     22.27                     20.10   2.17    18.55

SNOWFALL (IN)
  TODAY            0.0                       0.0    0.0      0.0
  MONTH TO DATE    0.0                       0.0    0.0      0.0
  SINCE JUN 1      0.0                       0.0    0.0      0.0
  SINCE JUL 1     63.2                      48.3   14.9     65.4
  SNOW DEPTH       0

DEGREE DAYS
 HEATING
  TODAY            0                         1     -1        0
  MONTH TO DATE   28                        42    -14       24
  SINCE JUN 1     28                        42    -14       24
  SINCE JUL 1   6597                      6259    338     6715

 COOLING
  TODAY            2                         5     -3       14
  MONTH TO DATE   99                        61     38       55
  SINCE JUN 1     99                        61     38       55
  SINCE JAN 1    217                       107    110      118
..................................................................


WIND (MPH)
  HIGHEST WIND SPEED    17   HIGHEST WIND DIRECTION    SE (150)
  HIGHEST GUST SPEED    21   HIGHEST GUST DIRECTION    SE (150)


SKY COVER
  POSSIBLE SUNSHINE  MM
  AVERAGE SKY COVER 0.6


WEATHER CONDITIONS
 THE FOLLOWING WEATHER WAS RECORDED TODAY.
  LIGHT RAIN
  FOG


RELATIVE HUMIDITY (PERCENT)
 HIGHEST    97          1000 AM
 LOWEST     73           400 PM
 AVERAGE    85

..........................................................


THE MANSFIELD OH CLIMATE NORMALS FOR TOMORROW
                         NORMAL    RECORD    YEAR
 MAXIMUM TEMPERATURE (F)   79        93      1994
                                             1944
 MINIMUM TEMPERATURE (F)   58        37      1959


SUNRISE AND SUNSET
JUNE 17 2015..........SUNRISE   558 AM EDT   SUNSET   904 PM EDT
JUNE 18 2015..........SUNRISE   558 AM EDT   SUNSET   904 PM EDT


-  INDICATES NEGATIVE NUMBERS.
R  INDICATES RECORD WAS SET OR TIED.
MM INDICATES DATA IS MISSING.
T  INDICATES TRACE AMOUNT.




$$
