000
CDUS41 KCLE 120527
CLIMFD


CLIMATE REPORT
NATIONAL WEATHER SERVICE CLEVELAND OH
126 AM EDT FRI SEP 12 2014


...................................

...THE MANSFIELD OH CLIMATE SUMMARY FOR SEPTEMBER 11 2014...

CLIMATE NORMAL PERIOD 1981 TO 2010
CLIMATE RECORD PERIOD 1916 TO 2014


WEATHER ITEM   OBSERVED TIME   RECORD YEAR NORMAL DEPARTURE LAST
                VALUE   (LST)  VALUE       VALUE  FROM      YEAR
                                                  NORMAL
..................................................................
TEMPERATURE (F)
 YESTERDAY
  MAXIMUM         73    246 AM  94    1931  75     -2       89
  MINIMUM         56   1126 AM  34    1917  55      1       70
  AVERAGE         65                        65      0       80

PRECIPITATION (IN)
  YESTERDAY        0.40                      0.11   0.29     0.00
  MONTH TO DATE    0.70                      1.28  -0.58     0.48
  SINCE SEP 1      0.70                      1.28  -0.58     0.48
  SINCE JAN 1     29.92                     32.11  -2.19    29.40

SNOWFALL (IN)
  YESTERDAY        0.0                       0.0    0.0      0.0
  MONTH TO DATE    0.0                       0.0    0.0      0.0
  SINCE SEP 1      0.0                       0.0    0.0      0.0
  SINCE JUL 1      0.0                       0.0    0.0      0.0
  SNOW DEPTH       0

DEGREE DAYS
 HEATING
  YESTERDAY        0                         3     -3        0
  MONTH TO DATE    4                        20    -16       10
  SINCE SEP 1      4                        20    -16       10
  SINCE JUL 1     31                        45    -14       38

 COOLING
  YESTERDAY        0                         2     -2       15
  MONTH TO DATE   59                        36     23       61
  SINCE SEP 1     59                        36     23       61
  SINCE JAN 1    613                       598     15      703
..................................................................


WIND (MPH)
  HIGHEST WIND SPEED    23   HIGHEST WIND DIRECTION     S (200)
  HIGHEST GUST SPEED    28   HIGHEST GUST DIRECTION     S (190)
  AVERAGE WIND SPEED     8.3


SKY COVER
  POSSIBLE SUNSHINE  MM
  AVERAGE SKY COVER 1.0


WEATHER CONDITIONS
 THE FOLLOWING WEATHER WAS RECORDED YESTERDAY.
  RAIN
  LIGHT RAIN
  FOG


RELATIVE HUMIDITY (PERCENT)
 HIGHEST   100           100 AM
 LOWEST     72           200 PM
 AVERAGE    86

..........................................................


THE MANSFIELD OH CLIMATE NORMALS FOR TODAY
                         NORMAL    RECORD    YEAR
 MAXIMUM TEMPERATURE (F)   75        93      1931
 MINIMUM TEMPERATURE (F)   54        34      1958
                                             1940


SUNRISE AND SUNSET
SEPTEMBER 12 2014.....SUNRISE   708 AM EDT   SUNSET   744 PM EDT
SEPTEMBER 13 2014.....SUNRISE   709 AM EDT   SUNSET   742 PM EDT


-  INDICATES NEGATIVE NUMBERS.
R  INDICATES RECORD WAS SET OR TIED.
MM INDICATES DATA IS MISSING.
T  INDICATES TRACE AMOUNT.




$$
