000
CDUS41 KCLE 060531
CLIMFD


CLIMATE REPORT
NATIONAL WEATHER SERVICE CLEVELAND OH
128 AM EDT WED APR 6 2016


...................................

...THE MANSFIELD OH CLIMATE SUMMARY FOR APRIL 5 2016...

CLIMATE NORMAL PERIOD 1981 TO 2010
CLIMATE RECORD PERIOD 1916 TO 2016


WEATHER ITEM   OBSERVED TIME   RECORD YEAR NORMAL DEPARTURE LAST
                VALUE   (LST)  VALUE       VALUE  FROM      YEAR
                                                  NORMAL
..................................................................
TEMPERATURE (F)
 YESTERDAY
  MAXIMUM         40    438 PM  79    1988  55    -15       60
                                      1929
                                      1921
  MINIMUM         19    601 AM  13    1995  35    -16       42
  AVERAGE         30                        45    -15       51

PRECIPITATION (IN)
  YESTERDAY        0.00                      0.13  -0.13     0.00
  MONTH TO DATE    0.22                      0.67  -0.45     1.18
  SINCE MAR 1      4.37                      4.06   0.31     4.05
  SINCE JAN 1      9.27                      9.32  -0.05     9.21

SNOWFALL (IN)
  YESTERDAY        0.0                       0.2   -0.2      0.0
  MONTH TO DATE    0.5                       0.8   -0.3      0.0
  SINCE MAR 1      3.5                       8.6   -5.1     10.7
  SINCE JUL 1     23.9                      46.5  -22.6     63.2
  SNOW DEPTH       0

DEGREE DAYS
 HEATING
  YESTERDAY       35                        20     15       14
  MONTH TO DATE  133                       106     27       88
  SINCE MAR 1    752                       971   -219     1041
  SINCE JUL 1   4524                      5596  -1072     6113

 COOLING
  YESTERDAY        0                         0      0        0
  MONTH TO DATE    0                         0      0        0
  SINCE MAR 1      0                         1     -1        0
  SINCE JAN 1      0                         1     -1        0
..................................................................


WIND (MPH)
  HIGHEST WIND SPEED    15   HIGHEST WIND DIRECTION     N (350)
  HIGHEST GUST SPEED    19   HIGHEST GUST DIRECTION     N (350)
  AVERAGE WIND SPEED     5.4


SKY COVER
  POSSIBLE SUNSHINE  MM
  AVERAGE SKY COVER 0.0


WEATHER CONDITIONS
 THE FOLLOWING WEATHER WAS RECORDED YESTERDAY.
  NO SIGNIFICANT WEATHER WAS OBSERVED.


RELATIVE HUMIDITY (PERCENT)
 HIGHEST    77           400 AM
 LOWEST     37           500 PM
 AVERAGE    57

..........................................................


THE MANSFIELD OH CLIMATE NORMALS FOR TODAY
                         NORMAL    RECORD    YEAR
 MAXIMUM TEMPERATURE (F)   55        83      2010
                                             1929
 MINIMUM TEMPERATURE (F)   35        15      1982


SUNRISE AND SUNSET
APRIL  6 2016.........SUNRISE   705 AM EDT   SUNSET   801 PM EDT
APRIL  7 2016.........SUNRISE   703 AM EDT   SUNSET   802 PM EDT


-  INDICATES NEGATIVE NUMBERS.
R  INDICATES RECORD WAS SET OR TIED.
MM INDICATES DATA IS MISSING.
T  INDICATES TRACE AMOUNT.




$$
