000
CDUS41 KCLE 170526
CLIMFD


CLIMATE REPORT
NATIONAL WEATHER SERVICE CLEVELAND OH
125 AM EDT SUN MAY 17 2015


...................................

...THE MANSFIELD OH CLIMATE SUMMARY FOR MAY 16 2015...

CLIMATE NORMAL PERIOD 1981 TO 2010
CLIMATE RECORD PERIOD 1916 TO 2015


WEATHER ITEM   OBSERVED TIME   RECORD YEAR NORMAL DEPARTURE LAST
                VALUE   (LST)  VALUE       VALUE  FROM      YEAR
                                                  NORMAL
..................................................................
TEMPERATURE (F)
 YESTERDAY
  MAXIMUM         74   1031 AM  89    1962  69      5       56
  MINIMUM         63    427 AM  25    1959  48     15       38
  AVERAGE         69                        59     10       47

PRECIPITATION (IN)
  YESTERDAY        0.66                      0.14   0.52     0.01
  MONTH TO DATE    1.59                      2.19  -0.60     2.32
  SINCE MAR 1      9.83                      9.72   0.11    11.32
  SINCE JAN 1     14.99                     14.98   0.01    15.65

SNOWFALL (IN)
  YESTERDAY        0.0                       0.0    0.0      0.0
  MONTH TO DATE    0.0                       0.0    0.0      0.0
  SINCE MAR 1     10.7                      10.4    0.3     11.5
  SINCE JUL 1     63.2                      48.3   14.9     65.4
  SNOW DEPTH       0

DEGREE DAYS
 HEATING
  YESTERDAY        0                         7     -7       18
  MONTH TO DATE   61                       147    -86      123
  SINCE MAR 1   1438                      1507    -69     1592
  SINCE JUL 1   6510                      6132    378     6636

 COOLING
  YESTERDAY        4                         1      3        0
  MONTH TO DATE   55                        11     44       34
  SINCE MAR 1     55                        19     36       36
  SINCE JAN 1     55                        19     36       36
..................................................................


WIND (MPH)
  HIGHEST WIND SPEED    21   HIGHEST WIND DIRECTION    SW (210)
  HIGHEST GUST SPEED    30   HIGHEST GUST DIRECTION    SW (210)
  AVERAGE WIND SPEED     7.3


SKY COVER
  POSSIBLE SUNSHINE  MM
  AVERAGE SKY COVER 0.7


WEATHER CONDITIONS
 THE FOLLOWING WEATHER WAS RECORDED YESTERDAY.
  HEAVY RAIN
  RAIN
  LIGHT RAIN
  FOG
  HAZE


RELATIVE HUMIDITY (PERCENT)
 HIGHEST   100          1200 PM
 LOWEST     76          1200 AM
 AVERAGE    88

..........................................................


THE MANSFIELD OH CLIMATE NORMALS FOR TODAY
                         NORMAL    RECORD    YEAR
 MAXIMUM TEMPERATURE (F)   70        91      1962
 MINIMUM TEMPERATURE (F)   48        31      1935


SUNRISE AND SUNSET
MAY 17 2015...........SUNRISE   611 AM EDT   SUNSET   842 PM EDT
MAY 18 2015...........SUNRISE   610 AM EDT   SUNSET   843 PM EDT


-  INDICATES NEGATIVE NUMBERS.
R  INDICATES RECORD WAS SET OR TIED.
MM INDICATES DATA IS MISSING.
T  INDICATES TRACE AMOUNT.




$$
