000
CDUS41 KCLE 310548
CLIMFD


CLIMATE REPORT
NATIONAL WEATHER SERVICE CLEVELAND OH
1248 AM EST WED JAN 31 2018


...................................

...THE MANSFIELD OH CLIMATE SUMMARY FOR JANUARY 30 2018...

CLIMATE NORMAL PERIOD 1981 TO 2010
CLIMATE RECORD PERIOD 1916 TO 2018


WEATHER ITEM   OBSERVED TIME   RECORD YEAR NORMAL DEPARTURE LAST
                VALUE   (LST)  VALUE       VALUE  FROM      YEAR
                                                  NORMAL
..................................................................
TEMPERATURE (F)
 YESTERDAY
  MAXIMUM         22    208 PM  62    2013  33    -11       27
  MINIMUM         10    807 AM  -4    1966  18     -8       20
                                      1934
  AVERAGE         16                        26    -10       24

PRECIPITATION (IN)
  YESTERDAY        0.01                      0.09  -0.08     0.03
  MONTH TO DATE    2.51                      2.79  -0.28     5.73
  SINCE DEC 1      4.36                      6.08  -1.72     8.87
  SINCE JAN 1      2.51                      2.79  -0.28     5.73

SNOWFALL (IN)
  YESTERDAY        0.3                       0.5   -0.2      0.7
  MONTH TO DATE    8.8                      12.9   -4.1      5.0
  SINCE DEC 1     21.8                      23.4   -1.6     16.0
  SINCE JUL 1     21.9                      26.1   -4.2     16.2
  SNOW DEPTH       1

DEGREE DAYS
 HEATING
  YESTERDAY       49                        39     10       41
  MONTH TO DATE 1204                      1186     18      960
  SINCE DEC 1   2367                      2282     85     2068
  SINCE JUL 1   3449                      3563   -114     2945

 COOLING
  YESTERDAY        0                         0      0        0
  MONTH TO DATE    0                         0      0        0
  SINCE DEC 1      0                         0      0        0
  SINCE JAN 1      0                         0      0        0
..................................................................


WIND (MPH)
  HIGHEST WIND SPEED    18   HIGHEST WIND DIRECTION    NW (320)
  HIGHEST GUST SPEED    MM   HIGHEST GUST DIRECTION    MM
  AVERAGE WIND SPEED     9.3


SKY COVER
  POSSIBLE SUNSHINE  MM
  AVERAGE SKY COVER 0.7


WEATHER CONDITIONS
 THE FOLLOWING WEATHER WAS RECORDED YESTERDAY.
  LIGHT SNOW
  FOG


RELATIVE HUMIDITY (PERCENT)
 HIGHEST    92          1200 AM
 LOWEST     62          1200 PM
 AVERAGE    77

..........................................................


THE MANSFIELD OH CLIMATE NORMALS FOR TODAY
                         NORMAL    RECORD    YEAR
 MAXIMUM TEMPERATURE (F)   34        61      2002
 MINIMUM TEMPERATURE (F)   18        -5      2009
                                             1971


SUNRISE AND SUNSET
JANUARY 31 2018.......SUNRISE   741 AM EST   SUNSET   546 PM EST
FEBRUARY  1 2018......SUNRISE   740 AM EST   SUNSET   548 PM EST


-  INDICATES NEGATIVE NUMBERS.
R  INDICATES RECORD WAS SET OR TIED.
MM INDICATES DATA IS MISSING.
T  INDICATES TRACE AMOUNT.




$$
