000
CDUS41 KCLE 270545
CLIMFD


CLIMATE REPORT
NATIONAL WEATHER SERVICE CLEVELAND OH
145 AM EDT TUE JUN 27 2017


...................................

...THE MANSFIELD OH CLIMATE SUMMARY FOR JUNE 26 2017...

CLIMATE NORMAL PERIOD 1981 TO 2010
CLIMATE RECORD PERIOD 1916 TO 2017


WEATHER ITEM   OBSERVED TIME   RECORD YEAR NORMAL DEPARTURE LAST
                VALUE   (LST)  VALUE       VALUE  FROM      YEAR
                                                  NORMAL
..................................................................
TEMPERATURE (F)
 YESTERDAY
  MAXIMUM         71    358 PM  97    1952  81    -10       90
  MINIMUM         53    451 AM  46    2012  60     -7       61
                                      2004
  AVERAGE         62                        70     -8       76

PRECIPITATION (IN)
  YESTERDAY        0.00                      0.15  -0.15     0.24
  MONTH TO DATE    5.48                      4.15   1.33     2.09
  SINCE JUN 1      5.48                      4.15   1.33     2.09
  SINCE JAN 1     26.63                     21.48   5.15    18.49

SNOWFALL (IN)
  YESTERDAY        0.0                       0.0    0.0      0.0
  MONTH TO DATE    0.0                       0.0    0.0      0.0
  SINCE JUN 1      0.0                       0.0    0.0      0.0
  SINCE JUL 1     36.6                      48.3  -11.7     27.6
  SNOW DEPTH       0

DEGREE DAYS
 HEATING
  YESTERDAY        3                         1      2        0
  MONTH TO DATE   29                        51    -22       13
  SINCE JUN 1     29                        51    -22       13
  SINCE JUL 1   5025                      6268  -1243     5175

 COOLING
  YESTERDAY        0                         6     -6       11
  MONTH TO DATE  153                       111     42      163
  SINCE JUN 1    153                       111     42      163
  SINCE JAN 1    210                       157     53      225
..................................................................


WIND (MPH)
  HIGHEST WIND SPEED    20   HIGHEST WIND DIRECTION    NW (320)
  HIGHEST GUST SPEED    25   HIGHEST GUST DIRECTION    NW (330)
  AVERAGE WIND SPEED     9.0


SKY COVER
  POSSIBLE SUNSHINE  MM
  AVERAGE SKY COVER 0.5


WEATHER CONDITIONS
 THE FOLLOWING WEATHER WAS RECORDED YESTERDAY.
  THUNDERSTORM


RELATIVE HUMIDITY (PERCENT)
 HIGHEST    89          1100 PM
 LOWEST     38           400 PM
 AVERAGE    64

..........................................................


THE MANSFIELD OH CLIMATE NORMALS FOR TODAY
                         NORMAL    RECORD    YEAR
 MAXIMUM TEMPERATURE (F)   81        94      1983
                                             1944
                                             1943
 MINIMUM TEMPERATURE (F)   60        42      1927


SUNRISE AND SUNSET
JUNE 27 2017..........SUNRISE   601 AM EDT   SUNSET   906 PM EDT
JUNE 28 2017..........SUNRISE   601 AM EDT   SUNSET   906 PM EDT


-  INDICATES NEGATIVE NUMBERS.
R  INDICATES RECORD WAS SET OR TIED.
MM INDICATES DATA IS MISSING.
T  INDICATES TRACE AMOUNT.




$$
