000
CDUS41 KCLE 150526
CLIMFD


CLIMATE REPORT
NATIONAL WEATHER SERVICE CLEVELAND OH
1225 AM EST SUN JAN 15 2017


...................................

...THE MANSFIELD OH CLIMATE SUMMARY FOR JANUARY 14 2017...

CLIMATE NORMAL PERIOD 1981 TO 2010
CLIMATE RECORD PERIOD 1916 TO 2017


WEATHER ITEM   OBSERVED TIME   RECORD YEAR NORMAL DEPARTURE LAST
                VALUE   (LST)  VALUE       VALUE  FROM      YEAR
                                                  NORMAL
..................................................................
TEMPERATURE (F)
 YESTERDAY
  MAXIMUM         33    254 PM  68    1932  33      0       44
  MINIMUM         23    310 AM -10    1957  18      5       22
  AVERAGE         28                        25      3       33

PRECIPITATION (IN)
  YESTERDAY        0.00                      0.09  -0.09     0.00
  MONTH TO DATE    3.08                      1.38   1.70     1.13
  SINCE DEC 1      6.22                      4.67   1.55     5.29
  SINCE JAN 1      3.08                      1.38   1.70     1.13

SNOWFALL (IN)
  YESTERDAY        0.0                       0.4   -0.4      0.0
  MONTH TO DATE    2.3                       6.0   -3.7      5.4
  SINCE DEC 1     13.3                      16.5   -3.2      5.6
  SINCE JUL 1     13.5                      19.2   -5.7      5.6
  SNOW DEPTH       0

DEGREE DAYS
 HEATING
  YESTERDAY       37                        40     -3       32
  MONTH TO DATE  521                       552    -31      533
  SINCE DEC 1   1629                      1648    -19     1213
  SINCE JUL 1   2506                      2929   -423     2153

 COOLING
  YESTERDAY        0                         0      0        0
  MONTH TO DATE    0                         0      0        0
  SINCE DEC 1      0                         0      0        0
  SINCE JAN 1      0                         0      0        0
..................................................................


WIND (MPH)
  HIGHEST WIND SPEED    10   HIGHEST WIND DIRECTION    NE (60)
  HIGHEST GUST SPEED    14   HIGHEST GUST DIRECTION     E (70)
  AVERAGE WIND SPEED     5.5


SKY COVER
  POSSIBLE SUNSHINE  MM
  AVERAGE SKY COVER 0.8


WEATHER CONDITIONS
 THE FOLLOWING WEATHER WAS RECORDED YESTERDAY.
  NO SIGNIFICANT WEATHER WAS OBSERVED.


RELATIVE HUMIDITY (PERCENT)
 HIGHEST    88           300 AM
 LOWEST     64           200 PM
 AVERAGE    76

..........................................................


THE MANSFIELD OH CLIMATE NORMALS FOR TODAY
                         NORMAL    RECORD    YEAR
 MAXIMUM TEMPERATURE (F)   33        60      1932
 MINIMUM TEMPERATURE (F)   18       -11      1979
                                             1957


SUNRISE AND SUNSET
JANUARY 15 2017.......SUNRISE   752 AM EST   SUNSET   527 PM EST
JANUARY 16 2017.......SUNRISE   752 AM EST   SUNSET   529 PM EST


-  INDICATES NEGATIVE NUMBERS.
R  INDICATES RECORD WAS SET OR TIED.
MM INDICATES DATA IS MISSING.
T  INDICATES TRACE AMOUNT.




$$
