322
CDUS41 KCLE 172212
CLIMFD


CLIMATE REPORT
NATIONAL WEATHER SERVICE CLEVELAND OH
512 PM EST SUN DEC 17 2017


...................................

...THE MANSFIELD OH CLIMATE SUMMARY FOR DECEMBER 17 2017...
VALID TODAY AS OF 0500 PM LOCAL TIME.

CLIMATE NORMAL PERIOD 1981 TO 2010
CLIMATE RECORD PERIOD 1916 TO 2017


WEATHER ITEM   OBSERVED TIME   RECORD YEAR NORMAL DEPARTURE LAST
                VALUE   (LST)  VALUE       VALUE  FROM      YEAR
                                                  NORMAL
..................................................................
TEMPERATURE (F)
 TODAY
  MAXIMUM         40    113 PM  61    1984  36      4       38
  MINIMUM         30    541 AM -11    1989  22      8       20
  AVERAGE         35                        29      6       29

PRECIPITATION (IN)
  TODAY            0.07                      0.10  -0.03     1.06
  MONTH TO DATE    0.85                      1.84  -0.99     2.34
  SINCE DEC 1      0.85                      1.84  -0.99     2.34
  SINCE JAN 1     48.27                     42.74   5.53    34.44

SNOWFALL (IN)
  TODAY            0.0                       0.3   -0.3      1.2
  MONTH TO DATE    5.2                       5.0    0.2     10.0
  SINCE DEC 1      5.2                       5.0    0.2     10.0
  SINCE JUL 1      5.3                       7.7   -2.4     10.2
  SNOW DEPTH       1

DEGREE DAYS
 HEATING
  TODAY           30                        36     -6       36
  MONTH TO DATE  578                       568     10      649
  SINCE DEC 1    578                       568     10      649
  SINCE JUL 1   1660                      1849   -189     1526

 COOLING
  TODAY            0                         0      0        0
  MONTH TO DATE    0                         0      0        0
  SINCE DEC 1      0                         0      0        0
  SINCE JAN 1    748                       632    116     1084
..................................................................


WIND (MPH)
  HIGHEST WIND SPEED    13   HIGHEST WIND DIRECTION     S (190)
  HIGHEST GUST SPEED    16   HIGHEST GUST DIRECTION     S (190)


SKY COVER
  POSSIBLE SUNSHINE  MM
  AVERAGE SKY COVER 0.2


WEATHER CONDITIONS
 THE FOLLOWING WEATHER WAS RECORDED TODAY.
  LIGHT RAIN
  FOG


RELATIVE HUMIDITY (PERCENT)
 HIGHEST    92           400 PM
 LOWEST     69          1200 AM
 AVERAGE    81

..........................................................


THE MANSFIELD OH CLIMATE NORMALS FOR TOMORROW
                         NORMAL    RECORD    YEAR
 MAXIMUM TEMPERATURE (F)   35        61      1967
 MINIMUM TEMPERATURE (F)   22       -14      1945


SUNRISE AND SUNSET
DECEMBER 17 2017......SUNRISE   749 AM EST   SUNSET   504 PM EST
DECEMBER 18 2017......SUNRISE   749 AM EST   SUNSET   504 PM EST


-  INDICATES NEGATIVE NUMBERS.
R  INDICATES RECORD WAS SET OR TIED.
MM INDICATES DATA IS MISSING.
T  INDICATES TRACE AMOUNT.




$$
