000
CDUS41 KCLE 230545
CLIMFD


CLIMATE REPORT
NATIONAL WEATHER SERVICE CLEVELAND OH
145 AM EDT SUN APR 23 2017


...................................

...THE MANSFIELD OH CLIMATE SUMMARY FOR APRIL 22 2017...

CLIMATE NORMAL PERIOD 1981 TO 2010
CLIMATE RECORD PERIOD 1916 TO 2017


WEATHER ITEM   OBSERVED TIME   RECORD YEAR NORMAL DEPARTURE LAST
                VALUE   (LST)  VALUE       VALUE  FROM      YEAR
                                                  NORMAL
..................................................................
TEMPERATURE (F)
 YESTERDAY
  MAXIMUM         52    245 PM  84    1985  62    -10       63
  MINIMUM         40   1159 PM  23    1922  40      0       42
  AVERAGE         46                        51     -5       53

PRECIPITATION (IN)
  YESTERDAY        0.00                      0.14  -0.14     0.07
  MONTH TO DATE    2.53                      3.07  -0.54     2.18
  SINCE MAR 1      6.29                      6.46  -0.17     6.33
  SINCE JAN 1     14.15                     11.72   2.43    11.23

SNOWFALL (IN)
  YESTERDAY        0.0                       0.1   -0.1      0.0
  MONTH TO DATE    4.3                       2.4    1.9      4.2
  SINCE MAR 1     15.0                      10.2    4.8      7.2
  SINCE JUL 1     36.6                      48.1  -11.5     27.6
  SNOW DEPTH       0

DEGREE DAYS
 HEATING
  YESTERDAY       19                        14      5       12
  MONTH TO DATE  234                       393   -159      419
  SINCE MAR 1   1056                      1258   -202     1038
  SINCE JUL 1   4726                      5883  -1157     4810

 COOLING
  YESTERDAY        0                         0      0        0
  MONTH TO DATE   14                         0     14        0
  SINCE MAR 1     14                         1     13        0
  SINCE JAN 1     14                         1     13        0
..................................................................


WIND (MPH)
  HIGHEST WIND SPEED    21   HIGHEST WIND DIRECTION     N (10)
  HIGHEST GUST SPEED    26   HIGHEST GUST DIRECTION     N (10)
  AVERAGE WIND SPEED    11.1


SKY COVER
  POSSIBLE SUNSHINE  MM
  AVERAGE SKY COVER 0.3


WEATHER CONDITIONS
 THE FOLLOWING WEATHER WAS RECORDED YESTERDAY.
  NO SIGNIFICANT WEATHER WAS OBSERVED.


RELATIVE HUMIDITY (PERCENT)
 HIGHEST    85           600 AM
 LOWEST     54           100 PM
 AVERAGE    70

..........................................................


THE MANSFIELD OH CLIMATE NORMALS FOR TODAY
                         NORMAL    RECORD    YEAR
 MAXIMUM TEMPERATURE (F)   62        86      1925
 MINIMUM TEMPERATURE (F)   41        22      1959
                                             1936


SUNRISE AND SUNSET
APRIL 23 2017.........SUNRISE   639 AM EDT   SUNSET   818 PM EDT
APRIL 24 2017.........SUNRISE   638 AM EDT   SUNSET   819 PM EDT


-  INDICATES NEGATIVE NUMBERS.
R  INDICATES RECORD WAS SET OR TIED.
MM INDICATES DATA IS MISSING.
T  INDICATES TRACE AMOUNT.




$$
