911
CDUS41 KCLE 052213
CLIMFD


CLIMATE REPORT
NATIONAL WEATHER SERVICE CLEVELAND OH
512 PM EST FRI FEB 5 2016


...................................

...THE MANSFIELD OH CLIMATE SUMMARY FOR FEBRUARY 5 2016...
VALID TODAY AS OF 0500 PM LOCAL TIME.

CLIMATE NORMAL PERIOD 1981 TO 2010
CLIMATE RECORD PERIOD 1916 TO 2016


WEATHER ITEM   OBSERVED TIME   RECORD YEAR NORMAL DEPARTURE LAST
                VALUE   (LST)  VALUE       VALUE  FROM      YEAR
                                                  NORMAL
..................................................................
TEMPERATURE (F)
 TODAY
  MAXIMUM         37    414 PM  60    1938  34      3       21
  MINIMUM         18    801 AM -17    1918  19     -1        0
  AVERAGE         28                        27      1       11

PRECIPITATION (IN)
  TODAY            0.00                      0.09  -0.09      T
  MONTH TO DATE    0.71                      0.43   0.28     0.81
  SINCE DEC 1      6.41                      6.59  -0.18     6.13
  SINCE JAN 1      2.25                      3.30  -1.05     4.27

SNOWFALL (IN)
  TODAY            0.0                       0.4   -0.4       T
  MONTH TO DATE    T                         2.1   -2.1      8.5
  SINCE DEC 1      8.9                      25.9  -17.0     33.7
  SINCE JUL 1      8.9                      28.6  -19.7     39.6
  SNOW DEPTH       0

DEGREE DAYS
 HEATING
  TODAY           37                        38     -1       54
  MONTH TO DATE  142                       194    -52      212
  SINCE DEC 1   2014                      2513   -499     2495
  SINCE JUL 1   2954                      3794   -840     3883

 COOLING
  TODAY            0                         0      0        0
  MONTH TO DATE    0                         0      0        0
  SINCE DEC 1      0                         0      0        0
  SINCE JAN 1      0                         0      0        0
..................................................................


WIND (MPH)
  HIGHEST WIND SPEED    14   HIGHEST WIND DIRECTION    SW (220)
  HIGHEST GUST SPEED    17   HIGHEST GUST DIRECTION    SW (230)


SKY COVER
  POSSIBLE SUNSHINE  MM
  AVERAGE SKY COVER 0.1


WEATHER CONDITIONS
 THE FOLLOWING WEATHER WAS RECORDED TODAY.
  NO SIGNIFICANT WEATHER WAS OBSERVED.


RELATIVE HUMIDITY (PERCENT)
 HIGHEST    92           800 AM
 LOWEST     49          1200 PM
 AVERAGE    71

..........................................................


THE MANSFIELD OH CLIMATE NORMALS FOR TOMORROW
                         NORMAL    RECORD    YEAR
 MAXIMUM TEMPERATURE (F)   34        57      1938
 MINIMUM TEMPERATURE (F)   19        -7      1948


SUNRISE AND SUNSET
FEBRUARY  5 2016......SUNRISE   737 AM EST   SUNSET   552 PM EST
FEBRUARY  6 2016......SUNRISE   736 AM EST   SUNSET   553 PM EST


-  INDICATES NEGATIVE NUMBERS.
R  INDICATES RECORD WAS SET OR TIED.
MM INDICATES DATA IS MISSING.
T  INDICATES TRACE AMOUNT.




$$
