103
CDUS41 KCLE 260545
CLIMFD


CLIMATE REPORT
NATIONAL WEATHER SERVICE CLEVELAND OH
145 AM EDT MON SEP 26 2016


...................................

...THE MANSFIELD OH CLIMATE SUMMARY FOR SEPTEMBER 25 2016...

CLIMATE NORMAL PERIOD 1981 TO 2010
CLIMATE RECORD PERIOD 1916 TO 2016


WEATHER ITEM   OBSERVED TIME   RECORD YEAR NORMAL DEPARTURE LAST
                VALUE   (LST)  VALUE       VALUE  FROM      YEAR
                                                  NORMAL
..................................................................
TEMPERATURE (F)
 YESTERDAY
  MAXIMUM         79    420 PM  88    2007  70      9       78
                                      1934
  MINIMUM         48    623 AM  30    1942  49     -1       53
  AVERAGE         64                        59      5       66

PRECIPITATION (IN)
  YESTERDAY        0.00                      0.10  -0.10     0.00
  MONTH TO DATE    2.37                      2.80  -0.43     2.13
  SINCE SEP 1      2.37                      2.80  -0.43     2.13
  SINCE JAN 1     26.00                     33.63  -7.63    30.12

SNOWFALL (IN)
  YESTERDAY        0.0                       0.0    0.0      0.0
  MONTH TO DATE    0.0                       0.0    0.0      0.0
  SINCE SEP 1      0.0                       0.0    0.0      0.0
  SINCE JUL 1      0.0                       0.0    0.0      0.0
  SNOW DEPTH       0

DEGREE DAYS
 HEATING
  YESTERDAY        1                         7     -6        0
  MONTH TO DATE    4                        85    -81       34
  SINCE SEP 1      4                        85    -81       34
  SINCE JUL 1      5                       110   -105       51

 COOLING
  YESTERDAY        0                         1     -1        1
  MONTH TO DATE  146                        59     87      128
  SINCE SEP 1    146                        59     87      128
  SINCE JAN 1   1050                       621    429      759
..................................................................


WIND (MPH)
  HIGHEST WIND SPEED    10   HIGHEST WIND DIRECTION    SE (140)
  HIGHEST GUST SPEED    12   HIGHEST GUST DIRECTION    SE (150)
  AVERAGE WIND SPEED     5.4


SKY COVER
  POSSIBLE SUNSHINE  MM
  AVERAGE SKY COVER 0.0


WEATHER CONDITIONS
 THE FOLLOWING WEATHER WAS RECORDED YESTERDAY.
  NO SIGNIFICANT WEATHER WAS OBSERVED.


RELATIVE HUMIDITY (PERCENT)
 HIGHEST    93           700 AM
 LOWEST     24           200 PM
 AVERAGE    59

..........................................................


THE MANSFIELD OH CLIMATE NORMALS FOR TODAY
                         NORMAL    RECORD    YEAR
 MAXIMUM TEMPERATURE (F)   69        87      1998
                                             1934
 MINIMUM TEMPERATURE (F)   49        22      1947


SUNRISE AND SUNSET
SEPTEMBER 26 2016.....SUNRISE   722 AM EDT   SUNSET   720 PM EDT
SEPTEMBER 27 2016.....SUNRISE   723 AM EDT   SUNSET   718 PM EDT


-  INDICATES NEGATIVE NUMBERS.
R  INDICATES RECORD WAS SET OR TIED.
MM INDICATES DATA IS MISSING.
T  INDICATES TRACE AMOUNT.




$$
