000
CDUS41 KCLE 230545
CLIMFD


CLIMATE REPORT
NATIONAL WEATHER SERVICE CLEVELAND OH
145 AM EDT SAT SEP 23 2017


...................................

...THE MANSFIELD OH CLIMATE SUMMARY FOR SEPTEMBER 22 2017...

CLIMATE NORMAL PERIOD 1981 TO 2010
CLIMATE RECORD PERIOD 1916 TO 2017


WEATHER ITEM   OBSERVED TIME   RECORD YEAR NORMAL DEPARTURE LAST
                VALUE   (LST)  VALUE       VALUE  FROM      YEAR
                                                  NORMAL
..................................................................
TEMPERATURE (F)
 YESTERDAY
  MAXIMUM         89    242 PM  91    1936  71     18       87
  MINIMUM         64    643 AM  34    1939  50     14       58
                                      1918
  AVERAGE         77                        60     17       73

PRECIPITATION (IN)
  YESTERDAY        0.00                      0.11  -0.11     0.00
  MONTH TO DATE    1.60                      2.48  -0.88     2.37
  SINCE SEP 1      1.60                      2.48  -0.88     2.37
  SINCE JAN 1     38.18                     33.31   4.87    26.00

SNOWFALL (IN)
  YESTERDAY        0.0                       0.0    0.0      0.0
  MONTH TO DATE    0.0                       0.0    0.0      0.0
  SINCE SEP 1      0.0                       0.0    0.0      0.0
  SINCE JUL 1      0.0                       0.0    0.0      0.0
  SNOW DEPTH       0

DEGREE DAYS
 HEATING
  YESTERDAY        0                         6     -6        0
  MONTH TO DATE   65                        66     -1        2
  SINCE SEP 1     65                        66     -1        2
  SINCE JUL 1     79                        91    -12        3

 COOLING
  YESTERDAY       12                         1     11        8
  MONTH TO DATE   60                        56      4      134
  SINCE SEP 1     60                        56      4      134
  SINCE JAN 1    677                       618     59     1038
..................................................................


WIND (MPH)
  HIGHEST WIND SPEED     9   HIGHEST WIND DIRECTION     N (350)
  HIGHEST GUST SPEED    11   HIGHEST GUST DIRECTION     E (70)
  AVERAGE WIND SPEED     3.3


SKY COVER
  POSSIBLE SUNSHINE  MM
  AVERAGE SKY COVER 0.0


WEATHER CONDITIONS
 THE FOLLOWING WEATHER WAS RECORDED YESTERDAY.
  FOG
  HAZE


RELATIVE HUMIDITY (PERCENT)
 HIGHEST   100           400 AM
 LOWEST     36           400 PM
 AVERAGE    68

..........................................................


THE MANSFIELD OH CLIMATE NORMALS FOR TODAY
                         NORMAL    RECORD    YEAR
 MAXIMUM TEMPERATURE (F)   71        90      2010
                                             1936
 MINIMUM TEMPERATURE (F)   50        30      1947


SUNRISE AND SUNSET
SEPTEMBER 23 2017.....SUNRISE   719 AM EDT   SUNSET   725 PM EDT
SEPTEMBER 24 2017.....SUNRISE   720 AM EDT   SUNSET   723 PM EDT


-  INDICATES NEGATIVE NUMBERS.
R  INDICATES RECORD WAS SET OR TIED.
MM INDICATES DATA IS MISSING.
T  INDICATES TRACE AMOUNT.




$$
