000
CDUS41 KCLE 250530
CLIMFD


CLIMATE REPORT
NATIONAL WEATHER SERVICE CLEVELAND OH
126 AM EDT MON JUL 25 2016


...................................

...THE MANSFIELD OH CLIMATE SUMMARY FOR JULY 24 2016...

CLIMATE NORMAL PERIOD 1981 TO 2010
CLIMATE RECORD PERIOD 1916 TO 2016


WEATHER ITEM   OBSERVED TIME   RECORD YEAR NORMAL DEPARTURE LAST
                VALUE   (LST)  VALUE       VALUE  FROM      YEAR
                                                  NORMAL
..................................................................
TEMPERATURE (F)
 YESTERDAY
  MAXIMUM         90   1215 PM 102    1934  82      8       84
  MINIMUM         72    519 AM  46    1947  61     11       58
  AVERAGE         81                        72      9       71

PRECIPITATION (IN)
  YESTERDAY        0.07                      0.14  -0.07     0.00
  MONTH TO DATE    1.75                      3.44  -1.69     1.49
  SINCE JUN 1      3.84                      8.19  -4.35     8.93
  SINCE JAN 1     20.24                     25.52  -5.28    26.72

SNOWFALL (IN)
  YESTERDAY        0.0                       0.0    0.0      0.0
  MONTH TO DATE    0.0                       0.0    0.0      0.0
  SINCE JUN 1      0.0                       0.0    0.0      0.0
  SINCE JUL 1      0.0                       0.0    0.0      0.0
  SNOW DEPTH       0

DEGREE DAYS
 HEATING
  YESTERDAY        0                         0      0        0
  MONTH TO DATE    1                         0      1        3
  SINCE JUN 1     14                        53    -39       36
  SINCE JUL 1      1                         0      1        3

 COOLING
  YESTERDAY       16                         7      9        6
  MONTH TO DATE  234                       168     66      114
  SINCE JUN 1    416                       302    114      270
  SINCE JAN 1    478                       348    130      388
..................................................................


WIND (MPH)
  HIGHEST WIND SPEED    22   HIGHEST WIND DIRECTION    NW (310)
  HIGHEST GUST SPEED    29   HIGHEST GUST DIRECTION    NW (310)
  AVERAGE WIND SPEED     8.0


SKY COVER
  POSSIBLE SUNSHINE  MM
  AVERAGE SKY COVER 0.2


WEATHER CONDITIONS
 THE FOLLOWING WEATHER WAS RECORDED YESTERDAY.
  THUNDERSTORM
  HEAVY RAIN
  LIGHT RAIN


RELATIVE HUMIDITY (PERCENT)
 HIGHEST    87          1000 PM
 LOWEST     59          1200 PM
 AVERAGE    73

..........................................................


THE MANSFIELD OH CLIMATE NORMALS FOR TODAY
                         NORMAL    RECORD    YEAR
 MAXIMUM TEMPERATURE (F)   81       104      1934
 MINIMUM TEMPERATURE (F)   61        45      1957


SUNRISE AND SUNSET
JULY 25 2016..........SUNRISE   620 AM EDT   SUNSET   852 PM EDT
JULY 26 2016..........SUNRISE   621 AM EDT   SUNSET   851 PM EDT


-  INDICATES NEGATIVE NUMBERS.
R  INDICATES RECORD WAS SET OR TIED.
MM INDICATES DATA IS MISSING.
T  INDICATES TRACE AMOUNT.




$$
