000
CDUS41 KCLE 210545
CLIMFD


CLIMATE REPORT
NATIONAL WEATHER SERVICE CLEVELAND OH
145 AM EDT MON APR 21 2014


...................................

...THE MANSFIELD OH CLIMATE SUMMARY FOR APRIL 20 2014...

CLIMATE NORMAL PERIOD 1981 TO 2010
CLIMATE RECORD PERIOD 1916 TO 2014


WEATHER ITEM   OBSERVED TIME   RECORD YEAR NORMAL DEPARTURE LAST
                VALUE   (LST)  VALUE       VALUE  FROM      YEAR
                                                  NORMAL
..................................................................
TEMPERATURE (F)
 YESTERDAY
  MAXIMUM         74    435 PM  82    1987  61     13       43
                                      1985
  MINIMUM         37    554 AM  24    1926  40     -3       31
  AVERAGE         56                        50      6       37

PRECIPITATION (IN)
  YESTERDAY        0.00                      0.14  -0.14     0.01
  MONTH TO DATE    3.98                      2.80   1.18     3.41
  SINCE MAR 1      5.82                      6.19  -0.37     5.36
  SINCE JAN 1     10.15                     11.45  -1.30    10.09

SNOWFALL (IN)
  YESTERDAY        0.0                       0.1   -0.1      0.1
  MONTH TO DATE    1.0                       2.3   -1.3      0.1
  SINCE MAR 1     11.5                      10.1    1.4      9.6
  SINCE JUL 1     65.4                      48.0   17.4     39.4
  SNOW DEPTH       0

DEGREE DAYS
 HEATING
  YESTERDAY        9                        15     -6       28
  MONTH TO DATE  315                       365    -50      337
  SINCE MAR 1   1342                      1230    112     1312
  SINCE JUL 1   6386                      5855    531     5685

 COOLING
  YESTERDAY        0                         0      0        0
  MONTH TO DATE    2                         0      2        6
  SINCE MAR 1      2                         1      1        6
  SINCE JAN 1      2                         1      1        6
..................................................................


WIND (MPH)
  HIGHEST WIND SPEED    15   HIGHEST WIND DIRECTION     S (180)
  HIGHEST GUST SPEED    21   HIGHEST GUST DIRECTION     S (160)
  AVERAGE WIND SPEED     5.8


SKY COVER
  POSSIBLE SUNSHINE  MM
  AVERAGE SKY COVER 0.0


WEATHER CONDITIONS
 THE FOLLOWING WEATHER WAS RECORDED YESTERDAY.
  NO SIGNIFICANT WEATHER WAS OBSERVED.


RELATIVE HUMIDITY (PERCENT)
 HIGHEST    76           200 AM
 LOWEST     25           400 PM
 AVERAGE    51

..........................................................


THE MANSFIELD OH CLIMATE NORMALS FOR TODAY
                         NORMAL    RECORD    YEAR
 MAXIMUM TEMPERATURE (F)   62        84      1985
 MINIMUM TEMPERATURE (F)   40        25      1981


SUNRISE AND SUNSET
APRIL 21 2014.........SUNRISE   642 AM EDT   SUNSET   816 PM EDT
APRIL 22 2014.........SUNRISE   641 AM EDT   SUNSET   817 PM EDT


-  INDICATES NEGATIVE NUMBERS.
R  INDICATES RECORD WAS SET OR TIED.
MM INDICATES DATA IS MISSING.
T  INDICATES TRACE AMOUNT.




$$
