000
CXUS51 KCLE 012307
CLMMFD


CLIMATE REPORT
NATIONAL WEATHER SERVICE CLEVELAND OH
657 PM EDT THU SEP 1 2016

...................................

...THE MANSFIELD OH CLIMATE SUMMARY FOR THE MONTH OF AUGUST 2016...

CLIMATE NORMAL PERIOD 1981 TO 2010
CLIMATE RECORD PERIOD 1916 TO 2016

WEATHER         OBSERVED          NORMAL  DEPART  LAST YEAR`S
                 VALUE   DATE(S)  VALUE   FROM    VALUE
                                          NORMAL
.............................................................
TEMPERATURE (F)
RECORD
 HIGH              97   08/17/1988
 LOW               40   08/29/1965
HIGHEST            92   08/11
LOWEST             54   08/23
AVG. MAXIMUM     85.8              80.0     5.8     80.5
AVG. MINIMUM     65.9              60.0     5.9     58.9
MEAN             75.8              70.0     5.8     69.7
DAYS MAX >= 90      7               1.3     5.7        0
DAYS MAX <= 32      0               0.0     0.0        0
DAYS MIN <= 32      0               0.0     0.0        0
DAYS MIN <= 0       0               0.0     0.0        0

PRECIPITATION (INCHES)
RECORD
 MAXIMUM        10.32   2007
 MINIMUM         0.63   1970
TOTALS           3.39              4.37   -0.98     1.27
DAYS >= .01        12              10.2     1.8        9
DAYS >= .10         8               6.6     1.4        4
DAYS >= .50         3               2.9     0.1        0
DAYS >= 1.00        0               1.3    -1.3        0
GREATEST
 24 HR. TOTAL    1.21   08/13 TO 08/14              0.42

SNOWFALL (INCHES)
RECORDS
 TOTAL            0.0
TOTALS            0.0               0.0     0.0      0.0
SINCE 7/1         0.0               0.0     0.0      0.0
DAYS >= 1.0         0               0.0     0.0        0
GREATEST
 24 HR TOTAL      0.0

DEGREE_DAYS
HEATING TOTAL       0                17     -17       14
 SINCE 7/1          1                25     -24       17
COOLING TOTAL     342               172     170      168
 SINCE 1/1        904               562     342      631
..............................................................

WIND (MPH)
AVERAGE WIND SPEED              6.8
HIGHEST WIND SPEED/DIRECTION    44/190    DATE  08/09
HIGHEST GUST SPEED/DIRECTION    52/190    DATE  08/09

SKY COVER
AVERAGE SKY COVER           0.30

AVERAGE RH (PERCENT)     75

WEATHER CONDITIONS. NUMBER OF DAYS WITH
THUNDERSTORM              0     MIXED PRECIP               0
HEAVY RAIN                8     RAIN                       6
LIGHT RAIN                9     FREEZING RAIN              0
LT FREEZING RAIN          0     HAIL                       0
HEAVY SNOW                0     SNOW                       0
LIGHT SNOW                0     SLEET                      0
FOG                      17     FOG W/VIS <= 1/4 MILE      2
HAZE                      3

-  INDICATES NEGATIVE NUMBERS.
R  INDICATES RECORD WAS SET OR TIED.
MM INDICATES DATA IS MISSING.
T  INDICATES TRACE AMOUNT.

$$
