000
CXUS51 KCLE 011930
CLMMFD


CLIMATE REPORT
NATIONAL WEATHER SERVICE CLEVELAND OH
328 PM EDT SUN JUN 1 2014

...................................

...THE MANSFIELD OH CLIMATE SUMMARY FOR THE MONTH OF MAY 2014...

CLIMATE NORMAL PERIOD 1981 TO 2010
CLIMATE RECORD PERIOD 1916 TO 2014

WEATHER         OBSERVED          NORMAL  DEPART  LAST YEAR`S
                 VALUE   DATE(S)  VALUE   FROM    VALUE
                                          NORMAL
.............................................................
TEMPERATURE (F)
RECORD
 HIGH              92   05/18/1962
 LOW               25   05/10/1966
HIGHEST            85   05/27
                        05/13
                        05/08
LOWEST             35   05/18
AVG. MAXIMUM     71.4              69.4     2.0     73.6
AVG. MINIMUM     50.5              48.1     2.4     51.7
MEAN             61.0              58.7     2.3     62.7
DAYS MAX >= 90      0               0.0     0.0        0
DAYS MAX <= 32      0               0.0     0.0        0
DAYS MIN <= 32      0               0.4    -0.4        1
DAYS MIN <= 0       0               0.0     0.0        0

PRECIPITATION (INCHES)
RECORD
 MAXIMUM         8.83   1989
 MINIMUM         1.50   1961
TOTALS           3.00              4.54   -1.54     2.40
DAYS >= .01        12              13.8    -1.8       10
DAYS >= .10         5               9.6    -4.6        7
DAYS >= .50         3               3.4    -0.4        1
DAYS >= 1.00        0               0.7    -0.7        1
GREATEST
 24 HR. TOTAL    1.32   05/14 TO 05/15              1.09

SNOWFALL (INCHES)
RECORDS
 TOTAL            1.4   1966
                        0
TOTALS            0.0                 T     0.0      0.0
SINCE 7/1        65.4              48.3    17.1     39.4
DAYS >= 1.0         0               0.0     0.0        0
GREATEST
 24 HR TOTAL      0.0   05/31 TO 05/31

DEGREE_DAYS
HEATING TOTAL     178               232     -54      154
 SINCE 7/1       6691              6217     474     5982
COOLING TOTAL      61                38      23       89
 SINCE 1/1         63                46      17       95
..............................................................

WIND (MPH)
AVERAGE WIND SPEED              7.9
HIGHEST WIND SPEED/DIRECTION    32/330    DATE  05/07
HIGHEST GUST SPEED/DIRECTION    46/320    DATE  05/07

SKY COVER
AVERAGE SKY COVER           0.40

AVERAGE RH (PERCENT)     68

WEATHER CONDITIONS. NUMBER OF DAYS WITH
THUNDERSTORM              0     MIXED PRECIP               0
HEAVY RAIN                4     RAIN                       5
LIGHT RAIN               10     FREEZING RAIN              0
LT FREEZING RAIN          0     HAIL                       0
HEAVY SNOW                0     SNOW                       0
LIGHT SNOW                0     SLEET                      0
FOG                      11     FOG W/VIS <= 1/4 MILE      1
HAZE                      2

-  INDICATES NEGATIVE NUMBERS.
R  INDICATES RECORD WAS SET OR TIED.
MM INDICATES DATA IS MISSING.
T  INDICATES TRACE AMOUNT.

$$
