000
CXUS51 KCLE 021924
CLMMFD


CLIMATE REPORT
NATIONAL WEATHER SERVICE CLEVELAND OH
322 PM EDT TUE JUL 2 2013

...................................

...THE MANSFIELD OH CLIMATE SUMMARY FOR THE MONTH OF JUNE 2013...

CLIMATE NORMAL PERIOD 1981 TO 2010
CLIMATE RECORD PERIOD 1916 TO 2013

WEATHER         OBSERVED          NORMAL  DEPART  LAST YEAR`S
                 VALUE   DATE(S)  VALUE   FROM    VALUE
                                          NORMAL
.............................................................
TEMPERATURE (F)
RECORD
 HIGH             101   06/25/1988
 LOW               37   06/02/2003
                        06/01/2003
                        06/05/1990
HIGHEST            90   06/25
LOWEST             41   06/04
AVG. MAXIMUM     77.9              78.1    -0.2     81.5
AVG. MINIMUM     58.8              57.3     1.5     57.6
MEAN             68.4              67.7     0.7     69.6
DAYS MAX >= 90      1               0.9     0.1        4
DAYS MAX <= 32      0               0.0     0.0        0
DAYS MIN <= 32      0               0.0     0.0        0
DAYS MIN <= 0       0               0.0     0.0        0

PRECIPITATION (INCHES)
RECORD
 MAXIMUM        10.00   1981
 MINIMUM         0.56   1988
TOTALS           6.99              4.75    2.24     2.52
DAYS >= .01        13              11.9     1.1        6
DAYS >= .10        10               8.4     1.6        4
DAYS >= .50         7               3.6     3.4        3
DAYS >= 1.00        2               1.1     0.9        1
GREATEST
 24 HR. TOTAL    1.91   06/12 TO 06/13              1.02

SNOWFALL (INCHES)
RECORDS
 TOTAL             MM   5
TOTALS            0.0               0.0     0.0      0.0
SINCE 7/1        39.4              48.3    -8.9     33.7
DAYS >= 1.0         0               0.0     0.0        0
GREATEST
 24 HR TOTAL      0.0   06/30 TO 06/30

DEGREE_DAYS
HEATING TOTAL      39                53     -14       37
 SINCE 7/1       6021              6270    -249     4982
COOLING TOTAL     148               134      14      181
 SINCE 1/1        243               180      63      304
..............................................................

WIND (MPH)
AVERAGE WIND SPEED              7.2
HIGHEST WIND SPEED/DIRECTION    36/010    DATE  06/27
HIGHEST GUST SPEED/DIRECTION    66/360    DATE  06/27

SKY COVER
AVERAGE SKY COVER           0.40

AVERAGE RH (PERCENT)     75

WEATHER CONDITIONS. NUMBER OF DAYS WITH
THUNDERSTORM              0     MIXED PRECIP               0
HEAVY RAIN                7     RAIN                       9
LIGHT RAIN               13     FREEZING RAIN              0
LT FREEZING RAIN          0     HAIL                       0
HEAVY SNOW                0     SNOW                       0
LIGHT SNOW                0     SLEET                      0
FOG                      22     FOG W/VIS <= 1/4 MILE      3
HAZE                      7

-  INDICATES NEGATIVE NUMBERS.
R  INDICATES RECORD WAS SET OR TIED.
MM INDICATES DATA IS MISSING.
T  INDICATES TRACE AMOUNT.

$$
