000
CXUS51 KCLE 012024
CLMMFD


CLIMATE REPORT
NATIONAL WEATHER SERVICE CLEVELAND OH
321 PM EST WED FEB 1 2017

...................................

...THE MANSFIELD OH CLIMATE SUMMARY FOR THE MONTH OF JANUARY 2017...

CLIMATE NORMAL PERIOD 1981 TO 2010
CLIMATE RECORD PERIOD 1916 TO 2017

WEATHER         OBSERVED          NORMAL  DEPART  LAST YEAR`S
                 VALUE   DATE(S)  VALUE   FROM    VALUE
                                          NORMAL
.............................................................
TEMPERATURE (F)
RECORD
 HIGH              69   01/25/1950
 LOW              -26   01/15/1929
HIGHEST            62   01/12
LOWEST              0   01/07
                        01/06
AVG. MAXIMUM     39.5              32.8     6.7     34.7
AVG. MINIMUM     26.0              18.3     7.7     17.9
MEAN             32.7              25.5     7.2     26.3
DAYS MAX >= 90      0               0.0     0.0        0
DAYS MAX <= 32     10              14.8    -4.8       16
DAYS MIN <= 32     20              27.1    -7.1       28
DAYS MIN <= 0       2               2.7    -0.7        1

PRECIPITATION (INCHES)
RECORD
 MAXIMUM         6.08   2005
 MINIMUM         0.41   1981
TOTALS           5.91              2.87    3.04     1.54
DAYS >= .01        19              14.9     4.1       14
DAYS >= .10        10               6.9     3.1        3
DAYS >= .50         3               1.6     1.4        1
DAYS >= 1.00        2               0.5     1.5        0
GREATEST
 24 HR. TOTAL    1.75   01/11 TO 01/12              0.78

SNOWFALL (INCHES)
RECORDS
 TOTAL           43.8   2009
TOTALS            6.6              13.3    -6.7      8.7
SINCE 7/1        17.8              26.5    -8.7      8.9
DAYS >= 1.0         2               4.6    -2.6        4
GREATEST
 24 HR TOTAL      2.0   01/05 TO 01/05

DEGREE_DAYS
HEATING TOTAL     994              1223    -229     1192
 SINCE 7/1       2979              3600    -621     2812
COOLING TOTAL       0                 0       0        0
 SINCE 1/1          0                 0       0        0
..............................................................

WIND (MPH)
AVERAGE WIND SPEED              10.3
HIGHEST WIND SPEED/DIRECTION    44/220    DATE  01/10
HIGHEST GUST SPEED/DIRECTION    61/210    DATE  01/10

SKY COVER
AVERAGE SKY COVER           0.70

AVERAGE RH (PERCENT)     83

WEATHER CONDITIONS. NUMBER OF DAYS WITH
THUNDERSTORM              0     MIXED PRECIP               0
HEAVY RAIN                1     RAIN                       4
LIGHT RAIN               12     FREEZING RAIN              0
LT FREEZING RAIN          0     HAIL                       0
HEAVY SNOW                0     SNOW                       1
LIGHT SNOW               12     SLEET                      0
FOG                      28     FOG W/VIS <= 1/4 MILE      5
HAZE                     10

-  INDICATES NEGATIVE NUMBERS.
R  INDICATES RECORD WAS SET OR TIED.
MM INDICATES DATA IS MISSING.
T  INDICATES TRACE AMOUNT.

$$
