000
CXUS51 KCLE 021259
CLMMFD


CLIMATE REPORT
NATIONAL WEATHER SERVICE CLEVELAND OH
759 AM EST MON DEC 2 2013

...................................

...THE MANSFIELD OH CLIMATE SUMMARY FOR THE MONTH OF NOVEMBER 2013...

CLIMATE NORMAL PERIOD 1981 TO 2010
CLIMATE RECORD PERIOD 1916 TO 2013

WEATHER         OBSERVED          NORMAL  DEPART  LAST YEAR`S
                 VALUE   DATE(S)  VALUE   FROM    VALUE
                                          NORMAL
.............................................................
TEMPERATURE (F)
RECORD
 HIGH              78   11/01/1968
 LOW                2   11/30/1976
HIGHEST            64   11/06
LOWEST             13   11/24
AVG. MAXIMUM     44.8              49.4    -4.6     48.5
AVG. MINIMUM     30.3              33.1    -2.8     30.5
MEAN             37.5              41.3    -3.8     39.5
DAYS MAX >= 90      0               0.0     0.0        0
DAYS MAX <= 32      4               1.9     2.1        1
DAYS MIN <= 32     18              14.5     3.5       21
DAYS MIN <= 0       0               0.0     0.0        0

PRECIPITATION (INCHES)
RECORD
 MAXIMUM        12.82   1985
 MINIMUM         0.70   1976
TOTALS           2.24              3.81   -1.57     0.82
DAYS >= .01        13              12.8     0.2        6
DAYS >= .10         8               7.4     0.6        1
DAYS >= .50         1               2.3    -1.3        1
DAYS >= 1.00        0               0.8    -0.8        0
GREATEST
 24 HR. TOTAL    1.20   10/31 TO 11/01              0.61

SNOWFALL (INCHES)
RECORDS
 TOTAL            8.7   5
                        0
                        -26215
TOTALS            1.5               2.2    -0.7      0.1
SINCE 7/1         1.5               2.7    -1.2      2.6
DAYS >= 1.0         0               0.8    -0.8        0
GREATEST
 24 HR TOTAL      0.7R  MM

DEGREE_DAYS
HEATING TOTAL     816               713     103      757
 SINCE 7/1       1332              1281      51     1329
COOLING TOTAL       0                 0       0        0
 SINCE 1/1        741               632     109      955
..............................................................

WIND (MPH)
AVERAGE WIND SPEED              10.7
HIGHEST WIND SPEED/DIRECTION    40/160    DATE  11/17
HIGHEST GUST SPEED/DIRECTION    76/220    DATE  11/12

SKY COVER
AVERAGE SKY COVER           0.50

AVERAGE RH (PERCENT)     71

WEATHER CONDITIONS. NUMBER OF DAYS WITH
THUNDERSTORM              0     MIXED PRECIP               0
HEAVY RAIN                2     RAIN                       4
LIGHT RAIN                9     FREEZING RAIN              0
LT FREEZING RAIN          0     HAIL                       0
HEAVY SNOW                0     SNOW                       1
LIGHT SNOW                6     SLEET                      1
FOG                      12     FOG W/VIS <= 1/4 MILE      1
HAZE                      1

-  INDICATES NEGATIVE NUMBERS.
R  INDICATES RECORD WAS SET OR TIED.
MM INDICATES DATA IS MISSING.
T  INDICATES TRACE AMOUNT.

$$
