000
CXUS51 KCLE 011743
CLMMFD


CLIMATE REPORT
NATIONAL WEATHER SERVICE CLEVELAND OH
141 PM EDT WED MAY 1 2013

...................................

...THE MANSFIELD OH CLIMATE SUMMARY FOR THE MONTH OF APRIL 2013...

CLIMATE NORMAL PERIOD 9999 TO 9999
CLIMATE RECORD PERIOD 2012 TO 2013

WEATHER         OBSERVED          NORMAL  DEPART  LAST YEAR`S
                 VALUE   DATE(S)  VALUE   FROM    VALUE
                                          NORMAL
.............................................................
TEMPERATURE (F)
RECORD
 HIGH              86   04/27/1990
 LOW                8   04/07/1982
HIGHEST            82   04/18
LOWEST             19   04/02
AVG. MAXIMUM     60.7              59.3     1.4     60.2
AVG. MINIMUM     37.3              38.2    -0.9     37.7
MEAN             49.0              48.8     0.2     49.0
DAYS MAX >= 90      0               0.0     0.0        0
DAYS MAX <= 32      0               0.3    -0.3        0
DAYS MIN <= 32     12               8.5     3.5        7
DAYS MIN <= 0       0               0.0     0.0        0

PRECIPITATION (INCHES)
RECORD
 MAXIMUM         8.68   1996
 MINIMUM         0.75   1971
TOTALS           4.79              4.14    0.65     1.82
DAYS >= .01        10              14.5    -4.5       11
DAYS >= .10         7               8.7    -1.7        6
DAYS >= .50         4               2.8     1.2        1
DAYS >= 1.00        1               0.8     0.2        0
GREATEST
 24 HR. TOTAL    1.74   04/10 TO 04/11              0.69

SNOWFALL (INCHES)
RECORDS
 TOTAL           18.1   2005
TOTALS            0.1               2.6    -2.5        T
SINCE 7/1        39.4              48.3    -8.9     33.7
DAYS >= 1.0         0               0.7    -0.7        0
GREATEST
 24 HR TOTAL      0.1   MM

DEGREE_DAYS
HEATING TOTAL     480               495     -15      474
 SINCE 7/1       5828              5985    -157     4857
COOLING TOTAL       6                 7      -1        2
 SINCE 1/1          6                 8      -2       19
..............................................................

WIND (MPH)
AVERAGE WIND SPEED              10.1
HIGHEST WIND SPEED/DIRECTION    35/190    DATE  04/18
HIGHEST GUST SPEED/DIRECTION    47/320    DATE  04/18

SKY COVER
AVERAGE SKY COVER           0.40

AVERAGE RH (PERCENT)     65

WEATHER CONDITIONS. NUMBER OF DAYS WITH
THUNDERSTORM              0     MIXED PRECIP               0
HEAVY RAIN                4     RAIN                       7
LIGHT RAIN                9     FREEZING RAIN              0
LT FREEZING RAIN          0     HAIL                       0
HEAVY SNOW                0     SNOW                       0
LIGHT SNOW                1     SLEET                      0
FOG                      12     FOG W/VIS <= 1/4 MILE      3
HAZE                      3

-  INDICATES NEGATIVE NUMBERS.
R  INDICATES RECORD WAS SET OR TIED.
MM INDICATES DATA IS MISSING.
T  INDICATES TRACE AMOUNT.

$$
