000
CXUS51 KCLE 011912
CLMMFD


CLIMATE REPORT
NATIONAL WEATHER SERVICE CLEVELAND OH
204 PM EST MON FEB 1 2016

...................................

...THE MANSFIELD OH CLIMATE SUMMARY FOR THE MONTH OF JANUARY 2016...

CLIMATE NORMAL PERIOD 1981 TO 2010
CLIMATE RECORD PERIOD 1916 TO 2016

WEATHER         OBSERVED          NORMAL  DEPART  LAST YEAR`S
                 VALUE   DATE(S)  VALUE   FROM    VALUE
                                          NORMAL
.............................................................
TEMPERATURE (F)
RECORD
 HIGH              69   01/25/1950
 LOW              -26   01/15/1929
HIGHEST            58   01/31
LOWEST              0   01/13
AVG. MAXIMUM     34.7              32.8     1.9     30.4
AVG. MINIMUM     17.9              18.3    -0.4     14.1
MEAN             26.3              25.5     0.8     22.2
DAYS MAX >= 90      0               0.0     0.0        0
DAYS MAX <= 32     16              14.8     1.2       18
DAYS MIN <= 32     28              27.1     0.9       30
DAYS MIN <= 0       1               2.7    -1.7        6

PRECIPITATION (INCHES)
RECORD
 MAXIMUM         6.08   2005
 MINIMUM         0.41   1981
TOTALS           1.54              2.87   -1.33     3.46
DAYS >= .01        14              14.9    -0.9       16
DAYS >= .10         3               6.9    -3.9       11
DAYS >= .50         1               1.6    -0.6        1
DAYS >= 1.00        0               0.5    -0.5        1
GREATEST
 24 HR. TOTAL    0.78   01/10 TO 01/10              1.38
                        01/09 TO 01/10
                        01/10 TO 01/10

SNOWFALL (INCHES)
RECORDS
 TOTAL           43.8   2009
TOTALS            8.7              13.3    -4.6     25.0
SINCE 7/1         8.9              26.5   -17.6     31.1
DAYS >= 1.0         4               4.6    -0.6       10
GREATEST
 24 HR TOTAL      3.2   MM

DEGREE_DAYS
HEATING TOTAL    1192              1223     -31     1320
 SINCE 7/1       2812              3600    -788     3671
COOLING TOTAL       0                 0       0        0
 SINCE 1/1          0                 0       0        0
..............................................................

WIND (MPH)
AVERAGE WIND SPEED              11.5
HIGHEST WIND SPEED/DIRECTION    30/250    DATE  01/26
HIGHEST GUST SPEED/DIRECTION    42/030    DATE  01/22

SKY COVER
AVERAGE SKY COVER           0.60

AVERAGE RH (PERCENT)     74

WEATHER CONDITIONS. NUMBER OF DAYS WITH
THUNDERSTORM              0     MIXED PRECIP               0
HEAVY RAIN                0     RAIN                       1
LIGHT RAIN                6     FREEZING RAIN              0
LT FREEZING RAIN          0     HAIL                       0
HEAVY SNOW                0     SNOW                       1
LIGHT SNOW               13     SLEET                      0
FOG                      16     FOG W/VIS <= 1/4 MILE      2
HAZE                      5

-  INDICATES NEGATIVE NUMBERS.
R  INDICATES RECORD WAS SET OR TIED.
MM INDICATES DATA IS MISSING.
T  INDICATES TRACE AMOUNT.

$$
