000
CXUS51 KCLE 021423
CLMMFD


CLIMATE REPORT
NATIONAL WEATHER SERVICE CLEVELAND OH
1023 AM EDT FRI MAY 2 2014

...................................

...THE MANSFIELD OH CLIMATE SUMMARY FOR THE MONTH OF APRIL 2014...

CLIMATE NORMAL PERIOD 1981 TO 2010
CLIMATE RECORD PERIOD 1916 TO 2014

WEATHER         OBSERVED          NORMAL  DEPART  LAST YEAR`S
                 VALUE   DATE(S)  VALUE   FROM    VALUE
                                          NORMAL
.............................................................
TEMPERATURE (F)
RECORD
 HIGH              86   04/27/1990
 LOW                8   04/07/1982
HIGHEST            77   04/21
                        04/13
LOWEST             20   04/16
AVG. MAXIMUM     60.9              59.3     1.6     60.7
AVG. MINIMUM     39.1              38.2     0.9     37.3
MEAN             50.0              48.8     1.2     49.0
DAYS MAX >= 90      0               0.0     0.0        0
DAYS MAX <= 32      0               0.3    -0.3        0
DAYS MIN <= 32      4               8.5    -4.5       12
DAYS MIN <= 0       0               0.0     0.0        0

PRECIPITATION (INCHES)
RECORD
 MAXIMUM         8.68   1996
 MINIMUM         0.75   1971
TOTALS           7.16              4.14    3.02     4.79
DAYS >= .01        13              14.5    -1.5       10
DAYS >= .10        12               8.7     3.3        7
DAYS >= .50         5               2.8     2.2        4
DAYS >= 1.00        3               0.8     2.2        1
GREATEST
 24 HR. TOTAL    1.77   04/28 TO 04/29              1.74

SNOWFALL (INCHES)
RECORDS
 TOTAL           18.1   2005
TOTALS            1.0               2.6    -1.6      0.1
SINCE 7/1        65.4              48.3    17.1     39.4
DAYS >= 1.0         1               0.7     0.3        0
GREATEST
 24 HR TOTAL      1.0   04/15 TO 04/15

DEGREE_DAYS
HEATING TOTAL     442               495     -53      480
 SINCE 7/1       6513              5985     528     5828
COOLING TOTAL       2                 7      -5        6
 SINCE 1/1          2                 8      -6        6
..............................................................

WIND (MPH)
AVERAGE WIND SPEED              10.1
HIGHEST WIND SPEED/DIRECTION    51/190    DATE  04/29
HIGHEST GUST SPEED/DIRECTION    61/200    DATE  04/29

SKY COVER
AVERAGE SKY COVER           0.40

AVERAGE RH (PERCENT)     64

WEATHER CONDITIONS. NUMBER OF DAYS WITH
THUNDERSTORM              0     MIXED PRECIP               0
HEAVY RAIN                5     RAIN                      12
LIGHT RAIN               12     FREEZING RAIN              0
LT FREEZING RAIN          1     HAIL                       0
HEAVY SNOW                0     SNOW                       1
LIGHT SNOW                1     SLEET                      0
FOG                      14     FOG W/VIS <= 1/4 MILE      2
HAZE                      3

-  INDICATES NEGATIVE NUMBERS.
R  INDICATES RECORD WAS SET OR TIED.
MM INDICATES DATA IS MISSING.
T  INDICATES TRACE AMOUNT.

$$
