000
CXUS51 KCLE 060358
CLMMFD


CLIMATE REPORT
NATIONAL WEATHER SERVICE CLEVELAND OH
1155 PM EDT THU MAY 5 2016

...................................

...THE MANSFIELD OH CLIMATE SUMMARY FOR THE MONTH OF APRIL 2016...

CLIMATE NORMAL PERIOD 1981 TO 2010
CLIMATE RECORD PERIOD 1916 TO 2016

WEATHER         OBSERVED          NORMAL  DEPART  LAST YEAR`S
                 VALUE   DATE(S)  VALUE   FROM    VALUE
                                          NORMAL
.............................................................
TEMPERATURE (F)
RECORD
 HIGH              86   04/27/1990
 LOW                8   04/07/1982
HIGHEST            80   04/25
                        04/18
LOWEST             16   04/10
AVG. MAXIMUM     58.4              59.3    -0.9     60.6
AVG. MINIMUM     35.5              38.2    -2.7     40.7
MEAN             47.0              48.8    -1.8     50.6
DAYS MAX >= 90      0               0.0     0.0        0
DAYS MAX <= 32      1               0.3     0.7        0
DAYS MIN <= 32     12               8.5     3.5        4
DAYS MIN <= 0       0               0.0     0.0        0

PRECIPITATION (INCHES)
RECORD
 MAXIMUM         8.68   1996
 MINIMUM         0.75   1971
TOTALS           3.52              4.14   -0.62     5.37
DAYS >= .01        14              14.5    -0.5       14
DAYS >= .10        10               8.7     1.3       10
DAYS >= .50         2               2.8    -0.8        4
DAYS >= 1.00        0               0.8    -0.8        1
GREATEST
 24 HR. TOTAL    0.71   04/06 TO 04/07              1.85

SNOWFALL (INCHES)
RECORDS
 TOTAL           18.1   2005
TOTALS            4.2               2.6     1.6      0.0
SINCE 7/1        27.6              48.3   -20.7     63.2
DAYS >= 1.0         2               0.7     1.3        0
GREATEST
 24 HR TOTAL      1.9   MM

DEGREE_DAYS
HEATING TOTAL     532               495      37      424
 SINCE 7/1       4923              5985   -1062     6449
COOLING TOTAL       0                 7      -7        0
 SINCE 1/1          0                 8      -8        0
..............................................................

WIND (MPH)
AVERAGE WIND SPEED              10.1
HIGHEST WIND SPEED/DIRECTION    37/240    DATE  04/02
HIGHEST GUST SPEED/DIRECTION    59/240    DATE  04/02

SKY COVER
AVERAGE SKY COVER           0.50

AVERAGE RH (PERCENT)     66

WEATHER CONDITIONS. NUMBER OF DAYS WITH
THUNDERSTORM              0     MIXED PRECIP               0
HEAVY RAIN                2     RAIN                       4
LIGHT RAIN               12     FREEZING RAIN              0
LT FREEZING RAIN          0     HAIL                       0
HEAVY SNOW                0     SNOW                       2
LIGHT SNOW                7     SLEET                      0
FOG                      15     FOG W/VIS <= 1/4 MILE      1
HAZE                      4

-  INDICATES NEGATIVE NUMBERS.
R  INDICATES RECORD WAS SET OR TIED.
MM INDICATES DATA IS MISSING.
T  INDICATES TRACE AMOUNT.

$$
