000
CXUS51 KCLE 011908
CLMMFD


CLIMATE REPORT
NATIONAL WEATHER SERVICE CLEVELAND OH
305 PM EDT SAT OCT 1 2016

...................................

...THE MANSFIELD OH CLIMATE SUMMARY FOR THE MONTH OF SEPTEMBER 2016...

CLIMATE NORMAL PERIOD 1981 TO 2010
CLIMATE RECORD PERIOD 1916 TO 2016

WEATHER         OBSERVED          NORMAL  DEPART  LAST YEAR`S
                 VALUE   DATE(S)  VALUE   FROM    VALUE
                                          NORMAL
.............................................................
TEMPERATURE (F)
RECORD
 HIGH              95   09/10/2013
 LOW               33   09/28/1991
                        09/24/1989
HIGHEST            91   09/07
LOWEST             46   09/27
AVG. MAXIMUM     79.3              73.3     6.0     79.2
AVG. MINIMUM     57.6              52.6     5.0     57.0
MEAN             68.5              63.0     5.5     68.1
DAYS MAX >= 90      2               0.3     1.7        3
DAYS MAX <= 32      0               0.0     0.0        0
DAYS MIN <= 32      0               0.0     0.0        0
DAYS MIN <= 0       0               0.0     0.0        0

PRECIPITATION (INCHES)
RECORD
 MAXIMUM         7.76   1986
 MINIMUM         0.70   1998
TOTALS           3.71              3.32    0.39     2.53
DAYS >= .01         8               9.5    -1.5        8
DAYS >= .10         7               5.9     1.1        5
DAYS >= .50         3               2.1     0.9        1
DAYS >= 1.00        0               1.1    -1.1        0
GREATEST
 24 HR. TOTAL    0.96   09/28 TO 09/28              1.11

SNOWFALL (INCHES)
RECORDS
 TOTAL              T   5
                        0
                        -26215
TOTALS            0.0               0.0     0.0      0.0
SINCE 7/1         0.0               0.0     0.0      0.0
DAYS >= 1.0         0               0.0     0.0        0
GREATEST
 24 HR TOTAL      0.0   09/30 TO 09/30

DEGREE_DAYS
HEATING TOTAL      34               125     -91       41
 SINCE 7/1         35               150    -115       58
COOLING TOTAL     146                63      83      143
 SINCE 1/1       1050               625     425      774
..............................................................

WIND (MPH)
AVERAGE WIND SPEED              6.8
HIGHEST WIND SPEED/DIRECTION    28/200    DATE  09/10
HIGHEST GUST SPEED/DIRECTION    36/220    DATE  09/27

SKY COVER
AVERAGE SKY COVER           0.30

AVERAGE RH (PERCENT)     72

WEATHER CONDITIONS. NUMBER OF DAYS WITH
THUNDERSTORM              0     MIXED PRECIP               0
HEAVY RAIN                4     RAIN                       6
LIGHT RAIN                8     FREEZING RAIN              0
LT FREEZING RAIN          0     HAIL                       0
HEAVY SNOW                0     SNOW                       0
LIGHT SNOW                0     SLEET                      0
FOG                      14     FOG W/VIS <= 1/4 MILE      0
HAZE                      2

-  INDICATES NEGATIVE NUMBERS.
R  INDICATES RECORD WAS SET OR TIED.
MM INDICATES DATA IS MISSING.
T  INDICATES TRACE AMOUNT.

$$
