000
CXUS51 KCLE 030241
CLMMFD


CLIMATE REPORT
NATIONAL WEATHER SERVICE CLEVELAND OH
1038 PM EDT SUN JUL 2 2017

...................................

...THE MANSFIELD OH CLIMATE SUMMARY FOR THE MONTH OF JUNE 2017...

CLIMATE NORMAL PERIOD 1981 TO 2010
CLIMATE RECORD PERIOD 1916 TO 2017

WEATHER         OBSERVED          NORMAL  DEPART  LAST YEAR`S
                 VALUE   DATE(S)  VALUE   FROM    VALUE
                                          NORMAL
.............................................................
TEMPERATURE (F)
RECORD
 HIGH             101   06/25/1988
 LOW               32   06/06/1945
HIGHEST            91   06/13
LOWEST             48   06/02
AVG. MAXIMUM     79.8              78.1     1.7     81.5
AVG. MINIMUM     58.9              57.3     1.6     59.2
MEAN             69.3              67.7     1.6     70.3
DAYS MAX >= 90      1               0.9     0.1        3
DAYS MAX <= 32      0               0.0     0.0        0
DAYS MIN <= 32      0               0.0     0.0        0
DAYS MIN <= 0       0               0.0     0.0        0

PRECIPITATION (INCHES)
RECORD
 MAXIMUM        10.00   1981
 MINIMUM         0.56   1988
TOTALS           7.59              4.75    2.84     2.09
DAYS >= .01        11              11.9    -0.9       10
DAYS >= .10         6               8.4    -2.4        7
DAYS >= .50         5               3.6     1.4        0
DAYS >= 1.00        3               1.1     1.9        0
GREATEST
 24 HR. TOTAL    3.33   06/13 TO 06/13              0.84

SNOWFALL (INCHES)
RECORDS
 TOTAL             MM   MM
TOTALS            0.0               0.0     0.0      0.0
SINCE 7/1        36.6              48.3   -11.7     27.6
DAYS >= 1.0         0               0.0     0.0        0
GREATEST
 24 HR TOTAL      0.0   06/30 TO 06/30

DEGREE_DAYS
HEATING TOTAL      33                53     -20       13
 SINCE 7/1       5029              6270   -1241     5175
COOLING TOTAL     172               134      38      182
 SINCE 1/1        229               180      49      244
..............................................................

WIND (MPH)
AVERAGE WIND SPEED              8.8
HIGHEST WIND SPEED/DIRECTION    33/160    DATE  06/13
HIGHEST GUST SPEED/DIRECTION    54/200    DATE  06/13

SKY COVER
AVERAGE SKY COVER           0.30

AVERAGE RH (PERCENT)     69

WEATHER CONDITIONS. NUMBER OF DAYS WITH
THUNDERSTORM              0     MIXED PRECIP               0
HEAVY RAIN                6     RAIN                       6
LIGHT RAIN                9     FREEZING RAIN              0
LT FREEZING RAIN          0     HAIL                       0
HEAVY SNOW                0     SNOW                       0
LIGHT SNOW                0     SLEET                      0
FOG                      12     FOG W/VIS <= 1/4 MILE      2
HAZE                      4

-  INDICATES NEGATIVE NUMBERS.
R  INDICATES RECORD WAS SET OR TIED.
MM INDICATES DATA IS MISSING.
T  INDICATES TRACE AMOUNT.

$$
