000
CXUS51 KCLE 011912
CLMMFD


CLIMATE REPORT...CORRECTED
NATIONAL WEATHER SERVICE CLEVELAND OH
209 PM EST TUE MAR 1 2016

...................................

...THE MANSFIELD OH CLIMATE SUMMARY FOR THE MONTH OF FEBRUARY 2016...

CLIMATE NORMAL PERIOD 1981 TO 2010
CLIMATE RECORD PERIOD 1916 TO 2016

WEATHER         OBSERVED          NORMAL  DEPART  LAST YEAR`S
                 VALUE   DATE(S)  VALUE   FROM    VALUE
                                          NORMAL
.............................................................
TEMPERATURE (F)
RECORD
 HIGH              71   02/26/2000
 LOW              -11   02/15/2015
                        02/10/1982
                        02/17/1979
HIGHEST            66   02/20
LOWEST             -6   02/14
AVG. MAXIMUM     40.2              36.3     3.9     24.1
AVG. MINIMUM     23.1              20.5     2.6      5.3
MEAN             31.6              28.4     3.2     14.7
DAYS MAX >= 90      0               0.0     0.0        0
DAYS MAX <= 32      9              10.5    -1.5       22
DAYS MIN <= 32     24              24.2    -0.2       28
DAYS MIN <= 0       1               1.3    -0.3       13

PRECIPITATION (INCHES)
RECORD
 MAXIMUM         6.05   2008
 MINIMUM         0.29   1978
TOTALS           3.36              2.39    0.97     1.70
DAYS >= .01        15              12.9     2.1       14
DAYS >= .10         8               5.9     2.1        5
DAYS >= .50         1               1.3    -0.3        1
DAYS >= 1.00        1               0.2     0.8        0
GREATEST
 24 HR. TOTAL    1.54   02/24 TO 02/25              0.56

SNOWFALL (INCHES)
RECORDS
 TOTAL           49.2   2010
TOTALS           11.5              11.4     0.1     21.4
SINCE 7/1        20.4              37.9   -17.5     52.5
DAYS >= 1.0         5               3.6     1.4        7
GREATEST
 24 HR TOTAL      3.7   02/10 TO 02/11

DEGREE_DAYS
HEATING TOTAL     960              1025     -65     1401
 SINCE 7/1       3772              4658    -886     5072
COOLING TOTAL       0                 0       0        0
 SINCE 1/1          0                 0       0        0
..............................................................

WIND (MPH)
AVERAGE WIND SPEED              11.0
HIGHEST WIND SPEED/DIRECTION    39/190    DATE  02/28
HIGHEST GUST SPEED/DIRECTION    53/230    DATE  02/19

SKY COVER
AVERAGE SKY COVER           0.60

AVERAGE RH (PERCENT)     73

WEATHER CONDITIONS. NUMBER OF DAYS WITH
THUNDERSTORM              0     MIXED PRECIP               0
HEAVY RAIN                1     RAIN                       3
LIGHT RAIN                5     FREEZING RAIN              0
LT FREEZING RAIN          1     HAIL                       0
HEAVY SNOW                1     SNOW                       3
LIGHT SNOW               13     SLEET                      0
FOG                      20     FOG W/VIS <= 1/4 MILE      4
HAZE                      3

-  INDICATES NEGATIVE NUMBERS.
R  INDICATES RECORD WAS SET OR TIED.
MM INDICATES DATA IS MISSING.
T  INDICATES TRACE AMOUNT.

$$
