523
CXUS51 KCLE 021744
CLMMFD


CLIMATE REPORT
NATIONAL WEATHER SERVICE CLEVELAND OH
143 PM EDT SAT SEP 2 2017

...................................

...THE MANSFIELD OH CLIMATE SUMMARY FOR THE MONTH OF AUGUST 2017...

CLIMATE NORMAL PERIOD 1981 TO 2010
CLIMATE RECORD PERIOD 1916 TO 2017

WEATHER         OBSERVED          NORMAL  DEPART  LAST YEAR`S
                 VALUE   DATE(S)  VALUE   FROM    VALUE
                                          NORMAL
.............................................................
TEMPERATURE (F)
RECORD
 HIGH              97   08/17/1988
 LOW               40   08/29/1965
HIGHEST            88   08/21
LOWEST             47   08/26
AVG. MAXIMUM     79.2              80.0    -0.8     85.8
AVG. MINIMUM     58.6              60.0    -1.4     65.9
MEAN             68.9              70.0    -1.1     75.8
DAYS MAX >= 90      0               1.3    -1.3        7
DAYS MAX <= 32      0               0.0     0.0        0
DAYS MIN <= 32      0               0.0     0.0        0
DAYS MIN <= 0       0               0.0     0.0        0

PRECIPITATION (INCHES)
RECORD
 MAXIMUM        10.32   2007
 MINIMUM         0.63   1970
TOTALS           2.82              4.37   -1.55     3.39
DAYS >= .01         9              10.2    -1.2       12
DAYS >= .10         7               6.6     0.4        8
DAYS >= .50         2               2.9    -0.9        3
DAYS >= 1.00        1               1.3    -0.3        0
GREATEST
 24 HR. TOTAL    1.22   08/04 TO 08/04              1.21

SNOWFALL (INCHES)
RECORDS
 TOTAL             MM   5
TOTALS            0.0               0.0     0.0      0.0
SINCE 7/1         0.0               0.0     0.0      0.0
DAYS >= 1.0         0               0.0     0.0        0
GREATEST
 24 HR TOTAL      0.0   08/31 TO 08/31

DEGREE_DAYS
HEATING TOTAL      14                17      -3        0
 SINCE 7/1         14                25     -11        1
COOLING TOTAL     145               172     -27      342
 SINCE 1/1        617               562      55      904
..............................................................

WIND (MPH)
AVERAGE WIND SPEED              6.5
HIGHEST WIND SPEED/DIRECTION    30/200    DATE  08/03
HIGHEST GUST SPEED/DIRECTION    41/220    DATE  08/03

SKY COVER
AVERAGE SKY COVER           0.30

AVERAGE RH (PERCENT)     75

WEATHER CONDITIONS. NUMBER OF DAYS WITH
THUNDERSTORM              0     MIXED PRECIP               0
HEAVY RAIN                4     RAIN                       5
LIGHT RAIN                9     FREEZING RAIN              0
LT FREEZING RAIN          0     HAIL                       0
HEAVY SNOW                0     SNOW                       0
LIGHT SNOW                0     SLEET                      0
FOG                      16     FOG W/VIS <= 1/4 MILE      2
HAZE                      3

-  INDICATES NEGATIVE NUMBERS.
R  INDICATES RECORD WAS SET OR TIED.
MM INDICATES DATA IS MISSING.
T  INDICATES TRACE AMOUNT.

$$
