000
CXUS51 KCLE 011554
CLMMFD


CLIMATE REPORT
NATIONAL WEATHER SERVICE CLEVELAND OH
1145 AM EDT FRI NOV 1 2013

...................................

...THE MANSFIELD OH CLIMATE SUMMARY FOR THE MONTH OF OCTOBER 2013...

CLIMATE NORMAL PERIOD 1981 TO 2010
CLIMATE RECORD PERIOD 1916 TO 2013

WEATHER         OBSERVED          NORMAL  DEPART  LAST YEAR`S
                 VALUE   DATE(S)  VALUE   FROM    VALUE
                                          NORMAL
.............................................................
TEMPERATURE (F)
RECORD
 HIGH              87   10/07/2007
 LOW               20   10/30/1988
                        10/28/1976
HIGHEST            80   10/02
LOWEST             30   10/28
                        10/27
AVG. MAXIMUM     63.4              61.6     1.8     59.9
AVG. MINIMUM     43.9              41.9     2.0     43.5
MEAN             53.7              51.7     2.0     51.7
DAYS MAX >= 90      0               0.0     0.0        0
DAYS MAX <= 32      0               0.1    -0.1        0
DAYS MIN <= 32      4               3.9     0.1        1
DAYS MIN <= 0       0               0.0     0.0        0

PRECIPITATION (INCHES)
RECORD
 MAXIMUM         7.30   2012
 MINIMUM         0.43   1963
TOTALS           4.97              2.94    2.03     7.30
DAYS >= .01        15              10.6     4.4       20
DAYS >= .10         8               6.0     2.0       13
DAYS >= .50         3               2.0     1.0        5
DAYS >= 1.00        2               0.5     1.5        2
GREATEST
 24 HR. TOTAL    1.30   10/06 TO 10/07              1.55

SNOWFALL (INCHES)
RECORDS
 TOTAL           10.3   5
                        0
                        -26215
TOTALS              T               0.5    -0.5      2.5
SINCE 7/1           T               0.5    -0.5      2.5
DAYS >= 1.0         0               0.1    -0.1        1
GREATEST
 24 HR TOTAL        TR  10/23 TO 10/23

DEGREE_DAYS
HEATING TOTAL     370               418     -48      411
 SINCE 7/1        516               568     -52      572
COOLING TOTAL      24                 7      17        8
 SINCE 1/1        741               632     109      955
..............................................................

WIND (MPH)
AVERAGE WIND SPEED              7.4
HIGHEST WIND SPEED/DIRECTION    32/180    DATE  10/31
HIGHEST GUST SPEED/DIRECTION    44/170    DATE  10/31

SKY COVER
AVERAGE SKY COVER           0.40

AVERAGE RH (PERCENT)     75

WEATHER CONDITIONS. NUMBER OF DAYS WITH
THUNDERSTORM              0     MIXED PRECIP               0
HEAVY RAIN                5     RAIN                       9
LIGHT RAIN               13     FREEZING RAIN              0
LT FREEZING RAIN          0     HAIL                       0
HEAVY SNOW                0     SNOW                       0
LIGHT SNOW                1     SLEET                      0
FOG                      21     FOG W/VIS <= 1/4 MILE      2
HAZE                      4

-  INDICATES NEGATIVE NUMBERS.
R  INDICATES RECORD WAS SET OR TIED.
MM INDICATES DATA IS MISSING.
T  INDICATES TRACE AMOUNT.

$$
