000
CXUS51 KCLE 041443
CLMMFD


CLIMATE REPORT
NATIONAL WEATHER SERVICE CLEVELAND OH
1042 AM EDT SAT APR 4 2015

...................................

...THE MANSFIELD OH CLIMATE SUMMARY FOR THE MONTH OF MARCH 2015...

CLIMATE NORMAL PERIOD 1981 TO 2010
CLIMATE RECORD PERIOD 1916 TO 2015

WEATHER         OBSERVED          NORMAL  DEPART  LAST YEAR`S
                 VALUE   DATE(S)  VALUE   FROM    VALUE
                                          NORMAL
.............................................................
TEMPERATURE (F)
RECORD
 HIGH              84   03/22/2012
 LOW               -6   03/28/1980
HIGHEST            63   03/16
LOWEST              0   03/06
AVG. MAXIMUM     43.5              46.2    -2.7     42.1
AVG. MINIMUM     24.5              28.0    -3.5     21.2
MEAN             34.0              37.1    -3.1     31.6
DAYS MAX >= 90      0               0.0     0.0        0
DAYS MAX <= 32      6               4.3     1.7        8
DAYS MIN <= 32     22              20.7     1.3       26
DAYS MIN <= 0       1               0.1     0.9        0

PRECIPITATION (INCHES)
RECORD
 MAXIMUM         7.04   1964
 MINIMUM         1.16   1960
TOTALS           2.87              3.39   -0.52     1.84
DAYS >= .01        12              13.8    -1.8       12
DAYS >= .10         8               7.5     0.5        5
DAYS >= .50         1               2.1    -1.1        1
DAYS >= 1.00        0               0.6    -0.6        0
GREATEST
 24 HR. TOTAL    0.54   03/14 TO 03/14              0.72

SNOWFALL (INCHES)
RECORDS
 TOTAL           21.4   2008
TOTALS           10.7               7.8     2.9     10.5
SINCE 7/1        63.2              45.7    17.5     63.3
DAYS >= 1.0         2               2.3    -0.3        4
GREATEST
 24 HR TOTAL      5.5   03/01 TO 03/01

DEGREE_DAYS
HEATING TOTAL     953               865      88     1027
 SINCE 7/1       6025              5490     535     6071
COOLING TOTAL       0                 1      -1        0
 SINCE 1/1          0                 1      -1        0
..............................................................

WIND (MPH)
AVERAGE WIND SPEED              9.6
HIGHEST WIND SPEED/DIRECTION    33/200    DATE  03/29
HIGHEST GUST SPEED/DIRECTION    53/220    DATE  03/03

SKY COVER
AVERAGE SKY COVER           0.50

AVERAGE RH (PERCENT)     71

WEATHER CONDITIONS. NUMBER OF DAYS WITH
THUNDERSTORM              0     MIXED PRECIP               0
HEAVY RAIN                0     RAIN                       2
LIGHT RAIN                8     FREEZING RAIN              0
LT FREEZING RAIN          1     HAIL                       0
HEAVY SNOW                0     SNOW                       1
LIGHT SNOW                6     SLEET                      2
FOG                      18     FOG W/VIS <= 1/4 MILE      4
HAZE                     10

-  INDICATES NEGATIVE NUMBERS.
R  INDICATES RECORD WAS SET OR TIED.
MM INDICATES DATA IS MISSING.
T  INDICATES TRACE AMOUNT.

$$
