000
CXUS51 KCLE 031628
CLMMFD


CLIMATE REPORT
NATIONAL WEATHER SERVICE CLEVELAND OH
1128 AM EST FRI JAN 3 2014

...................................

...THE MANSFIELD OH CLIMATE SUMMARY FOR THE MONTH OF DECEMBER 2013...

CLIMATE NORMAL PERIOD 1981 TO 2010
CLIMATE RECORD PERIOD 1916 TO 2014

WEATHER         OBSERVED          NORMAL  DEPART  LAST YEAR`S
                 VALUE   DATE(S)  VALUE   FROM    VALUE
                                          NORMAL
.............................................................
TEMPERATURE (F)
RECORD
 HIGH              73   12/03/1982
 LOW              -17   12/22/1989
HIGHEST            62   12/21
                        12/05
LOWEST              5   12/12
AVG. MAXIMUM     37.3              36.5     0.8     42.8
AVG. MINIMUM     23.5              22.8     0.7     30.4
MEAN             30.4              29.7     0.7     36.6
DAYS MAX >= 90      0               0.0     0.0        0
DAYS MAX <= 32     15              11.5     3.5        9
DAYS MIN <= 32     25              25.4    -0.4       19
DAYS MIN <= 0       0               1.0    -1.0        0

PRECIPITATION (INCHES)
RECORD
 MAXIMUM        11.19   1990
 MINIMUM         0.74   1976
TOTALS           4.07              3.29    0.78     3.86
DAYS >= .01        16              14.9     1.1       15
DAYS >= .10         7               7.3    -0.3       12
DAYS >= .50         2               1.9     0.1        2
DAYS >= 1.00        1               0.7     0.3        0
GREATEST
 24 HR. TOTAL    2.29   12/21 TO 12/22              0.79

SNOWFALL (INCHES)
RECORDS
 TOTAL           28.7   5
                        0
                        -26215
TOTALS           15.3              10.5     4.8     10.2
SINCE 7/1        16.9              13.2     3.7     12.8
DAYS >= 1.0         4               3.0     1.0        3
GREATEST
 24 HR TOTAL      4.5   12/14 TO 12/14

DEGREE_DAYS
HEATING TOTAL    1067              1096     -29      873
 SINCE 7/1       2399              2377      22     2202
COOLING TOTAL       0                 0       0        0
 SINCE 1/1        741               632     109      955
..............................................................

WIND (MPH)
AVERAGE WIND SPEED              10.1
HIGHEST WIND SPEED/DIRECTION    37/170    DATE  12/21
HIGHEST GUST SPEED/DIRECTION    53/250    DATE  12/22

SKY COVER
AVERAGE SKY COVER           0.70

AVERAGE RH (PERCENT)     77

WEATHER CONDITIONS. NUMBER OF DAYS WITH
THUNDERSTORM              0     MIXED PRECIP               0
HEAVY RAIN                2     RAIN                       2
LIGHT RAIN                7     FREEZING RAIN              0
LT FREEZING RAIN          5     HAIL                       0
HEAVY SNOW                0     SNOW                       3
LIGHT SNOW               18     SLEET                      2
FOG                      23     FOG W/VIS <= 1/4 MILE      2
HAZE                     13

-  INDICATES NEGATIVE NUMBERS.
R  INDICATES RECORD WAS SET OR TIED.
MM INDICATES DATA IS MISSING.
T  INDICATES TRACE AMOUNT.

$$
