000
CXUS51 KCLE 070231
CLMMFD


CLIMATE REPORT
NATIONAL WEATHER SERVICE CLEVELAND OH
912 PM EST SAT DEC 6 2014

...................................

...THE MANSFIELD OH CLIMATE SUMMARY FOR THE MONTH OF NOVEMBER 2014...

CLIMATE NORMAL PERIOD 1981 TO 2010
CLIMATE RECORD PERIOD 1916 TO 2014

WEATHER         OBSERVED          NORMAL  DEPART  LAST YEAR`S
                 VALUE   DATE(S)  VALUE   FROM    VALUE
                                          NORMAL
.............................................................
TEMPERATURE (F)
RECORD
 HIGH              78   11/01/1968
 LOW                2   11/30/1976
HIGHEST            65   11/11
                        11/04
LOWEST              8   11/18
AVG. MAXIMUM     43.4              49.4    -6.0     44.8
AVG. MINIMUM     28.6              33.1    -4.5     30.3
MEAN             36.0              41.3    -5.3     37.5
DAYS MAX >= 90      0               0.0     0.0        0
DAYS MAX <= 32      6               1.9     4.1        4
DAYS MIN <= 32     20              14.5     5.5       18
DAYS MIN <= 0       0               0.0     0.0        0

PRECIPITATION (INCHES)
RECORD
 MAXIMUM        12.82   1985
 MINIMUM         0.70   1976
TOTALS           2.14              3.81   -1.67     2.24
DAYS >= .01        13              12.8     0.2       13
DAYS >= .10         8               7.4     0.6        8
DAYS >= .50         0               2.3    -2.3        1
DAYS >= 1.00        0               0.8    -0.8        0
GREATEST
 24 HR. TOTAL    0.51   11/23 TO 11/24              1.20

SNOWFALL (INCHES)
RECORDS
 TOTAL            14.5 1950


TOTALS            5.9               2.2     3.7      1.5
SINCE 7/1         5.9               2.7     3.2      1.5
DAYS >= 1.0         2               0.8     1.2        0
GREATEST
 24 HR TOTAL      3.4  11/17 TO 11/17

DEGREE_DAYS
HEATING TOTAL     863               713     150      816
 SINCE 7/1       1388              1281     107     1332
COOLING TOTAL       0                 0       0        0
 SINCE 1/1        623               632      -9      741
..............................................................

WIND (MPH)
AVERAGE WIND SPEED              12.2
HIGHEST WIND SPEED/DIRECTION    40/200    DATE  11/24
HIGHEST GUST SPEED/DIRECTION    56/200    DATE  11/24

SKY COVER
AVERAGE SKY COVER           0.70

AVERAGE RH (PERCENT)     73

WEATHER CONDITIONS. NUMBER OF DAYS WITH
THUNDERSTORM              0     MIXED PRECIP               0
HEAVY RAIN                2     RAIN                       3
LIGHT RAIN               10     FREEZING RAIN              0
LT FREEZING RAIN          1     HAIL                       0
HEAVY SNOW                0     SNOW                       4
LIGHT SNOW                9     SLEET                      0
FOG                      18     FOG W/VIS <= 1/4 MILE      0
HAZE                     11

-  INDICATES NEGATIVE NUMBERS.
R  INDICATES RECORD WAS SET OR TIED.
MM INDICATES DATA IS MISSING.
T  INDICATES TRACE AMOUNT.
CORRECTED SNOW DATA
$$
