000
CXUS51 KCLE 060535
CLMMFD


CLIMATE REPORT
NATIONAL WEATHER SERVICE CLEVELAND OH
1234 AM EST TUE FEB 6 2018

...................................

...THE MANSFIELD OH CLIMATE SUMMARY FOR THE MONTH OF JANUARY 2018...

CLIMATE NORMAL PERIOD 1981 TO 2010
CLIMATE RECORD PERIOD 1916 TO 2018

WEATHER         OBSERVED          NORMAL  DEPART  LAST YEAR`S
                 VALUE   DATE(S)  VALUE   FROM    VALUE
                                          NORMAL
.............................................................
TEMPERATURE (F)
RECORD
 HIGH              69   01/25/1950
 LOW              -26   01/15/1929
HIGHEST            59   01/22
LOWEST             -5   01/06
                        01/05
AVG. MAXIMUM     32.7              32.8    -0.1     39.5
AVG. MINIMUM     16.9              18.3    -1.4     26.0
MEAN             24.8              25.5    -0.7     32.7
DAYS MAX >= 90      0               0.0     0.0        0
DAYS MAX <= 32     15              14.8     0.2       10
DAYS MIN <= 32     27              27.1    -0.1       20
DAYS MIN <= 0       8               2.7     5.3        2

PRECIPITATION (INCHES)
RECORD
 MAXIMUM         6.08   2005
 MINIMUM         0.41   1981
TOTALS           2.51              2.87   -0.36     5.91
DAYS >= .01        13              14.9    -1.9       19
DAYS >= .10         7               6.9     0.1       10
DAYS >= .50         1               1.6    -0.6        3
DAYS >= 1.00        0               0.5    -0.5        2
GREATEST
 24 HR. TOTAL    0.96   01/12 TO 01/12              1.75

SNOWFALL (INCHES)
RECORDS
 TOTAL           43.8   2009
TOTALS            8.8              13.3    -4.5      6.6
SINCE 7/1        21.9              26.5    -4.6     17.8
DAYS >= 1.0         4               4.6    -0.6        2
GREATEST
 24 HR TOTAL      2.5   01/12 TO 01/12

DEGREE_DAYS
HEATING TOTAL    1238              1223      15      994
 SINCE 7/1       3483              3600    -117     2979
COOLING TOTAL       0                 0       0        0
 SINCE 1/1          0                 0       0        0
..............................................................

WIND (MPH)
AVERAGE WIND SPEED              11.6
HIGHEST WIND SPEED/DIRECTION    33/200    DATE  01/31
HIGHEST GUST SPEED/DIRECTION    44/200    DATE  01/31

SKY COVER
AVERAGE SKY COVER           0.60

AVERAGE RH (PERCENT)     76

WEATHER CONDITIONS. NUMBER OF DAYS WITH
THUNDERSTORM              0     MIXED PRECIP               0
HEAVY RAIN                1     RAIN                       3
LIGHT RAIN                5     FREEZING RAIN              2
LT FREEZING RAIN          2     HAIL                       0
HEAVY SNOW                0     SNOW                       2
LIGHT SNOW               15     SLEET                      0
FOG                      23     FOG W/VIS <= 1/4 MILE      2
HAZE                     12

-  INDICATES NEGATIVE NUMBERS.
R  INDICATES RECORD WAS SET OR TIED.
MM INDICATES DATA IS MISSING.
T  INDICATES TRACE AMOUNT.

$$
