315
CXUS51 KCLE 011322
CLMMFD


CLIMATE REPORT
NATIONAL WEATHER SERVICE CLEVELAND OH
918 AM EDT TUE AUG 1 2017

...................................

...THE MANSFIELD OH CLIMATE SUMMARY FOR THE MONTH OF JULY 2017...

CLIMATE NORMAL PERIOD 1981 TO 2010
CLIMATE RECORD PERIOD 1916 TO 2017

WEATHER         OBSERVED          NORMAL  DEPART  LAST YEAR`S
                 VALUE   DATE(S)  VALUE   FROM    VALUE
                                          NORMAL
.............................................................
TEMPERATURE (F)
RECORD
 HIGH             100   07/07/1988
 LOW               43   07/01/1988
HIGHEST            90   07/21
LOWEST             55   07/09
AVG. MAXIMUM     81.9              81.7     0.2     85.5
AVG. MINIMUM     63.1              61.3     1.8     64.6
MEAN             72.5              71.5     1.0     75.0
DAYS MAX >= 90      1               1.8    -0.8        7
DAYS MAX <= 32      0               0.0     0.0        0
DAYS MIN <= 32      0               0.0     0.0        0
DAYS MIN <= 0       0               0.0     0.0        0

PRECIPITATION (INCHES)
RECORD
 MAXIMUM        13.23   1992
 MINIMUM         0.65   1997
TOTALS           5.02              4.38    0.64     1.75
DAYS >= .01        10              10.5    -0.5        9
DAYS >= .10         8               6.9     1.1        4
DAYS >= .50         4               3.2     0.8        1
DAYS >= 1.00        1               1.3    -0.3        0
GREATEST
 24 HR. TOTAL    1.47   06/30 TO 07/01              0.54

SNOWFALL (INCHES)
RECORDS
 TOTAL             MM   5
TOTALS            0.0               0.0     0.0      0.0
SINCE 7/1         0.0               0.0     0.0      0.0
DAYS >= 1.0         0               0.0     0.0        0
GREATEST
 24 HR TOTAL      0.0   07/31 TO 07/31

DEGREE_DAYS
HEATING TOTAL       0                 8      -8        1
 SINCE 7/1          0                 8      -8        1
COOLING TOTAL     243               210      33      318
 SINCE 1/1        472               390      82      562
..............................................................

WIND (MPH)
AVERAGE WIND SPEED              6.5
HIGHEST WIND SPEED/DIRECTION    32/290    DATE  07/07
HIGHEST GUST SPEED/DIRECTION    46/280    DATE  07/07

SKY COVER
AVERAGE SKY COVER           0.30

AVERAGE RH (PERCENT)     77

WEATHER CONDITIONS. NUMBER OF DAYS WITH
THUNDERSTORM              0     MIXED PRECIP               0
HEAVY RAIN                7     RAIN                       8
LIGHT RAIN               10     FREEZING RAIN              0
LT FREEZING RAIN          0     HAIL                       0
HEAVY SNOW                0     SNOW                       0
LIGHT SNOW                0     SLEET                      0
FOG                      18     FOG W/VIS <= 1/4 MILE      2
HAZE                      1

-  INDICATES NEGATIVE NUMBERS.
R  INDICATES RECORD WAS SET OR TIED.
MM INDICATES DATA IS MISSING.
T  INDICATES TRACE AMOUNT.

$$
