711
CXUS51 KCLE 011721
CLMMFD


CLIMATE REPORT
NATIONAL WEATHER SERVICE CLEVELAND OH
119 PM EDT THU JUN 1 2017

...................................

...THE MANSFIELD OH CLIMATE SUMMARY FOR THE MONTH OF MAY 2017...

CLIMATE NORMAL PERIOD 1981 TO 2010
CLIMATE RECORD PERIOD 1916 TO 2017

WEATHER         OBSERVED          NORMAL  DEPART  LAST YEAR`S
                 VALUE   DATE(S)  VALUE   FROM    VALUE
                                          NORMAL
.............................................................
TEMPERATURE (F)
RECORD
 HIGH              92   05/18/1962
 LOW               25   05/10/1966
HIGHEST            87   05/17
LOWEST             33   05/09
AVG. MAXIMUM     68.5              69.4    -0.9     69.3
AVG. MINIMUM     49.2              48.1     1.1     48.8
MEAN             58.8              58.7     0.1     59.0
DAYS MAX >= 90      0               0.0     0.0        0
DAYS MAX <= 32      0               0.0     0.0        0
DAYS MIN <= 32      0               0.4    -0.4        1
DAYS MIN <= 0       0               0.0     0.0        0

PRECIPITATION (INCHES)
RECORD
 MAXIMUM         8.83   1989
 MINIMUM         1.50   1961
TOTALS           5.53              4.54    0.99     3.83
DAYS >= .01        17              13.8     3.2       17
DAYS >= .10        12               9.6     2.4       11
DAYS >= .50         4               3.4     0.6        3
DAYS >= 1.00        1               0.7     0.3        0
GREATEST
 24 HR. TOTAL    1.06   05/05 TO 05/05              0.74

SNOWFALL (INCHES)
RECORDS
 TOTAL            1.4   1966
TOTALS            0.0                 T     0.0      0.0
SINCE 7/1        36.6              48.3   -11.7     27.6
DAYS >= 1.0         0               0.0     0.0        0
GREATEST
 24 HR TOTAL      0.0   05/31 TO 05/31

DEGREE_DAYS
HEATING TOTAL     221               232     -11      239
 SINCE 7/1       4996              6217   -1221     5162
COOLING TOTAL      39                38       1       62
 SINCE 1/1         57                46      11       62
..............................................................

WIND (MPH)
AVERAGE WIND SPEED              9.5
HIGHEST WIND SPEED/DIRECTION    32/180    DATE  05/01
HIGHEST GUST SPEED/DIRECTION    44/230    DATE  05/02

SKY COVER
AVERAGE SKY COVER           0.50

AVERAGE RH (PERCENT)     71

WEATHER CONDITIONS. NUMBER OF DAYS WITH
THUNDERSTORM              0     MIXED PRECIP               0
HEAVY RAIN                8     RAIN                      10
LIGHT RAIN               17     FREEZING RAIN              0
LT FREEZING RAIN          0     HAIL                       0
HEAVY SNOW                0     SNOW                       0
LIGHT SNOW                0     SLEET                      0
FOG                      16     FOG W/VIS <= 1/4 MILE      2
HAZE                      3

-  INDICATES NEGATIVE NUMBERS.
R  INDICATES RECORD WAS SET OR TIED.
MM INDICATES DATA IS MISSING.
T  INDICATES TRACE AMOUNT.

$$
