796
CXUS51 KCLE 011350
CLMMFD


CLIMATE REPORT
NATIONAL WEATHER SERVICE CLEVELAND OH
948 AM EDT TUE NOV 1 2016

...................................

...THE MANSFIELD OH CLIMATE SUMMARY FOR THE MONTH OF OCTOBER 2016...

CLIMATE NORMAL PERIOD 1981 TO 2010
CLIMATE RECORD PERIOD 1916 TO 2016

WEATHER         OBSERVED          NORMAL  DEPART  LAST YEAR`S
                 VALUE   DATE(S)  VALUE   FROM    VALUE
                                          NORMAL
.............................................................
TEMPERATURE (F)
RECORD
 HIGH              87   10/07/2007
 LOW               20   10/30/1988
                        10/28/1976
HIGHEST            81   10/17
LOWEST             34   10/26
AVG. MAXIMUM     66.8              61.6     5.2     63.5
AVG. MINIMUM     46.8              41.9     4.9     43.5
MEAN             56.8              51.7     5.1     53.5
DAYS MAX >= 90      0               0.0     0.0        0
DAYS MAX <= 32      0               0.1    -0.1        0
DAYS MIN <= 32      0               3.9    -3.9        3
DAYS MIN <= 0       0               0.0     0.0        0

PRECIPITATION (INCHES)
RECORD
 MAXIMUM         7.30   2012
 MINIMUM         0.43   1963
TOTALS           3.47              2.94    0.53     2.61
DAYS >= .01        11              10.6     0.4        9
DAYS >= .10         6               6.0     0.0        5
DAYS >= .50         3               2.0     1.0        2
DAYS >= 1.00        1               0.5     0.5        1
GREATEST
 24 HR. TOTAL    1.50   10/20 TO 10/21              1.55

SNOWFALL (INCHES)
RECORDS
 TOTAL           10.3   1993
TOTALS            0.0               0.5    -0.5      0.0
SINCE 7/1         0.0               0.5    -0.5      0.0
DAYS >= 1.0         0               0.1    -0.1        0
GREATEST
 24 HR TOTAL      0.0   10/31 TO 10/31

DEGREE_DAYS
HEATING TOTAL     274               418    -144      349
 SINCE 7/1        309               568    -259      407
COOLING TOTAL      28                 7      21        0
 SINCE 1/1       1078               632     446      774
..............................................................

WIND (MPH)
AVERAGE WIND SPEED              9.2
HIGHEST WIND SPEED/DIRECTION    30/200    DATE  10/18
HIGHEST GUST SPEED/DIRECTION    39/220    DATE  10/29

SKY COVER
AVERAGE SKY COVER           0.40

AVERAGE RH (PERCENT)     73

WEATHER CONDITIONS. NUMBER OF DAYS WITH
THUNDERSTORM              0     MIXED PRECIP               0
HEAVY RAIN                3     RAIN                       5
LIGHT RAIN               10     FREEZING RAIN              0
LT FREEZING RAIN          0     HAIL                       0
HEAVY SNOW                0     SNOW                       0
LIGHT SNOW                0     SLEET                      0
FOG                      14     FOG W/VIS <= 1/4 MILE      1
HAZE                      0

-  INDICATES NEGATIVE NUMBERS.
R  INDICATES RECORD WAS SET OR TIED.
MM INDICATES DATA IS MISSING.
T  INDICATES TRACE AMOUNT.

$$
