000
CXUS51 KCLE 051802
CLMMFD


CLIMATE REPORT
NATIONAL WEATHER SERVICE CLEVELAND OH
101 PM EST THU FEB 5 2015

...................................

...THE MANSFIELD OH CLIMATE SUMMARY FOR THE MONTH OF JANUARY 2015...

CLIMATE NORMAL PERIOD 1981 TO 2010
CLIMATE RECORD PERIOD 1916 TO 2015

WEATHER         OBSERVED          NORMAL  DEPART  LAST YEAR`S
                 VALUE   DATE(S)  VALUE   FROM    VALUE
                                          NORMAL
.............................................................
TEMPERATURE (F)
RECORD
 HIGH              69   01/25/1950
 LOW              -26   01/15/1929
HIGHEST            57   01/04
                        01/03
LOWEST             -7   01/08
AVG. MAXIMUM     30.4              32.8    -2.4     28.0
AVG. MINIMUM     14.1              18.3    -4.2      9.6
MEAN             22.2              25.5    -3.3     18.8
DAYS MAX >= 90      0               0.0     0.0        0
DAYS MAX <= 32     18              14.8     3.2       20
DAYS MIN <= 32     30              27.1     2.9       30
DAYS MIN <= 0       6               2.7     3.3       10

PRECIPITATION (INCHES)
RECORD
 MAXIMUM         6.08   2005
 MINIMUM         0.41   1981
TOTALS           3.46              2.87    0.59     2.02
DAYS >= .01        16              14.9     1.1       19
DAYS >= .10        11               6.9     4.1        6
DAYS >= .50         1               1.6    -0.6        0
DAYS >= 1.00        1               0.5     0.5        0
GREATEST
 24 HR. TOTAL    1.38   01/03 TO 01/04              0.46

SNOWFALL (INCHES)
RECORDS
 TOTAL           43.8   2009
TOTALS           25.0              13.3    11.7     19.6
SINCE 7/1        31.1              26.5     4.6     36.5
DAYS >= 1.0        10               4.6     5.4        7
GREATEST
 24 HR TOTAL      4.3   MM

DEGREE_DAYS
HEATING TOTAL    1320              1223      97     1423
 SINCE 7/1       3671              3600      71     3822
COOLING TOTAL       0                 0       0        0
 SINCE 1/1          0                 0       0        0
..............................................................

WIND (MPH)
AVERAGE WIND SPEED              10.6
HIGHEST WIND SPEED/DIRECTION    32/240    DATE  01/04
HIGHEST GUST SPEED/DIRECTION    41/200    DATE  01/17

SKY COVER
AVERAGE SKY COVER           0.60

AVERAGE RH (PERCENT)     78

WEATHER CONDITIONS. NUMBER OF DAYS WITH
THUNDERSTORM              0     MIXED PRECIP               0
HEAVY RAIN                1     RAIN                       2
LIGHT RAIN                5     FREEZING RAIN              0
LT FREEZING RAIN          3     HAIL                       0
HEAVY SNOW                0     SNOW                       5
LIGHT SNOW               17     SLEET                      0
FOG                      26     FOG W/VIS <= 1/4 MILE      1
HAZE                     16

-  INDICATES NEGATIVE NUMBERS.
R  INDICATES RECORD WAS SET OR TIED.
MM INDICATES DATA IS MISSING.
T  INDICATES TRACE AMOUNT.

$$
