000
CXUS51 KCLE 011926
CLMMFD


CLIMATE REPORT
NATIONAL WEATHER SERVICE CLEVELAND OH
320 PM EDT TUE APR 1 2014

...................................

...THE MANSFIELD OH CLIMATE SUMMARY FOR THE MONTH OF MARCH 2014...

CLIMATE NORMAL PERIOD 1981 TO 2010
CLIMATE RECORD PERIOD 1916 TO 2014

WEATHER         OBSERVED          NORMAL  DEPART  LAST YEAR`S
                 VALUE   DATE(S)  VALUE   FROM    VALUE
                                          NORMAL
.............................................................
TEMPERATURE (F)
RECORD
 HIGH              84   03/22/2012
 LOW               -6   03/28/1980
HIGHEST            64   03/11
LOWEST              1   03/04
                        03/03
AVG. MAXIMUM     42.1              46.2    -4.1     40.7
AVG. MINIMUM     21.2              28.0    -6.8     26.0
MEAN             31.6              37.1    -5.5     33.4
DAYS MAX >= 90      0               0.0     0.0        0
DAYS MAX <= 32      8               4.3     3.7        7
DAYS MIN <= 32     26              20.7     5.3       28
DAYS MIN <= 0       0               0.1    -0.1        0

PRECIPITATION (INCHES)
RECORD
 MAXIMUM         7.04   1964
 MINIMUM         1.16   1960
TOTALS           1.84              3.39   -1.55     1.95
DAYS >= .01        12              13.8    -1.8       11
DAYS >= .10         5               7.5    -2.5        4
DAYS >= .50         1               2.1    -1.1        1
DAYS >= 1.00        0               0.6    -0.6        0
GREATEST
 24 HR. TOTAL    0.72   03/12 TO 03/12              0.62

SNOWFALL (INCHES)
RECORDS
 TOTAL           21.4   2008
TOTALS           10.5               7.8     2.7      9.5
SINCE 7/1        63.3              45.7    17.6     39.3
DAYS >= 1.0         4               2.3     1.7        3
GREATEST
 24 HR TOTAL      3.1   MM

DEGREE_DAYS
HEATING TOTAL    1027               865     162      975
 SINCE 7/1       6071              5490     581     5348
COOLING TOTAL       0                 1      -1        0
 SINCE 1/1          0                 1      -1        0
..............................................................

WIND (MPH)
AVERAGE WIND SPEED              10.3
HIGHEST WIND SPEED/DIRECTION    40/200    DATE  03/14
HIGHEST GUST SPEED/DIRECTION    51/200    DATE  03/14

SKY COVER
AVERAGE SKY COVER           0.50

AVERAGE RH (PERCENT)     68

WEATHER CONDITIONS. NUMBER OF DAYS WITH
THUNDERSTORM              0     MIXED PRECIP               0
HEAVY RAIN                0     RAIN                       1
LIGHT RAIN                7     FREEZING RAIN              1
LT FREEZING RAIN          1     HAIL                       0
HEAVY SNOW                2     SNOW                       4
LIGHT SNOW               10     SLEET                      0
FOG                      13     FOG W/VIS <= 1/4 MILE      3
HAZE                      6

-  INDICATES NEGATIVE NUMBERS.
R  INDICATES RECORD WAS SET OR TIED.
MM INDICATES DATA IS MISSING.
T  INDICATES TRACE AMOUNT.

$$
