000
CXUS51 KCLE 010530
CLMMFD


CLIMATE REPORT
NATIONAL WEATHER SERVICE CLEVELAND OH
1230 AM EST SAT MAR 1 2014

...................................

...THE MANSFIELD OH CLIMATE SUMMARY FOR THE MONTH OF FEBRUARY 2014...

CLIMATE NORMAL PERIOD 1981 TO 2010
CLIMATE RECORD PERIOD 1916 TO 2014

WEATHER         OBSERVED          NORMAL  DEPART  LAST YEAR`S
                 VALUE   DATE(S)  VALUE   FROM    VALUE
                                          NORMAL
.............................................................
TEMPERATURE (F)
RECORD
 HIGH              71   02/26/2000
 LOW              -11   02/10/1982
                        02/17/1979
HIGHEST            56   02/20
LOWEST             -6   02/07
AVG. MAXIMUM     29.5              36.3    -6.8     33.6
AVG. MINIMUM     12.7              20.5    -7.8     20.0
MEAN             21.1              28.4    -7.3     26.8
DAYS MAX >= 90      0               0.0     0.0        0
DAYS MAX <= 32     18              10.5     7.5       12
DAYS MIN <= 32     26              24.2     1.8       28
DAYS MIN <= 0       4               1.3     2.7        0

PRECIPITATION (INCHES)
RECORD
 MAXIMUM         6.05   2008
 MINIMUM         0.29   1978
TOTALS           2.31              2.39   -0.08     2.15
DAYS >= .01        15              12.9     2.1       14
DAYS >= .10         8               5.9     2.1        7
DAYS >= .50         0               1.3    -1.3        1
DAYS >= 1.00        0               0.2    -0.2        0
GREATEST
 24 HR. TOTAL    0.68   02/20 TO 02/21              0.99

SNOWFALL (INCHES)
RECORDS
 TOTAL           49.2   2010
TOTALS           16.3              11.4     4.9     11.6
SINCE 7/1        52.8              37.9    14.9     29.8
DAYS >= 1.0         6               3.6     2.4        4
GREATEST
 24 HR TOTAL      3.7   MM

DEGREE_DAYS
HEATING TOTAL    1222              1025     197     1061
 SINCE 7/1       5044              4625     419     4373
COOLING TOTAL       0                 0       0        0
 SINCE 1/1          0                 0       0        0
..............................................................

WIND (MPH)
AVERAGE WIND SPEED              9.4
HIGHEST WIND SPEED/DIRECTION    35/210    DATE  02/21
HIGHEST GUST SPEED/DIRECTION    46/210    DATE  02/21

SKY COVER
AVERAGE SKY COVER           0.50

AVERAGE RH (PERCENT)     73

WEATHER CONDITIONS. NUMBER OF DAYS WITH
THUNDERSTORM              0     MIXED PRECIP               0
HEAVY RAIN                1     RAIN                       1
LIGHT RAIN                4     FREEZING RAIN              1
LT FREEZING RAIN          3     HAIL                       0
HEAVY SNOW                1     SNOW                       4
LIGHT SNOW               18     SLEET                      0
FOG                      22     FOG W/VIS <= 1/4 MILE      3
HAZE                     17

-  INDICATES NEGATIVE NUMBERS.
R  INDICATES RECORD WAS SET OR TIED.
MM INDICATES DATA IS MISSING.
T  INDICATES TRACE AMOUNT.

$$
