000
CXUS51 KCLE 031142
CLMMFD


CLIMATE REPORT
NATIONAL WEATHER SERVICE CLEVELAND OH
738 AM EDT THU OCT 3 2013

...................................

...THE MANSFIELD OH CLIMATE SUMMARY FOR THE MONTH OF SEPTEMBER 2013...

CLIMATE NORMAL PERIOD 1981 TO 2010
CLIMATE RECORD PERIOD 1916 TO 2013

WEATHER         OBSERVED          NORMAL  DEPART  LAST YEAR`S
                 VALUE   DATE(S)  VALUE   FROM    VALUE
                                          NORMAL
.............................................................
TEMPERATURE (F)
RECORD
 HIGH              95   09/10/2013
 LOW               33   09/28/1991
                        09/24/1989
HIGHEST            95R  09/10
LOWEST             41   09/24
AVG. MAXIMUM     74.2              73.3     0.9     72.8
AVG. MINIMUM     52.6              52.6     0.0     51.6
MEAN             63.4              63.0     0.4     62.2
DAYS MAX >= 90      1               0.3     0.7        0
DAYS MAX <= 32      0               0.0     0.0        0
DAYS MIN <= 32      0               0.0     0.0        0
DAYS MIN <= 0       0               0.0     0.0        0

PRECIPITATION (INCHES)
RECORD
 MAXIMUM         7.76   1986
 MINIMUM         0.70   1998
TOTALS           2.75              3.32   -0.57     6.71
DAYS >= .01        10               9.5     0.5       14
DAYS >= .10         4               5.9    -1.9       10
DAYS >= .50         2               2.1    -0.1        5
DAYS >= 1.00        0               1.1    -1.1        2
GREATEST
 24 HR. TOTAL    1.37   09/20 TO 09/21              1.63

SNOWFALL (INCHES)
RECORDS
 TOTAL              T   5
                        0

TOTALS            0.0               0.0     0.0      0.0
SINCE 7/1         0.0               0.0     0.0      0.0
DAYS >= 1.0         0               0.0     0.0        0
GREATEST
 24 HR TOTAL      0.0   09/30 TO 09/30

DEGREE_DAYS
HEATING TOTAL     118               125      -7      157
 SINCE 7/1        146               150      -4      161
COOLING TOTAL      75                63      12       82
 SINCE 1/1        717               625      92      947
..............................................................

WIND (MPH)
AVERAGE WIND SPEED              6.4
HIGHEST WIND SPEED/DIRECTION    24/330    DATE  09/12
HIGHEST GUST SPEED/DIRECTION    31/330    DATE  09/12

SKY COVER
AVERAGE SKY COVER           0.30

AVERAGE RH (PERCENT)     75

WEATHER CONDITIONS. NUMBER OF DAYS WITH
THUNDERSTORM              0     MIXED PRECIP               0
HEAVY RAIN                4     RAIN                       4
LIGHT RAIN                7     FREEZING RAIN              0
LT FREEZING RAIN          0     HAIL                       0
HEAVY SNOW                0     SNOW                       0
LIGHT SNOW                0     SLEET                      0
FOG                      18     FOG W/VIS <= 1/4 MILE      2
HAZE                      5

-  INDICATES NEGATIVE NUMBERS.
R  INDICATES RECORD WAS SET OR TIED.
MM INDICATES DATA IS MISSING.
T  INDICATES TRACE AMOUNT.

$$
