023
CXUS51 KCLE 012327
CLMMFD


CLIMATE REPORT...CORRECTED
NATIONAL WEATHER SERVICE CLEVELAND OH
624 PM EST THU DEC 1 2016

...................................

...THE MANSFIELD OH CLIMATE SUMMARY FOR THE MONTH OF NOVEMBER 2016...

CLIMATE NORMAL PERIOD 1981 TO 2010
CLIMATE RECORD PERIOD 1916 TO 2016

WEATHER         OBSERVED          NORMAL  DEPART  LAST YEAR`S
                 VALUE   DATE(S)  VALUE   FROM    VALUE
                                          NORMAL
.............................................................
TEMPERATURE (F)
RECORD
 HIGH              79   11/01/2016
 LOW                2   11/30/1976
HIGHEST            79R  11/01
LOWEST             21   11/22
AVG. MAXIMUM     55.9              49.4     6.5     56.2
AVG. MINIMUM     36.2              33.1     3.1     38.0
MEAN             46.1              41.3     4.8     47.1
DAYS MAX >= 90      0               0.0     0.0        0
DAYS MAX <= 32      1               1.9    -0.9        0
DAYS MIN <= 32      9              14.5    -5.5        9
DAYS MIN <= 0       0               0.0     0.0        0

PRECIPITATION (INCHES)
RECORD
 MAXIMUM        12.82   1985
 MINIMUM         0.70   1976
TOTALS           1.29              3.81   -2.52     2.22
DAYS >= .01         9              12.8    -3.8       10
DAYS >= .10         5               7.4    -2.4        6
DAYS >= .50         0               2.3    -2.3        1
DAYS >= 1.00        0               0.8    -0.8        0
GREATEST
 24 HR. TOTAL    0.38   11/28 TO 11/29              0.73

SNOWFALL (INCHES)
RECORDS
 TOTAL           14.5   1950
TOTALS            0.2               2.2    -2.0      0.0
SINCE 7/1         0.2               2.7    -2.5      0.0
DAYS >= 1.0         0               0.8    -0.8        0
GREATEST
 24 HR TOTAL      0.2

DEGREE_DAYS
HEATING TOTAL     568               713    -145      533
 SINCE 7/1        877              1281    -404      940
COOLING TOTAL       6                 0       6        4
 SINCE 1/1       1084               632     452      778
..............................................................

WIND (MPH)
AVERAGE WIND SPEED              9.1
HIGHEST WIND SPEED/DIRECTION    37/140    DATE  11/29
HIGHEST GUST SPEED/DIRECTION    45/140    DATE  11/29

SKY COVER
AVERAGE SKY COVER           0.40

AVERAGE RH (PERCENT)     70

WEATHER CONDITIONS. NUMBER OF DAYS WITH
THUNDERSTORM              0     MIXED PRECIP               0
HEAVY RAIN                0     RAIN                       2
LIGHT RAIN                8     FREEZING RAIN              0
LT FREEZING RAIN          0     HAIL                       0
HEAVY SNOW                0     SNOW                       2
LIGHT SNOW                1     SLEET                      0
FOG                      16     FOG W/VIS <= 1/4 MILE      3
HAZE                      5

-  INDICATES NEGATIVE NUMBERS.
R  INDICATES RECORD WAS SET OR TIED.
MM INDICATES DATA IS MISSING.
T  INDICATES TRACE AMOUNT.

$$
