000
CXUS51 KCLE 040444
CLMMFD


CLIMATE REPORT
NATIONAL WEATHER SERVICE CLEVELAND OH
1141 PM EST FRI MAR 3 2017

...................................

...THE MANSFIELD OH CLIMATE SUMMARY FOR THE MONTH OF FEBRUARY 2017...

CLIMATE NORMAL PERIOD 1981 TO 2010
CLIMATE RECORD PERIOD 1916 TO 2017

WEATHER         OBSERVED          NORMAL  DEPART  LAST YEAR`S
                 VALUE   DATE(S)  VALUE   FROM    VALUE
                                          NORMAL
.............................................................
TEMPERATURE (F)
RECORD
 HIGH              74   02/24/2017
 LOW              -11   02/15/2015
                        02/10/1982
                        02/17/1979
HIGHEST            74R  02/24
LOWEST             11   02/10
AVG. MAXIMUM     49.1              36.3    12.8     40.2
AVG. MINIMUM     31.1              20.5    10.6     23.1
MEAN             40.1              28.4    11.7     31.6
DAYS MAX >= 90      0               0.0     0.0        0
DAYS MAX <= 32      5              10.5    -5.5        9
DAYS MIN <= 32     18              24.2    -6.2       24
DAYS MIN <= 0       0               1.3    -1.3        1

PRECIPITATION (INCHES)
RECORD
 MAXIMUM         6.05   2008
 MINIMUM         0.29   1978
TOTALS           1.95              2.39   -0.44     3.36
DAYS >= .01         9              12.9    -3.9       15
DAYS >= .10         4               5.9    -1.9        8
DAYS >= .50         2               1.3     0.7        1
DAYS >= 1.00        0               0.2    -0.2        1
GREATEST
 24 HR. TOTAL    0.74   02/06 TO 02/07              1.54

SNOWFALL (INCHES)
RECORDS
 TOTAL           49.2   2010
TOTALS            3.8              11.4    -7.6     11.5
SINCE 7/1        21.6              37.9   -16.3     20.4
DAYS >= 1.0         2               3.6    -1.6        5
GREATEST
 24 HR TOTAL      2.8   02/08 TO 02/08

DEGREE_DAYS
HEATING TOTAL     691              1025    -334      960
 SINCE 7/1       3670              4625    -955     3772
COOLING TOTAL       0                 0       0        0
 SINCE 1/1          0                 0       0        0
..............................................................

WIND (MPH)
AVERAGE WIND SPEED              10.8
HIGHEST WIND SPEED/DIRECTION    30/200    DATE  02/07
HIGHEST GUST SPEED/DIRECTION    43/200    DATE  02/07

SKY COVER
AVERAGE SKY COVER           0.50

AVERAGE RH (PERCENT)     70

WEATHER CONDITIONS. NUMBER OF DAYS WITH
THUNDERSTORM              0     MIXED PRECIP               0
HEAVY RAIN                1     RAIN                       3
LIGHT RAIN                8     FREEZING RAIN              0
LT FREEZING RAIN          0     HAIL                       0
HEAVY SNOW                0     SNOW                       1
LIGHT SNOW                7     SLEET                      0
FOG                      14     FOG W/VIS <= 1/4 MILE      3
HAZE                      4

-  INDICATES NEGATIVE NUMBERS.
R  INDICATES RECORD WAS SET OR TIED.
MM INDICATES DATA IS MISSING.
T  INDICATES TRACE AMOUNT.

$$
