000
CXUS51 KCLE 011412
CLMMFD
CLIMATE REPORT
NATIONAL WEATHER SERVICE CLEVELAND, OH
1012 AM EDT MON MAY 01 2023
...................................
...THE MANSFIELD OH CLIMATE SUMMARY FOR THE MONTH OF APRIL 2023...
CLIMATE NORMAL PERIOD 1991 TO 2020
CLIMATE RECORD PERIOD 1916 TO 2023
WEATHER OBSERVED NORMAL DEPART LAST YEAR`S
VALUE DATE(S) VALUE FROM VALUE
NORMAL
..............................................................
TEMPERATURE (F)
RECORD
HIGH 86 04/27/1990
LOW 8 04/07/1982
HIGHEST 84 04/14
LOWEST 28 04/25
AVG. MAXIMUM 63.2 60.4 2.8 57.2
AVG. MINIMUM 40.6 38.9 1.7 38.1
MEAN 51.9 49.7 2.2 47.7
DAYS MAX >= 90 0 0.0 0.0 0
DAYS MAX <= 32 0 0.2 -0.2 0
DAYS MIN <= 32 7 8.4 -1.4 12
DAYS MIN <= 0 0 0.0 0.0 0
PRECIPITATION (INCHES)
RECORD
MAXIMUM 8.68 1996
MINIMUM 0.75 1971
TOTALS 3.08 4.27 -1.19 3.40
DAYS >= .01 11 14.6 -3.6 17
DAYS >= .10 6 8.8 -2.8 11
DAYS >= .50 2 2.9 -0.9 3
DAYS >= 1.00 1 0.7 0.3 0
GREATEST
24 HR. TOTAL 1.06 04/05 TO 04/05 0.87
SNOWFALL (INCHES)
RECORDS
TOTAL 18.1 2005
TOTALS T 1.9 -1.9 1.1
SINCE 7/1 14.5 49.2 -34.7 26.6
DAYS >= 1.0 0 0.7 -0.7 0
GREATEST
24 HR TOTAL T 04/24 TO 04/24
04/17 TO 04/17
04/01 TO 04/01
DEGREE DAYS
HEATING TOTAL 402 468 -66 523
SINCE 7/1 5031 5743 -712 5369
COOLING TOTAL 18 7 11 11
SINCE 1/1 18 8 10 11
..............................................................
WIND (MPH)
AVERAGE WIND SPEED 9.2
HIGHEST WIND SPEED/DIRECTION 45/190 DATE 04/01
HIGHEST GUST SPEED/DIRECTION 62/240 DATE 04/01
SKY COVER
AVERAGE SKY COVER 0.41
AVERAGE RH (PERCENT) 60
WEATHER CONDITIONS. NUMBER OF DAYS WITH
THUNDERSTORM 4 MIXED PRECIP 0
HEAVY RAIN 3 RAIN 5
LIGHT RAIN 12 FREEZING RAIN 0
LT FREEZING RAIN 0 HAIL 0
HEAVY SNOW 0 SNOW 0
LIGHT SNOW 3 SLEET 0
FOG 13 FOG W/VIS <= 1/4 MILE 0
HAZE 2
- INDICATES NEGATIVE NUMBERS.
R INDICATES RECORD WAS SET OR TIED.
MM INDICATES DATA IS MISSING.
T INDICATES TRACE AMOUNT.
$$