000
CXUS51 KCLE 090027
CLMMFD


CLIMATE REPORT
NATIONAL WEATHER SERVICE CLEVELAND OH
826 PM EDT FRI AUG 8 2014

...................................

...THE MANSFIELD OH CLIMATE SUMMARY FOR THE MONTH OF JULY 2014...

CLIMATE NORMAL PERIOD 1981 TO 2010
CLIMATE RECORD PERIOD 1916 TO 2014

WEATHER         OBSERVED          NORMAL  DEPART  LAST YEAR`S
                 VALUE   DATE(S)  VALUE   FROM    VALUE
                                          NORMAL
.............................................................
TEMPERATURE (F)
RECORD
 HIGH             100   07/07/1988
 LOW               43   07/01/1988
HIGHEST            88   07/22
                        07/01
LOWEST             48   07/25
AVG. MAXIMUM     78.6              81.7    -3.1     80.8
AVG. MINIMUM     58.6              61.3    -2.7     63.4
MEAN             68.6              71.5    -2.9     72.1
DAYS MAX >= 90      0               1.8    -1.8        5
DAYS MAX <= 32      0               0.0     0.0        0
DAYS MIN <= 32      0               0.0     0.0        0
DAYS MIN <= 0       0               0.0     0.0        0

PRECIPITATION (INCHES)
RECORD
 MAXIMUM        13.23   1992
 MINIMUM         0.65   1997
TOTALS           2.74              4.38   -1.64     6.18
DAYS >= .01        12              10.5     1.5       13
DAYS >= .10         5               6.9    -1.9       11
DAYS >= .50         2               3.2    -1.2        4
DAYS >= 1.00        1               1.3    -0.3        2
GREATEST
 24 HR. TOTAL    1.24   07/18 TO 07/19              2.44

SNOWFALL (INCHES)
RECORDS
 TOTAL             MM   5
TOTALS            0.0               0.0     0.0      0.0
SINCE 7/1         0.0               0.0     0.0      0.0
DAYS >= 1.0         0               0.0     0.0        0
GREATEST
 24 HR TOTAL      0.0   07/31 TO 07/31

DEGREE_DAYS
HEATING TOTAL      17                 8       9       10
 SINCE 7/1         17                 8       9       10
COOLING TOTAL     137               210     -73      238
 SINCE 1/1        369               390     -21      481
..............................................................

WIND (MPH)
AVERAGE WIND SPEED              6.6
HIGHEST WIND SPEED/DIRECTION    25/330    DATE  07/27
HIGHEST GUST SPEED/DIRECTION    41/MM     DATE   MM

SKY COVER
AVERAGE SKY COVER           0.40

AVERAGE RH (PERCENT)     73

WEATHER CONDITIONS. NUMBER OF DAYS WITH
THUNDERSTORM              0     MIXED PRECIP               0
HEAVY RAIN                3     RAIN                       2
LIGHT RAIN               10     FREEZING RAIN              0
LT FREEZING RAIN          0     HAIL                       0
HEAVY SNOW                0     SNOW                       0
LIGHT SNOW                0     SLEET                      0
FOG                      16     FOG W/VIS <= 1/4 MILE      2
HAZE                      3

-  INDICATES NEGATIVE NUMBERS.
R  INDICATES RECORD WAS SET OR TIED.
MM INDICATES DATA IS MISSING.
T  INDICATES TRACE AMOUNT.

$$
