000
CXUS51 KCLE 042341
CLMMFD


CLIMATE REPORT
NATIONAL WEATHER SERVICE CLEVELAND OH
735 PM EDT MON JUL 4 2016

...................................

...THE MANSFIELD OH CLIMATE SUMMARY FOR THE MONTH OF JUNE 2016...

CLIMATE NORMAL PERIOD 1981 TO 2010
CLIMATE RECORD PERIOD 1916 TO 2016

WEATHER         OBSERVED          NORMAL  DEPART  LAST YEAR`S
                 VALUE   DATE(S)  VALUE   FROM    VALUE
                                          NORMAL
.............................................................
TEMPERATURE (F)
RECORD
 HIGH             101   06/25/1988
 LOW               32   06/06/1945
HIGHEST            92   06/11
LOWEST             48   06/13
AVG. MAXIMUM     81.5              78.1     3.4     77.6
AVG. MINIMUM     59.2              57.3     1.9     60.2
MEAN             70.3              67.7     2.6     68.9
DAYS MAX >= 90      3               0.9     2.1        1
DAYS MAX <= 32      0               0.0     0.0        0
DAYS MIN <= 32      0               0.0     0.0        0
DAYS MIN <= 0       0               0.0     0.0        0

PRECIPITATION (INCHES)
RECORD
 MAXIMUM        10.00   1981
 MINIMUM         0.56   1988
TOTALS           2.09              4.75   -2.66     7.44
DAYS >= .01        10              11.9    -1.9       17
DAYS >= .10         7               8.4    -1.4       12
DAYS >= .50         0               3.6    -3.6        6
DAYS >= 1.00        0               1.1    -1.1        2
GREATEST
 24 HR. TOTAL    0.84   06/22 TO 06/23              1.92

SNOWFALL (INCHES)
RECORDS
 TOTAL             MM   MM
TOTALS            0.0               0.0     0.0      0.0
SINCE 7/1        27.6              48.3   -20.7     63.2
DAYS >= 1.0         0               0.0     0.0        0
GREATEST
 24 HR TOTAL      0.0   06/30 TO 06/30

DEGREE_DAYS
HEATING TOTAL      13                53     -40       33
 SINCE 7/1       5175              6270   -1095     6602
COOLING TOTAL     182               134      48      156
 SINCE 1/1        244               180      64      274
..............................................................

WIND (MPH)
AVERAGE WIND SPEED              7.8
HIGHEST WIND SPEED/DIRECTION    26/220    DATE  06/05
HIGHEST GUST SPEED/DIRECTION    39/230    DATE  06/05

SKY COVER
AVERAGE SKY COVER           0.30

AVERAGE RH (PERCENT)     64

WEATHER CONDITIONS. NUMBER OF DAYS WITH
THUNDERSTORM              0     MIXED PRECIP               0
HEAVY RAIN                3     RAIN                       3
LIGHT RAIN               10     FREEZING RAIN              0
LT FREEZING RAIN          0     HAIL                       0
HEAVY SNOW                0     SNOW                       0
LIGHT SNOW                0     SLEET                      0
FOG                      10     FOG W/VIS <= 1/4 MILE      1
HAZE                      2

-  INDICATES NEGATIVE NUMBERS.
R  INDICATES RECORD WAS SET OR TIED.
MM INDICATES DATA IS MISSING.
T  INDICATES TRACE AMOUNT.

$$
