000
CXUS51 KCLE 012051
CLMMFD


CLIMATE REPORT
NATIONAL WEATHER SERVICE CLEVELAND OH
451 PM EDT THU AUG 1 2013

...................................

...THE MANSFIELD OH CLIMATE SUMMARY FOR THE MONTH OF JULY 2013...

CLIMATE NORMAL PERIOD 1981 TO 2010
CLIMATE RECORD PERIOD 1916 TO 2013

WEATHER         OBSERVED          NORMAL  DEPART  LAST YEAR`S
                 VALUE   DATE(S)  VALUE   FROM    VALUE
                                          NORMAL
.............................................................
TEMPERATURE (F)
RECORD
 HIGH             100   07/07/1988
 LOW               43   07/01/1988
HIGHEST            91   07/19
                        07/18
                        07/17
LOWEST             51   07/28
AVG. MAXIMUM     80.8              81.7    -0.9     87.9
AVG. MINIMUM     63.4              61.3     2.1     65.5
MEAN             72.1              71.5     0.6     76.7
DAYS MAX >= 90      5               1.8     3.2       12
DAYS MAX <= 32      0               0.0     0.0        0
DAYS MIN <= 32      0               0.0     0.0        0
DAYS MIN <= 0       0               0.0     0.0        0

PRECIPITATION (INCHES)
RECORD
 MAXIMUM        13.23   1992
 MINIMUM         0.65   1997
TOTALS           6.18              4.38    1.80     1.92
DAYS >= .01        13              10.5     2.5       10
DAYS >= .10        11               6.9     4.1        6
DAYS >= .50         4               3.2     0.8        1
DAYS >= 1.00        2               1.3     0.7        0
GREATEST
 24 HR. TOTAL    2.44   07/08 TO 07/09              0.89

SNOWFALL (INCHES)
RECORDS
 TOTAL             MM   5
TOTALS            0.0               0.0     0.0      0.0
SINCE 7/1         0.0               0.0     0.0      0.0
DAYS >= 1.0         0               0.0     0.0        0
GREATEST
 24 HR TOTAL      0.0   07/31 TO 07/31

DEGREE_DAYS
HEATING TOTAL      10                 8       2        0
 SINCE 7/1         10                 8       2        0
COOLING TOTAL     238               210      28      370
 SINCE 1/1        481               390      91      674
..............................................................

WIND (MPH)
AVERAGE WIND SPEED              6.5
HIGHEST WIND SPEED/DIRECTION    32/280    DATE  07/10
HIGHEST GUST SPEED/DIRECTION    45/270    DATE  07/10

SKY COVER
AVERAGE SKY COVER           0.40

AVERAGE RH (PERCENT)     79

WEATHER CONDITIONS. NUMBER OF DAYS WITH
THUNDERSTORM              0     MIXED PRECIP               0
HEAVY RAIN                7     RAIN                       9
LIGHT RAIN               14     FREEZING RAIN              0
LT FREEZING RAIN          0     HAIL                       0
HEAVY SNOW                0     SNOW                       0
LIGHT SNOW                0     SLEET                      0
FOG                      18     FOG W/VIS <= 1/4 MILE      2
HAZE                      6

-  INDICATES NEGATIVE NUMBERS.
R  INDICATES RECORD WAS SET OR TIED.
MM INDICATES DATA IS MISSING.
T  INDICATES TRACE AMOUNT.

$$
