000
CXUS51 KCLE 011225
CLMMFD


CLIMATE REPORT
NATIONAL WEATHER SERVICE CLEVELAND OH
813 AM EDT SAT JUN 1 2013

...................................

...THE MANSFIELD OH CLIMATE SUMMARY FOR THE MONTH OF MAY 2013...

CLIMATE NORMAL PERIOD 1981 TO 2010
CLIMATE RECORD PERIOD 1916 TO 2013

WEATHER         OBSERVED          NORMAL  DEPART  LAST YEAR`S
                 VALUE   DATE(S)  VALUE   FROM    VALUE
                                          NORMAL
.............................................................
TEMPERATURE (F)
RECORD
 HIGH              92   05/18/1962
 LOW               25   05/10/1966
HIGHEST            86   05/31
                        05/30
                        05/29
LOWEST             32   05/13
AVG. MAXIMUM     73.6              69.4     4.2     77.0
AVG. MINIMUM     51.7              48.1     3.6     53.5
MEAN             62.7              58.7     4.0     65.3
DAYS MAX >= 90      0               0.0     0.0        2
DAYS MAX <= 32      0               0.0     0.0        0
DAYS MIN <= 32      1               0.4     0.6        0
DAYS MIN <= 0       0               0.0     0.0        0

PRECIPITATION (INCHES)
RECORD
 MAXIMUM         8.83   1989
 MINIMUM         1.50   1961
TOTALS           2.40              4.54   -2.14     3.90
DAYS >= .01        10              13.8    -3.8       10
DAYS >= .10         7               9.6    -2.6        8
DAYS >= .50         1               3.4    -2.4        3
DAYS >= 1.00        1               0.7     0.3        1
GREATEST
 24 HR. TOTAL    1.09   05/10 TO 05/10              1.29
                        05/09 TO 05/10
                        05/10 TO 05/10

SNOWFALL (INCHES)
RECORDS
 TOTAL            1.4   1966
TOTALS            0.0                 T     0.0      0.0
SINCE 7/1        39.4              48.3    -8.9     33.7
DAYS >= 1.0         0               0.0     0.0        0
GREATEST
 24 HR TOTAL      0.0

DEGREE_DAYS
HEATING TOTAL     154               232     -78       88
 SINCE 7/1       5982              6217    -235     4945
COOLING TOTAL      89                38      51      104
 SINCE 1/1         95                46      49      123
..............................................................

WIND (MPH)
AVERAGE WIND SPEED              9.3
HIGHEST WIND SPEED/DIRECTION    36/190    DATE  05/22
HIGHEST GUST SPEED/DIRECTION    52/200    DATE  05/22

SKY COVER
AVERAGE SKY COVER           0.30

AVERAGE RH (PERCENT)     65

WEATHER CONDITIONS. NUMBER OF DAYS WITH
THUNDERSTORM              0     MIXED PRECIP               0
HEAVY RAIN                2     RAIN                       4
LIGHT RAIN               10     FREEZING RAIN              0
LT FREEZING RAIN          0     HAIL                       0
HEAVY SNOW                0     SNOW                       0
LIGHT SNOW                0     SLEET                      0
FOG                      10     FOG W/VIS <= 1/4 MILE      2
HAZE                      4

-  INDICATES NEGATIVE NUMBERS.
R  INDICATES RECORD WAS SET OR TIED.
MM INDICATES DATA IS MISSING.
T  INDICATES TRACE AMOUNT.

$$
