048
CXUS51 KCLE 021328
CLMMFD


CLIMATE REPORT
NATIONAL WEATHER SERVICE CLEVELAND OH
927 AM EDT FRI OCT 2 2015

...................................

...THE MANSFIELD OH CLIMATE SUMMARY FOR THE MONTH OF SEPTEMBER 2015...

CLIMATE NORMAL PERIOD 1981 TO 2010
CLIMATE RECORD PERIOD 1916 TO 2015

WEATHER         OBSERVED          NORMAL  DEPART  LAST YEAR`S
                 VALUE   DATE(S)  VALUE   FROM    VALUE
                                          NORMAL
.............................................................
TEMPERATURE (F)
RECORD
 HIGH              95   09/10/2013
 LOW               33   09/28/1991
                        09/24/1989
HIGHEST            91   09/07
LOWEST             45   09/21
AVG. MAXIMUM     79.2              73.3     5.9     74.5
AVG. MINIMUM     57.0              52.6     4.4     51.8
MEAN             68.1              63.0     5.1     63.2
DAYS MAX >= 90      3               0.3     2.7        1
DAYS MAX <= 32      0               0.0     0.0        0
DAYS MIN <= 32      0               0.0     0.0        0
DAYS MIN <= 0       0               0.0     0.0        0

PRECIPITATION (INCHES)
RECORD
 MAXIMUM         7.76   1986
 MINIMUM         0.70   1998
TOTALS           2.53              3.32   -0.79     1.47
DAYS >= .01         8               9.5    -1.5        9
DAYS >= .10         5               5.9    -0.9        5
DAYS >= .50         1               2.1    -1.1        0
DAYS >= 1.00        0               1.1    -1.1        0
GREATEST
 24 HR. TOTAL    1.11   09/11 TO 09/12              0.58

SNOWFALL (INCHES)
RECORDS
 TOTAL              T   5
                        0
                        -26215
TOTALS            0.0               0.0     0.0      0.0
SINCE 7/1         0.0               0.0     0.0      0.0
DAYS >= 1.0         0               0.0     0.0        0
GREATEST
 24 HR TOTAL      0.0   09/30 TO 09/30

DEGREE_DAYS
HEATING TOTAL      41               125     -84      112
 SINCE 7/1         58               150     -92      139
COOLING TOTAL     143                63      80       65
 SINCE 1/1        774               625     149      619
..............................................................

WIND (MPH)
AVERAGE WIND SPEED              7.5
HIGHEST WIND SPEED/DIRECTION    25/160    DATE  09/18
HIGHEST GUST SPEED/DIRECTION    35/220    DATE  09/19

SKY COVER
AVERAGE SKY COVER           0.30

AVERAGE RH (PERCENT)     70

WEATHER CONDITIONS. NUMBER OF DAYS WITH
THUNDERSTORM              0     MIXED PRECIP               0
HEAVY RAIN                2     RAIN                       3
LIGHT RAIN                7     FREEZING RAIN              0
LT FREEZING RAIN          0     HAIL                       0
HEAVY SNOW                0     SNOW                       0
LIGHT SNOW                0     SLEET                      0
FOG                      11     FOG W/VIS <= 1/4 MILE      1
HAZE                      0

-  INDICATES NEGATIVE NUMBERS.
R  INDICATES RECORD WAS SET OR TIED.
MM INDICATES DATA IS MISSING.
T  INDICATES TRACE AMOUNT.

$$
