000
CXUS51 KCLE 021325
CLMMFD


CLIMATE REPORT
NATIONAL WEATHER SERVICE CLEVELAND OH
821 AM EST WED DEC 2 2015

...................................

...THE MANSFIELD OH CLIMATE SUMMARY FOR THE SEASON, FROM
9/1/2015 TO 11/30/2015...

CLIMATE NORMAL PERIOD 1981 TO 2010
CLIMATE RECORD PERIOD 1916 TO 2015

WEATHER         OBSERVED          NORMAL  DEPART
                 VALUE   DATE(S)  VALUE   FROM
                                          NORMAL
................................................
TEMPERATURE (F)
RECORD
 HIGH              95   09/10/2013
 LOW                2   11/30/1976
HIGHEST            91   09/07
LOWEST             16   11/23
AVG. MAXIMUM     66.3              61.4     4.9
AVG. MINIMUM     46.2              42.5     3.7
MEAN             56.2              52.0     4.2
DAYS MAX >= 90      3               0.3
DAYS MAX <= 32      0               2.0
DAYS MIN <= 32     12              18.5
DAYS MIN <= 0       0               0.0

PRECIPITATION (INCHES)
RECORD
 MAXIMUM        16.97   1926
 MINIMUM         2.39   1953
TOTALS           7.36             10.07   -2.71
DAYS >= .01        27              32.9
DAYS >= .10        16              19.3
DAYS >= .50         4               6.4
DAYS >= 1.00        1               2.4

SNOWFALL (INCHES)
RECORDS
 TOTAL           12.5   1993
TOTALS            0.0               2.7
DAYS >= TRACE       0
DAYS >= 1.0         0               0.9

DEGREE_DAYS
HEATING TOTAL     923              1255    -332
COOLING TOTAL     147                71      76
.................................................

WIND (MPH)
HIGHEST GUST SPEED/DIRECTION    48/230    DATE  11/12

SKY COVER
POSSIBLE SUNSHINE (PERCENT)   MM
NUMBER OF DAYS FAIR           53
NUMBER OF DAYS PC             25
NUMBER OF DAYS CLOUDY         13


WEATHER CONDITIONS. NUMBER OF DAYS WITH
THUNDERSTORM              0     MIXED PRECIP               0
HEAVY RAIN                3     RAIN                      10
LIGHT RAIN               26     FREEZING RAIN              0
LT FREEZING RAIN          0     HAIL                       0
HEAVY SNOW                0     SNOW                       0
LIGHT SNOW                0     SLEET                      0
FOG                      30     FOG W/VIS <= 1/4 MILE      1
HAZE                      3

-  INDICATES NEGATIVE NUMBERS.
R  INDICATES RECORD WAS SET OR TIED.
MM INDICATES DATA IS MISSING.
T  INDICATES TRACE AMOUNT.

$$
