000
CXUS51 KCLE 012137
CLMMFD


CLIMATE REPORT
NATIONAL WEATHER SERVICE CLEVELAND OH
432 PM EST TUE DEC 1 2015

...................................

...THE MANSFIELD OH CLIMATE SUMMARY FOR THE MONTH OF NOVEMBER 2015...

CLIMATE NORMAL PERIOD 1981 TO 2010
CLIMATE RECORD PERIOD 1916 TO 2015

WEATHER         OBSERVED          NORMAL  DEPART  LAST YEAR`S
                 VALUE   DATE(S)  VALUE   FROM    VALUE
                                          NORMAL
.............................................................
TEMPERATURE (F)
RECORD
 HIGH              78   11/01/1968
 LOW                2   11/30/1976
HIGHEST            77   11/04
LOWEST             16   11/23
AVG. MAXIMUM     56.2              49.4     6.8     43.4
AVG. MINIMUM     38.0              33.1     4.9     28.6
MEAN             47.1              41.3     5.8     36.0
DAYS MAX >= 90      0               0.0     0.0        0
DAYS MAX <= 32      0               1.9    -1.9        6
DAYS MIN <= 32      9              14.5    -5.5       20
DAYS MIN <= 0       0               0.0     0.0        0

PRECIPITATION (INCHES)
RECORD
 MAXIMUM        12.82   1985
 MINIMUM         0.70   1976
TOTALS           2.22              3.81   -1.59     2.14
DAYS >= .01        10              12.8    -2.8       13
DAYS >= .10         6               7.4    -1.4        8
DAYS >= .50         1               2.3    -1.3        0
DAYS >= 1.00        0               0.8    -0.8        0
GREATEST
 24 HR. TOTAL    0.73   11/27 TO 11/28              0.51

SNOWFALL (INCHES)
RECORDS
 TOTAL            8.7   5
                        0

TOTALS            0.0               2.2    -2.2      5.9
SINCE 7/1         0.0               2.7    -2.7      5.9
DAYS >= 1.0         0               0.8    -0.8        2
GREATEST
 24 HR TOTAL      0.0

DEGREE_DAYS
HEATING TOTAL     533               713    -180      863
 SINCE 7/1        940              1281    -341     1388
COOLING TOTAL       4                 0       4        0
 SINCE 1/1        778               632     146      623
..............................................................

WIND (MPH)
AVERAGE WIND SPEED              10.2
HIGHEST WIND SPEED/DIRECTION    35/150    DATE  11/18
HIGHEST GUST SPEED/DIRECTION    48/230    DATE  11/12

SKY COVER
AVERAGE SKY COVER           0.40

AVERAGE RH (PERCENT)     65

WEATHER CONDITIONS. NUMBER OF DAYS WITH
THUNDERSTORM              0     MIXED PRECIP               0
HEAVY RAIN                0     RAIN                       4
LIGHT RAIN                9     FREEZING RAIN              0
LT FREEZING RAIN          0     HAIL                       0
HEAVY SNOW                0     SNOW                       0
LIGHT SNOW                0     SLEET                      0
FOG                       9     FOG W/VIS <= 1/4 MILE      0
HAZE                      2

-  INDICATES NEGATIVE NUMBERS.
R  INDICATES RECORD WAS SET OR TIED.
MM INDICATES DATA IS MISSING.
T  INDICATES TRACE AMOUNT.

$$
