000
CXUS51 KCLE 011557
CLMMFD


CLIMATE REPORT
NATIONAL WEATHER SERVICE CLEVELAND OH
1054 AM EST TUE MAR 1 2016

...................................

...THE MANSFIELD OH CLIMATE SUMMARY FOR THE SEASON, FROM
12/1/2015 TO 2/29/2016...

CLIMATE NORMAL PERIOD 1981 TO 2010
CLIMATE RECORD PERIOD 1916 TO 2016

WEATHER         OBSERVED          NORMAL  DEPART
                 VALUE   DATE(S)  VALUE   FROM
                                          NORMAL
................................................
TEMPERATURE (F)
RECORD
 HIGH              73   12/03/1982
 LOW              -26   01/15/1929
HIGHEST            67   12/12
LOWEST             -6   02/14
AVG. MAXIMUM     41.8              35.2     6.6
AVG. MINIMUM     25.4              20.5     4.9
MEAN             33.6              27.8     5.8
DAYS MAX >= 90      0               0.0
DAYS MAX <= 32     27              36.8
DAYS MIN <= 32     66              76.7
DAYS MIN <= 0       2               5.0

PRECIPITATION (INCHES)
RECORD
 MAXIMUM        20.95   1950
 MINIMUM         2.70   1977
TOTALS           9.06              8.55    0.51
DAYS >= .01        41              42.7
DAYS >= .10        19              20.1
DAYS >= .50         5               4.8
DAYS >= 1.00        2               1.4

SNOWFALL (INCHES)
RECORDS
 TOTAL           77.3   2010
TOTALS           20.4              35.2
DAYS >= TRACE      32
DAYS >= 1.0         9              11.2

DEGREE_DAYS
HEATING TOTAL    2832              3343    -511
COOLING TOTAL       0                 0       0
.................................................

WIND (MPH)
HIGHEST GUST SPEED/DIRECTION    53/230    DATE  02/19

SKY COVER
POSSIBLE SUNSHINE (PERCENT)   MM
NUMBER OF DAYS FAIR           23
NUMBER OF DAYS PC             31
NUMBER OF DAYS CLOUDY         37


WEATHER CONDITIONS. NUMBER OF DAYS WITH
THUNDERSTORM              0     MIXED PRECIP               0
HEAVY RAIN                3     RAIN                       9
LIGHT RAIN               21     FREEZING RAIN              0
LT FREEZING RAIN          2     HAIL                       0
HEAVY SNOW                1     SNOW                       4
LIGHT SNOW               31     SLEET                      0
FOG                      56     FOG W/VIS <= 1/4 MILE     10
HAZE                      8

-  INDICATES NEGATIVE NUMBERS.
R  INDICATES RECORD WAS SET OR TIED.
MM INDICATES DATA IS MISSING.
T  INDICATES TRACE AMOUNT.

$$
