000
CXUS51 KCLE 021741
CLMMFD


CLIMATE REPORT
NATIONAL WEATHER SERVICE CLEVELAND OH
138 PM EDT TUE SEP 2 2014

...................................

...THE MANSFIELD OH CLIMATE SUMMARY FOR THE SUMMER SEASON, FROM
6/1/2014 TO 8/31/2014...

CLIMATE NORMAL PERIOD 1981 TO 2010
CLIMATE RECORD PERIOD 1916 TO 2014

WEATHER         OBSERVED          NORMAL  DEPART
                 VALUE   DATE(S)  VALUE   FROM
                                          NORMAL
................................................
TEMPERATURE (F)
RECORD
 HIGH             101   06/25/1988
 LOW               37   06/02/2003
                        06/01/2003
                        06/05/1990
HIGHEST            89   08/30
                        06/18
                        06/17
LOWEST             47   08/15
                        06/06
AVG. MAXIMUM     79.6              80.0    -0.4
AVG. MINIMUM     59.5              59.6    -0.1
MEAN             69.6              69.8    -0.2
DAYS MAX >= 90      0               4.0
DAYS MAX <= 32      0               0.0
DAYS MIN <= 32      0               0.0
DAYS MIN <= 0       0               0.0

PRECIPITATION (INCHES)
RECORD
 MAXIMUM        23.23   1987
 MINIMUM         6.00   1967
TOTALS          12.89             13.50   -0.61
DAYS >= .01        41              32.6
DAYS >= .10        21              21.9
DAYS >= .50        11               9.7
DAYS >= 1.00        5               3.7

SNOWFALL (INCHES)
RECORDS
 TOTAL             MM   MM
TOTALS            0.0               0.0
DAYS >= TRACE       0
DAYS >= 1.0         0               0.0

DEGREE_DAYS
HEATING TOTAL      51                79     -28
COOLING TOTAL     491               516     -25
.................................................

WIND (MPH)
HIGHEST GUST SPEED/DIRECTION    46/250    DATE  06/18

SKY COVER
POSSIBLE SUNSHINE (PERCENT)   MM
NUMBER OF DAYS FAIR           47
NUMBER OF DAYS PC             38
NUMBER OF DAYS CLOUDY          7


WEATHER CONDITIONS. NUMBER OF DAYS WITH
THUNDERSTORM              0     MIXED PRECIP               0
HEAVY RAIN               15     RAIN                      14
LIGHT RAIN               39     FREEZING RAIN              0
LT FREEZING RAIN          0     HAIL                       0
HEAVY SNOW                0     SNOW                       0
LIGHT SNOW                0     SLEET                      0
FOG                      57     FOG W/VIS <= 1/4 MILE     13
HAZE                     17

-  INDICATES NEGATIVE NUMBERS.
R  INDICATES RECORD WAS SET OR TIED.
MM INDICATES DATA IS MISSING.
T  INDICATES TRACE AMOUNT.

$$
