000
CXUS51 KCLE 011858
CLMMFD


CLIMATE REPORT
NATIONAL WEATHER SERVICE CLEVELAND OH
149 PM EST SAT FEB 1 2014

...................................

...THE MANSFIELD OH CLIMATE SUMMARY FOR THE MONTH OF JANUARY 2014...

CLIMATE NORMAL PERIOD 1981 TO 2010
CLIMATE RECORD PERIOD 1916 TO 2014

WEATHER         OBSERVED          NORMAL  DEPART  LAST YEAR`S
                 VALUE   DATE(S)  VALUE   FROM    VALUE
                                          NORMAL
.............................................................
TEMPERATURE (F)
RECORD
 HIGH              69   01/25/1950
 LOW              -26   01/15/1929
HIGHEST            50   01/11
LOWEST            -15   01/28
AVG. MAXIMUM     28.0              32.8    -4.8     36.6
AVG. MINIMUM      9.6              18.3    -8.7     21.2
MEAN             18.8              25.5    -6.7     28.9
DAYS MAX >= 90      0               0.0     0.0        0
DAYS MAX <= 32     20              14.8     5.2       12
DAYS MIN <= 32     30              27.1     2.9       25
DAYS MIN <= 0      10               2.7     7.3        0

PRECIPITATION (INCHES)
RECORD
 MAXIMUM         6.08   2005
 MINIMUM         0.41   1981
TOTALS           2.02              2.87   -0.85     2.58
DAYS >= .01        19              14.9     4.1       14
DAYS >= .10         6               6.9    -0.9        6
DAYS >= .50         0               1.6    -1.6        2
DAYS >= 1.00        0               0.5    -0.5        0
GREATEST
 24 HR. TOTAL    0.46   01/05 TO 01/06              0.72

SNOWFALL (INCHES)
RECORDS
 TOTAL           43.8   2009
TOTALS           19.6              13.3     6.3      5.4
SINCE 7/1        36.5              26.5    10.0     18.2
DAYS >= 1.0         7               4.6     2.4        2
GREATEST
 24 HR TOTAL      4.5   01/02 TO 01/02

DEGREE_DAYS
HEATING TOTAL    1423              1223     200     1110
 SINCE 7/1       3822              3600     222     3312
COOLING TOTAL       0                 0       0        0
 SINCE 1/1          0                 0       0        0
..............................................................

WIND (MPH)
AVERAGE WIND SPEED              12.4
HIGHEST WIND SPEED/DIRECTION    35/230    DATE  01/27
HIGHEST GUST SPEED/DIRECTION    52/230    DATE  01/27

SKY COVER
AVERAGE SKY COVER           0.70

AVERAGE RH (PERCENT)     75

WEATHER CONDITIONS. NUMBER OF DAYS WITH
THUNDERSTORM              0     MIXED PRECIP               0
HEAVY RAIN                0     RAIN                       2
LIGHT RAIN                3     FREEZING RAIN              0
LT FREEZING RAIN          1     HAIL                       0
HEAVY SNOW                2     SNOW                       6
LIGHT SNOW               19     SLEET                      0
FOG                      25     FOG W/VIS <= 1/4 MILE      5
HAZE                     15

-  INDICATES NEGATIVE NUMBERS.
R  INDICATES RECORD WAS SET OR TIED.
MM INDICATES DATA IS MISSING.
T  INDICATES TRACE AMOUNT.

$$
