049
CXUS51 KCLE 011639
CLMMFD


CLIMATE REPORT
NATIONAL WEATHER SERVICE CLEVELAND OH
1237 PM EDT WED NOV 1 2017

...................................

...THE MANSFIELD OH CLIMATE SUMMARY FOR THE MONTH OF OCTOBER 2017...

CLIMATE NORMAL PERIOD 1981 TO 2010
CLIMATE RECORD PERIOD 1916 TO 2017

WEATHER         OBSERVED          NORMAL  DEPART  LAST YEAR`S
                 VALUE   DATE(S)  VALUE   FROM    VALUE
                                          NORMAL
.............................................................
TEMPERATURE (F)
RECORD
 HIGH              87   10/07/2007
 LOW               20   10/30/1988
                        10/28/1976
HIGHEST            83   10/03
LOWEST             28   10/26
AVG. MAXIMUM     66.8              61.6     5.2     66.8
AVG. MINIMUM     46.4              41.9     4.5     46.8
MEAN             56.6              51.7     4.9     56.8
DAYS MAX >= 90      0               0.0     0.0        0
DAYS MAX <= 32      0               0.1    -0.1        0
DAYS MIN <= 32      5               3.9     1.1        0
DAYS MIN <= 0       0               0.0     0.0        0

PRECIPITATION (INCHES)
RECORD
 MAXIMUM         7.30   2012
 MINIMUM         0.43   1963
TOTALS           2.93              2.94   -0.01     3.47
DAYS >= .01        12              10.6     1.4       11
DAYS >= .10         8               6.0     2.0        6
DAYS >= .50         1               2.0    -1.0        3
DAYS >= 1.00        1               0.5     0.5        1
GREATEST
 24 HR. TOTAL    1.35   10/08 TO 10/08              1.50

SNOWFALL (INCHES)
RECORDS
 TOTAL           10.3   1993
TOTALS              T               0.5    -0.5      0.0
SINCE 7/1           T               0.5    -0.5      0.0
DAYS >= 1.0         0               0.1    -0.1        0
GREATEST
 24 HR TOTAL        TR  10/28 TO 10/28

DEGREE_DAYS
HEATING TOTAL     273               418    -145      274
 SINCE 7/1        377               568    -191      309
COOLING TOTAL      19                 7      12       28
 SINCE 1/1        748               632     116     1078
..............................................................

WIND (MPH)
AVERAGE WIND SPEED              8.8
HIGHEST WIND SPEED/DIRECTION    32/200    DATE  10/24
HIGHEST GUST SPEED/DIRECTION    43/220    DATE  10/15

SKY COVER
AVERAGE SKY COVER           0.50

AVERAGE RH (PERCENT)     73

WEATHER CONDITIONS. NUMBER OF DAYS WITH
THUNDERSTORM              0     MIXED PRECIP               0
HEAVY RAIN                2     RAIN                       3
LIGHT RAIN               14     FREEZING RAIN              0
LT FREEZING RAIN          0     HAIL                       0
HEAVY SNOW                0     SNOW                       0
LIGHT SNOW                1     SLEET                      0
FOG                      16     FOG W/VIS <= 1/4 MILE      4
HAZE                      0

-  INDICATES NEGATIVE NUMBERS.
R  INDICATES RECORD WAS SET OR TIED.
MM INDICATES DATA IS MISSING.
T  INDICATES TRACE AMOUNT.

$$
