000
CXUS51 KCLE 011757
CLMMFD


CLIMATE REPORT
NATIONAL WEATHER SERVICE CLEVELAND OH
1248 PM EST SUN NOV 1 2015

...................................

...THE MANSFIELD OH CLIMATE SUMMARY FOR THE MONTH OF OCTOBER 2015...

CLIMATE NORMAL PERIOD 1981 TO 2010
CLIMATE RECORD PERIOD 1916 TO 2015

WEATHER         OBSERVED          NORMAL  DEPART  LAST YEAR`S
                 VALUE   DATE(S)  VALUE   FROM    VALUE
                                          NORMAL
.............................................................
TEMPERATURE (F)
RECORD
 HIGH              87   10/07/2007
 LOW               20   10/30/1988
                        10/28/1976
HIGHEST            78   10/08
LOWEST             30   10/18
                        10/17
AVG. MAXIMUM     63.5              61.6     1.9     61.9
AVG. MINIMUM     43.5              41.9     1.6     43.0
MEAN             53.5              51.7     1.8     52.4
DAYS MAX >= 90      0               0.0     0.0        0
DAYS MAX <= 32      0               0.1    -0.1        0
DAYS MIN <= 32      3               3.9    -0.9        0
DAYS MIN <= 0       0               0.0     0.0        0

PRECIPITATION (INCHES)
RECORD
 MAXIMUM         7.30   2012
 MINIMUM         0.43   1963
TOTALS           2.61              2.94   -0.33     1.83
DAYS >= .01         9              10.6    -1.6       12
DAYS >= .10         5               6.0    -1.0        6
DAYS >= .50         2               2.0     0.0        1
DAYS >= 1.00        1               0.5     0.5        0
GREATEST
 24 HR. TOTAL    1.55   10/27 TO 10/28              0.65

SNOWFALL (INCHES)
RECORDS
 TOTAL           10.3   5
                        0

TOTALS            0.0               0.5    -0.5      0.0
SINCE 7/1         0.0               0.5    -0.5      0.0
DAYS >= 1.0         0               0.1    -0.1        0
GREATEST
 24 HR TOTAL      0.0

DEGREE_DAYS
HEATING TOTAL     349               418     -69      386
 SINCE 7/1        407               568    -161      525
COOLING TOTAL       0                 7      -7        4
 SINCE 1/1        774               632     142      623
..............................................................

WIND (MPH)
AVERAGE WIND SPEED              9.9
HIGHEST WIND SPEED/DIRECTION    29/230    DATE  10/29
HIGHEST GUST SPEED/DIRECTION    40/240    DATE  10/29

SKY COVER
AVERAGE SKY COVER           0.40

AVERAGE RH (PERCENT)     69

WEATHER CONDITIONS. NUMBER OF DAYS WITH
THUNDERSTORM              0     MIXED PRECIP               0
HEAVY RAIN                1     RAIN                       3
LIGHT RAIN               10     FREEZING RAIN              0
LT FREEZING RAIN          0     HAIL                       0
HEAVY SNOW                0     SNOW                       0
LIGHT SNOW                0     SLEET                      0
FOG                      10     FOG W/VIS <= 1/4 MILE      0
HAZE                      1

-  INDICATES NEGATIVE NUMBERS.
R  INDICATES RECORD WAS SET OR TIED.
MM INDICATES DATA IS MISSING.
T  INDICATES TRACE AMOUNT.

$$
