000
CXUS51 KCLE 040535
CLMMFD


CLIMATE REPORT
NATIONAL WEATHER SERVICE CLEVELAND OH
1231 AM EST MON JAN 4 2016

...................................

...THE MANSFIELD OH CLIMATE SUMMARY FOR THE MONTH OF DECEMBER 2015...

CLIMATE NORMAL PERIOD 1981 TO 2010
CLIMATE RECORD PERIOD 1916 TO 2016

WEATHER         OBSERVED          NORMAL  DEPART  LAST YEAR`S
                 VALUE   DATE(S)  VALUE   FROM    VALUE
                                          NORMAL
.............................................................
TEMPERATURE (F)
RECORD
 HIGH              73   12/03/1982
 LOW              -17   12/22/1989
HIGHEST            67   12/12
LOWEST             20   12/20
AVG. MAXIMUM     50.5              36.5    14.0     39.7
AVG. MINIMUM     35.1              22.8    12.3     27.6
MEAN             42.8              29.7    13.1     33.7
DAYS MAX >= 90      0               0.0     0.0        0
DAYS MAX <= 32      2              11.5    -9.5        6
DAYS MIN <= 32     14              25.4   -11.4       23
DAYS MIN <= 0       0               1.0    -1.0        0

PRECIPITATION (INCHES)
RECORD
 MAXIMUM        11.19   1990
 MINIMUM         0.74   1976
TOTALS           4.16              3.29    0.87     1.86
DAYS >= .01        12              14.9    -2.9       11
DAYS >= .10         8               7.3     0.7        5
DAYS >= .50         3               1.9     1.1        1
DAYS >= 1.00        1               0.7     0.3        0
GREATEST
 24 HR. TOTAL    1.96   12/26 TO 12/27              0.97

SNOWFALL (INCHES)
RECORDS
 TOTAL           28.7   5


TOTALS            0.2              10.5   -10.3      0.2
SINCE 7/1         0.2              13.2   -13.0      6.1
DAYS >= 1.0         0               3.0    -3.0        0
GREATEST
 24 HR TOTAL      0.2

DEGREE_DAYS
HEATING TOTAL     680              1096    -416      963
 SINCE 7/1       1620              2377    -757     2351
COOLING TOTAL       0                 0       0        0
 SINCE 1/1        778               632     146      623
..............................................................

WIND (MPH)
AVERAGE WIND SPEED              10.5
HIGHEST WIND SPEED/DIRECTION    33/220    DATE  12/14
HIGHEST GUST SPEED/DIRECTION    45/140    DATE  12/28

SKY COVER
AVERAGE SKY COVER           0.60

AVERAGE RH (PERCENT)     81

WEATHER CONDITIONS. NUMBER OF DAYS WITH
THUNDERSTORM              0     MIXED PRECIP               0
HEAVY RAIN                2     RAIN                       5
LIGHT RAIN               10     FREEZING RAIN              0
LT FREEZING RAIN          1     HAIL                       0
HEAVY SNOW                0     SNOW                       0
LIGHT SNOW                5     SLEET                      0
FOG                      20     FOG W/VIS <= 1/4 MILE      4
HAZE                      0

-  INDICATES NEGATIVE NUMBERS.
R  INDICATES RECORD WAS SET OR TIED.
MM INDICATES DATA IS MISSING.
T  INDICATES TRACE AMOUNT.

$$
