000
CXUS51 KCLE 011511
CLMMFD


CLIMATE REPORT
NATIONAL WEATHER SERVICE CLEVELAND OH
1108 AM EDT SAT NOV 1 2014

...................................

...THE MANSFIELD OH CLIMATE SUMMARY FOR THE MONTH OF OCTOBER 2014...

CLIMATE NORMAL PERIOD 1981 TO 2010
CLIMATE RECORD PERIOD 1916 TO 2014

WEATHER         OBSERVED          NORMAL  DEPART  LAST YEAR`S
                 VALUE   DATE(S)  VALUE   FROM    VALUE
                                          NORMAL
.............................................................
TEMPERATURE (F)
RECORD
 HIGH              87   10/07/2007
 LOW               20   10/30/1988
                        10/28/1976
HIGHEST            81   10/02
LOWEST             35   10/30
                        10/27
                        10/24
AVG. MAXIMUM     61.9              61.6     0.3     63.4
AVG. MINIMUM     43.0              41.9     1.1     43.9
MEAN             52.4              51.7     0.7     53.7
DAYS MAX >= 90      0               0.0     0.0        0
DAYS MAX <= 32      0               0.1    -0.1        0
DAYS MIN <= 32      0               3.9    -3.9        4
DAYS MIN <= 0       0               0.0     0.0        0

PRECIPITATION (INCHES)
RECORD
 MAXIMUM         7.30   2012
 MINIMUM         0.43   1963
TOTALS           1.83              2.94   -1.11     4.94
DAYS >= .01        12              10.6     1.4       14
DAYS >= .10         6               6.0     0.0        8
DAYS >= .50         1               2.0    -1.0        3
DAYS >= 1.00        0               0.5    -0.5        2
GREATEST
 24 HR. TOTAL    0.65   10/14 TO 10/15              1.30

SNOWFALL (INCHES)
RECORDS
 TOTAL           10.3   5
                        0
                        -26215
TOTALS            0.0               0.5    -0.5        T
SINCE 7/1         0.0               0.5    -0.5        T
DAYS >= 1.0         0               0.1    -0.1        0
GREATEST
 24 HR TOTAL      0.0   10/31 TO 10/31

DEGREE_DAYS
HEATING TOTAL     386               418     -32      370
 SINCE 7/1        525               568     -43      516
COOLING TOTAL       4                 7      -3       24
 SINCE 1/1        623               632      -9      741
..............................................................

WIND (MPH)
AVERAGE WIND SPEED              9.6
HIGHEST WIND SPEED/DIRECTION    32/160    DATE  10/14
HIGHEST GUST SPEED/DIRECTION    47/130    DATE  10/14

SKY COVER
AVERAGE SKY COVER           0.50

AVERAGE RH (PERCENT)     74

WEATHER CONDITIONS. NUMBER OF DAYS WITH
THUNDERSTORM              0     MIXED PRECIP               0
HEAVY RAIN                0     RAIN                       2
LIGHT RAIN               12     FREEZING RAIN              0
LT FREEZING RAIN          0     HAIL                       0
HEAVY SNOW                0     SNOW                       0
LIGHT SNOW                0     SLEET                      0
FOG                      20     FOG W/VIS <= 1/4 MILE      4
HAZE                      0

-  INDICATES NEGATIVE NUMBERS.
R  INDICATES RECORD WAS SET OR TIED.
MM INDICATES DATA IS MISSING.
T  INDICATES TRACE AMOUNT.

$$
