837
CXUS51 KCLE 272003
CLMMFD


CLIMATE REPORT
NATIONAL WEATHER SERVICE CLEVELAND OH
400 PM EDT MON JUN 27 2016

...................................

...THE MANSFIELD OH CLIMATE SUMMARY FOR THE SEASON, FROM
3/1/2016 TO 5/31/2016...

CLIMATE NORMAL PERIOD 1981 TO 2010
CLIMATE RECORD PERIOD 1916 TO 2016

WEATHER         OBSERVED          NORMAL  DEPART
                 VALUE   DATE(S)  VALUE   FROM
                                          NORMAL
................................................
TEMPERATURE (F)
RECORD
 HIGH              92   05/18/1962
 LOW               -6   03/02/1980
HIGHEST            88   05/28
LOWEST             16   04/10
AVG. MAXIMUM     60.4              58.3     2.1
AVG. MINIMUM     40.1              38.1     2.0
MEAN             50.3              48.2     2.1
DAYS MAX >= 90      0               0.0
DAYS MAX <= 32      3               4.6
DAYS MIN <= 32     28              29.6
DAYS MIN <= 0       0               0.1

PRECIPITATION (INCHES)
RECORD
 MAXIMUM        18.41   2011
 MINIMUM         4.59   1934
TOTALS          11.50             12.07   -0.57
DAYS >= .01        47              42.1
DAYS >= .10        31              25.8
DAYS >= .50         9               8.3
DAYS >= 1.00        0               2.1

SNOWFALL (INCHES)
RECORDS
 TOTAL           34.4   2005
TOTALS            7.2              10.4
DAYS >= TRACE      14
DAYS >= 1.0         3               3.0

DEGREE_DAYS
HEATING TOTAL    1390              1591    -201
COOLING TOTAL      62                45      17
.................................................

WIND (MPH)
HIGHEST GUST SPEED/DIRECTION    59/240    DATE  04/02

SKY COVER
POSSIBLE SUNSHINE (PERCENT)   MM
NUMBER OF DAYS FAIR           37
NUMBER OF DAYS PC             26
NUMBER OF DAYS CLOUDY         29


WEATHER CONDITIONS. NUMBER OF DAYS WITH
THUNDERSTORM              0     MIXED PRECIP               0
HEAVY RAIN               10     RAIN                      13
LIGHT RAIN               40     FREEZING RAIN              0
LT FREEZING RAIN          0     HAIL                       0
HEAVY SNOW                0     SNOW                       2
LIGHT SNOW               14     SLEET                      0
FOG                      48     FOG W/VIS <= 1/4 MILE      4
HAZE                     13

-  INDICATES NEGATIVE NUMBERS.
R  INDICATES RECORD WAS SET OR TIED.
MM INDICATES DATA IS MISSING.
T  INDICATES TRACE AMOUNT.

$$
