000
CXUS52 KMHX 041506
CF6MRH
PRELIMINARY LOCAL CLIMATOLOGICAL DATA (WS FORM: F-6)
STATION: BEAUFORT/SMITH FIELD NC
MONTH: APRIL
YEAR: 2020
LATITUDE: 34 43 N
LONGITUDE: 76 39 W
TEMPERATURE IN F: :PCPN: SNOW: WIND :SUNSHINE: SKY :PK WND
================================================================================
1 2 3 4 5 6A 6B 7 8 9 10 11 12 13 14 15 16 17 18
12Z AVG MX 2MIN
DY MAX MIN AVG DEP HDD CDD WTR SNW DPTH SPD SPD DIR MIN PSBL S-S WX SPD DR
================================================================================
1 55 45 50 -7 15 0 0.02 0.0 0 16.5 28 340 M M 8 1 37 340
2 65 45 55 -2 10 0 0.00 0.0 0 12.2 22 300 M M 0 29 330
3 71 49 60 2 5 0 0.00 0.0 0 10.9 23 330 M M 0 29 330
4 70 45 58 0 7 0 0.00 0.0 0 9.0 20 340 M M 0 25 340
5 70 45 58 0 7 0 0.00 0.0 0 5.4 10 110 M M 0 15 30
6 73 49 61 3 4 0 0.31 0.0 0 8.6 25 330 M M 0 13 33 220
7 74 55 65 6 0 0 0.00 0.0 0 8.9 15 230 M M 1 1 21 230
8 82 64 73 14 0 8 0.05 0.0 0 11.3 29 350 M M 1 13 35 350
9 73 63 68 9 0 3 0.04 0.0 0 12.0 31 310 M M 0 1 44 300
10 71 49 60 0 5 0 0.00 0.0 0 13.6 29 330 M M 1 38 300
11 62 44 53 -7 12 0 0.00 0.0 0 10.5 20 220 M M 0 23 210
12 74 48 61 1 4 0 0.00 0.0 0 10.3 18 180 M M 2 25 170
13 72 65 69 9 0 4 0.79 0.0 0 19.9 39 190 M M 6 138 49 180
14 70 57 64 3 1 0 0.00 0.0 0 7.7 18 50 M M 2 12 24 50
15 69 43 56 -5 9 0 0.20 0.0 0 12.4 25 10 M M 8 1 35 20
16 69 43 56 -5 9 0 0.00 0.0 0 6.9 17 340 M M 0 22 330
17 70 46 58 -4 7 0 0.00 0.0 0 9.3 20 200 M M 0 26 210
18 M M M M M M 0.00 0.0 0 15.9 20 220 M M 1 28 220
19 73 48 61 -1 4 0 0.03 0.0 M 8.2 20 180 M M 7 1 25 180
20 68 49 59 -3 6 0 0.39 0.0 0 8.4 26 10 M M 6 1 35 20
21 73 47 60 -2 5 0 0.00 0.0 0 13.8 29 220 M M 2 1 36 220
22 65 51 58 -5 7 0 0.00 0.0 0 8.9 17 330 M M 0 21 360
23 71 54 63 0 2 0 0.08 0.0 0 11.2 31 200 M M 4 40 190
24 75 64 70 7 0 5 0.15 0.0 0 12.3 22 230 M M 7 1 26 230
25 66 57 62 -2 3 0 0.00 0.0 0 9.6 16 40 M M 10 1 23 60
26 73 61 67 3 0 2 1.40 0.0 0 15.8 26 220 M M 4 13 33 220
27 67 51 59 -5 6 0 0.00 0.0 0 12.8 24 310 M M 2 31 340
28 71 46 59 -5 6 0 0.00 0.0 0 7.1 16 200 M M 0 21 210
29 76 64 70 5 0 5 0.00 0.0 0 13.8 23 150 M M 2 31 160
30 73 59 66 1 0 1 0.90 0.0 0 12.6 30 240 M M 8 12 41 240
================================================================================
SM 2041 1506 134 28 4.36 0.0 335.8 M 82
================================================================================
AV 70.4 51.9 11.2 FASTST M M 3 MAX(MPH)
MISC ----> # 39 190 # 49 180
================================================================================
NOTES:
# LAST OF SEVERAL OCCURRENCES
COLUMN 17 PEAK WIND IN M.P.H.
PRELIMINARY LOCAL CLIMATOLOGICAL DATA (WS FORM: F-6) , PAGE 2
STATION: BEAUFORT/SMITH FIELD NC
MONTH: APRIL
YEAR: 2020
LATITUDE: 34 43 N
LONGITUDE: 76 39 W
[TEMPERATURE DATA] [PRECIPITATION DATA] SYMBOLS USED IN COLUMN 16
AVERAGE MONTHLY: 61.2 TOTAL FOR MONTH: 4.36 1 = FOG OR MIST
DPTR FM NORMAL: 0.2 DPTR FM NORMAL: 0.81 2 = FOG REDUCING VISIBILITY
HIGHEST: 82 ON 8 GRTST 24HR 1.40 ON 26-26 TO 1/4 MILE OR LESS
LOWEST: 43 ON 16,15 3 = THUNDER
SNOW, ICE PELLETS, HAIL 4 = ICE PELLETS
TOTAL MONTH: 0.0 INCH 5 = HAIL
GRTST 24HR 0.0 6 = FREEZING RAIN OR DRIZZLE
GRTST DEPTH: 0 7 = DUSTSTORM OR SANDSTORM:
VSBY 1/2 MILE OR LESS
8 = SMOKE OR HAZE
[NO. OF DAYS WITH] [WEATHER - DAYS WITH] 9 = BLOWING SNOW
X = TORNADO
MAX 32 OR BELOW: 0 0.01 INCH OR MORE: 12
MAX 90 OR ABOVE: 0 0.10 INCH OR MORE: 7
MIN 32 OR BELOW: 0 0.50 INCH OR MORE: 3
MIN 0 OR BELOW: 0 1.00 INCH OR MORE: 1
[HDD (BASE 65) ]
TOTAL THIS MO. 134 CLEAR (SCALE 0-3) 20
DPTR FM NORMAL -18 PTCLDY (SCALE 4-7) 8
TOTAL FM JUL 1 1832 CLOUDY (SCALE 8-10) 2
DPTR FM NORMAL -693
[CDD (BASE 65) ]
TOTAL THIS MO. 28
DPTR FM NORMAL -5 [PRESSURE DATA]
TOTAL FM JAN 1 60 HIGHEST SLP 30.33 ON 17
DPTR FM NORMAL 25 LOWEST SLP 29.44 ON 9
[REMARKS]
#FINAL-04-20#