000
CDUS41 KCLE 270536
CLITOL


CLIMATE REPORT
NATIONAL WEATHER SERVICE CLEVELAND OH
135 AM EDT FRI MAR 27 2015


...................................

...THE TOLEDO OH CLIMATE SUMMARY FOR MARCH 26 2015...

CLIMATE NORMAL PERIOD 1981 TO 2010
CLIMATE RECORD PERIOD 1873 TO 2015


WEATHER ITEM   OBSERVED TIME   RECORD YEAR NORMAL DEPARTURE LAST
                VALUE   (LST)  VALUE       VALUE  FROM      YEAR
                                                  NORMAL
..................................................................
TEMPERATURE (F)
 YESTERDAY
  MAXIMUM         44    424 PM  79    2007  51     -7       33
  MINIMUM         32    918 AM   9    2014  32      0        9
  AVERAGE         38                        41     -3       21

PRECIPITATION (IN)
  YESTERDAY        0.60                      0.08   0.52     0.00
  MONTH TO DATE    1.27                      2.02  -0.75     1.26
  SINCE MAR 1      1.27                      2.02  -0.75     1.26
  SINCE JAN 1      4.89                      6.14  -1.25     8.44

SNOWFALL (IN)
  YESTERDAY        1.1                       0.1    1.0      0.0
  MONTH TO DATE    5.4                       5.1    0.3     11.6
  SINCE MAR 1      5.4                       5.1    0.3     11.6
  SINCE JUL 1     45.7                      35.6   10.1     85.1
  SNOW DEPTH       0

DEGREE DAYS
 HEATING
  YESTERDAY       27                        24      3       44
  MONTH TO DATE  835                       738     97      994
  SINCE MAR 1    835                       738     97      994
  SINCE JUL 1   6091                      5314    777     6320

 COOLING
  YESTERDAY        0                         0      0        0
  MONTH TO DATE    0                         0      0        0
  SINCE MAR 1      0                         0      0        0
  SINCE JAN 1      0                         0      0        0
..................................................................


WIND (MPH)
  HIGHEST WIND SPEED    17   HIGHEST WIND DIRECTION    NW (310)
  HIGHEST GUST SPEED    22   HIGHEST GUST DIRECTION    NW (300)
  AVERAGE WIND SPEED     6.9


SKY COVER
  POSSIBLE SUNSHINE  MM
  AVERAGE SKY COVER 1.0


WEATHER CONDITIONS
 THE FOLLOWING WEATHER WAS RECORDED YESTERDAY.
  HEAVY RAIN
  RAIN
  LIGHT RAIN
  SNOW
  LIGHT SNOW
  FOG
  FOG W/VISIBILITY <= 1/4 MILE


RELATIVE HUMIDITY (PERCENT)
 HIGHEST   100           800 AM
 LOWEST     53           500 PM
 AVERAGE    77

..........................................................


THE TOLEDO OH CLIMATE NORMALS FOR TODAY
                         NORMAL    RECORD    YEAR
 MAXIMUM TEMPERATURE (F)   52        80      1945
                                             1910
 MINIMUM TEMPERATURE (F)   32         6      1965


SUNRISE AND SUNSET
MARCH 27 2015.........SUNRISE   727 AM EDT   SUNSET   755 PM EDT
MARCH 28 2015.........SUNRISE   725 AM EDT   SUNSET   756 PM EDT


-  INDICATES NEGATIVE NUMBERS.
R  INDICATES RECORD WAS SET OR TIED.
MM INDICATES DATA IS MISSING.
T  INDICATES TRACE AMOUNT.




$$
