000
CDUS41 KCLE 160528
CLITOL


CLIMATE REPORT
NATIONAL WEATHER SERVICE CLEVELAND OH
1228 AM EST SUN NOV 16 2014


...................................

...THE TOLEDO OH CLIMATE SUMMARY FOR NOVEMBER 15 2014...

CLIMATE NORMAL PERIOD 1981 TO 2010
CLIMATE RECORD PERIOD 1873 TO 2014


WEATHER ITEM   OBSERVED TIME   RECORD YEAR NORMAL DEPARTURE LAST
                VALUE   (LST)  VALUE       VALUE  FROM      YEAR
                                                  NORMAL
..................................................................
TEMPERATURE (F)
 YESTERDAY
  MAXIMUM         32    352 PM  70    1990  50    -18       49
                                      1928
  MINIMUM         17    607 AM  10    1967  34    -17       39
  AVERAGE         25                        42    -17       44

PRECIPITATION (IN)
  YESTERDAY        0.00                      0.10  -0.10     0.00
  MONTH TO DATE    0.34                      1.38  -1.04     0.46
  SINCE SEP 1      7.93                      6.76   1.17     6.07
  SINCE JAN 1     29.12                     30.08  -0.96    32.86

SNOWFALL (IN)
  YESTERDAY        0.0                       0.1   -0.1      0.0
  MONTH TO DATE    T                         0.6   -0.6      0.5
  SINCE SEP 1      T                         0.8   -0.8      0.5
  SINCE JUL 1      T                         0.8   -0.8      0.5
  SNOW DEPTH       0

DEGREE DAYS
 HEATING
  YESTERDAY       40                        23     17       21
  MONTH TO DATE  381                       307     74      346
  SINCE SEP 1    918                       819     99      854
  SINCE JUL 1    932                       833     99      883

 COOLING
  YESTERDAY        0                         0      0        0
  MONTH TO DATE    0                         0      0        0
  SINCE SEP 1     56                        91    -35      111
  SINCE JAN 1    654                       793   -139      793
..................................................................


WIND (MPH)
  HIGHEST WIND SPEED    16   HIGHEST WIND DIRECTION     W (250)
  HIGHEST GUST SPEED    21   HIGHEST GUST DIRECTION     W (250)
  AVERAGE WIND SPEED     4.5


SKY COVER
  POSSIBLE SUNSHINE  MM
  AVERAGE SKY COVER 0.3


WEATHER CONDITIONS
 THE FOLLOWING WEATHER WAS RECORDED YESTERDAY.
  FOG
  HAZE


RELATIVE HUMIDITY (PERCENT)
 HIGHEST    92           900 AM
 LOWEST     49           200 PM
 AVERAGE    71

..........................................................


THE TOLEDO OH CLIMATE NORMALS FOR TODAY
                         NORMAL    RECORD    YEAR
 MAXIMUM TEMPERATURE (F)   50        70      1930
 MINIMUM TEMPERATURE (F)   33         9      1933


SUNRISE AND SUNSET
NOVEMBER 16 2014......SUNRISE   725 AM EST   SUNSET   514 PM EST
NOVEMBER 17 2014......SUNRISE   726 AM EST   SUNSET   513 PM EST


-  INDICATES NEGATIVE NUMBERS.
R  INDICATES RECORD WAS SET OR TIED.
MM INDICATES DATA IS MISSING.
T  INDICATES TRACE AMOUNT.




$$
