177
CDUS41 KCLE 300530
CLITOL


CLIMATE REPORT
NATIONAL WEATHER SERVICE CLEVELAND OH
1230 AM EST WED NOV 30 2016


...................................

...THE TOLEDO OH CLIMATE SUMMARY FOR NOVEMBER 29 2016...

CLIMATE NORMAL PERIOD 1981 TO 2010
CLIMATE RECORD PERIOD 1873 TO 2016


WEATHER ITEM   OBSERVED TIME   RECORD YEAR NORMAL DEPARTURE LAST
                VALUE   (LST)  VALUE       VALUE  FROM      YEAR
                                                  NORMAL
..................................................................
TEMPERATURE (F)
 YESTERDAY
  MAXIMUM         58    219 PM  66    2006  43     15       39
  MINIMUM         49    932 PM   3    1958  29     20       26
  AVERAGE         54                        36     18       33

PRECIPITATION (IN)
  YESTERDAY        0.04                      0.10  -0.06     0.00
  MONTH TO DATE    1.80                      2.76  -0.96     1.75
  SINCE SEP 1      8.54                      8.14   0.40     5.20
  SINCE JAN 1     31.85                     31.46   0.39    33.53

SNOWFALL (IN)
  YESTERDAY        0.0                       0.1   -0.1      0.0
  MONTH TO DATE    T                         1.8   -1.8      3.5
  SINCE SEP 1      T                         2.0   -2.0      3.5
  SINCE JUL 1      T                         2.0   -2.0      3.5
  SNOW DEPTH       0

DEGREE DAYS
 HEATING
  YESTERDAY       11                        29    -18       32
  MONTH TO DATE  562                       678   -116      567
  SINCE SEP 1    905                      1190   -285      970
  SINCE JUL 1    906                      1204   -298      982

 COOLING
  YESTERDAY        0                         0      0        0
  MONTH TO DATE    4                         0      4        0
  SINCE SEP 1    148                        91     57      138
  SINCE JAN 1   1037                       793    244      719
..................................................................


WIND (MPH)
  HIGHEST WIND SPEED    20   HIGHEST WIND DIRECTION     S (200)
  HIGHEST GUST SPEED    29   HIGHEST GUST DIRECTION     S (180)
  AVERAGE WIND SPEED     9.7


SKY COVER
  POSSIBLE SUNSHINE  MM
  AVERAGE SKY COVER 0.3


WEATHER CONDITIONS
 THE FOLLOWING WEATHER WAS RECORDED YESTERDAY.
  LIGHT RAIN
  FOG
  HAZE


RELATIVE HUMIDITY (PERCENT)
 HIGHEST    93           200 AM
 LOWEST     67           200 PM
 AVERAGE    80

..........................................................


THE TOLEDO OH CLIMATE NORMALS FOR TODAY
                         NORMAL    RECORD    YEAR
 MAXIMUM TEMPERATURE (F)   42        68      1934
 MINIMUM TEMPERATURE (F)   28         2      1958
                                             1947
                                             1929


SUNRISE AND SUNSET
NOVEMBER 30 2016......SUNRISE   742 AM EST   SUNSET   506 PM EST
DECEMBER  1 2016......SUNRISE   743 AM EST   SUNSET   506 PM EST


-  INDICATES NEGATIVE NUMBERS.
R  INDICATES RECORD WAS SET OR TIED.
MM INDICATES DATA IS MISSING.
T  INDICATES TRACE AMOUNT.




$$
