000
CDUS41 KCLE 120542
CLITOL


CLIMATE REPORT
NATIONAL WEATHER SERVICE CLEVELAND OH
1241 AM EST MON FEB 12 2018


...................................

...THE TOLEDO OH CLIMATE SUMMARY FOR FEBRUARY 11 2018...

CLIMATE NORMAL PERIOD 1981 TO 2010
CLIMATE RECORD PERIOD 1873 TO 2018


WEATHER ITEM   OBSERVED TIME   RECORD YEAR NORMAL DEPARTURE LAST
                VALUE   (LST)  VALUE       VALUE  FROM      YEAR
                                                  NORMAL
..................................................................
TEMPERATURE (F)
 YESTERDAY
  MAXIMUM         31   1240 PM  71    1999  35     -4       48
  MINIMUM         23    404 AM -16    1885  20      3       37
  AVERAGE         27                        27      0       43

PRECIPITATION (IN)
  YESTERDAY        0.08                      0.07   0.01      T
  MONTH TO DATE    0.86                      0.76   0.10     0.97
  SINCE DEC 1      3.11                      5.49  -2.38     7.60
  SINCE JAN 1      1.99                      2.81  -0.82     5.12

SNOWFALL (IN)
  YESTERDAY        0.0                       0.3   -0.3      0.0
  MONTH TO DATE    9.2                       4.0    5.2      1.0
  SINCE DEC 1     29.7                      23.0    6.7     17.0
  SINCE JUL 1     29.7                      25.1    4.6     17.0
  SNOW DEPTH       7

DEGREE DAYS
 HEATING
  YESTERDAY       38                        38      0       22
  MONTH TO DATE  497                       424     73      366
  SINCE DEC 1   2920                      2740    180     2556
  SINCE JUL 1   3968                      3973     -5     3480

 COOLING
  YESTERDAY        0                         0      0        0
  MONTH TO DATE    0                         0      0        0
  SINCE DEC 1      0                         0      0        0
  SINCE JAN 1      0                         0      0        0
..................................................................


WIND (MPH)
  HIGHEST WIND SPEED    17   HIGHEST WIND DIRECTION     W (290)
  HIGHEST GUST SPEED    22   HIGHEST GUST DIRECTION    NW (300)
  AVERAGE WIND SPEED    10.4


SKY COVER
  POSSIBLE SUNSHINE  MM
  AVERAGE SKY COVER 0.9


WEATHER CONDITIONS
 THE FOLLOWING WEATHER WAS RECORDED YESTERDAY.
  FREEZING RAIN
  LT FREEZING RAIN
  FOG


RELATIVE HUMIDITY (PERCENT)
 HIGHEST   100           600 AM
 LOWEST     81          1000 PM
 AVERAGE    91

..........................................................


THE TOLEDO OH CLIMATE NORMALS FOR TODAY
                         NORMAL    RECORD    YEAR
 MAXIMUM TEMPERATURE (F)   35        61      1984
 MINIMUM TEMPERATURE (F)   20       -14      2014


SUNRISE AND SUNSET
FEBRUARY 12 2018......SUNRISE   734 AM EST   SUNSET   605 PM EST
FEBRUARY 13 2018......SUNRISE   733 AM EST   SUNSET   606 PM EST


-  INDICATES NEGATIVE NUMBERS.
R  INDICATES RECORD WAS SET OR TIED.
MM INDICATES DATA IS MISSING.
T  INDICATES TRACE AMOUNT.




$$
