000
CDUS41 KCLE 270545
CLITOL


CLIMATE REPORT
NATIONAL WEATHER SERVICE CLEVELAND OH
145 AM EDT WED AUG 27 2014


...................................

...THE TOLEDO OH CLIMATE SUMMARY FOR AUGUST 26 2014...

CLIMATE NORMAL PERIOD 1981 TO 2010
CLIMATE RECORD PERIOD 1873 TO 2014


WEATHER ITEM   OBSERVED TIME   RECORD YEAR NORMAL DEPARTURE LAST
                VALUE   (LST)  VALUE       VALUE  FROM      YEAR
                                                  NORMAL
..................................................................
TEMPERATURE (F)
 YESTERDAY
  MAXIMUM         90    257 PM  97    1993  81      9       89
  MINIMUM         69    643 AM  45    1964  60      9       66
                                      1945
                                      1944
  AVERAGE         80                        71      9       78

PRECIPITATION (IN)
  YESTERDAY        0.00                      0.10  -0.10     0.04
  MONTH TO DATE    2.53                      2.66  -0.13     1.59
  SINCE JUN 1      7.34                      9.46  -2.12    11.88
  SINCE JAN 1     21.19                     22.83  -1.64    26.38

SNOWFALL (IN)
  YESTERDAY        0.0                       0.0    0.0      0.0
  MONTH TO DATE    0.0                       0.0    0.0      0.0
  SINCE JUN 1      0.0                       0.0    0.0      0.0
  SINCE JUL 1      0.0                       0.0    0.0      0.0
  SNOW DEPTH       0

DEGREE DAYS
 HEATING
  YESTERDAY        0                         1     -1        0
  MONTH TO DATE    5                         2      3       16
  SINCE JUN 1     30                        40    -10       60
  SINCE JUL 1     14                         5      9       29

 COOLING
  YESTERDAY       15                         6      9       13
  MONTH TO DATE  166                       187    -21      121
  SINCE JUN 1    494                       622   -128      528
  SINCE JAN 1    556                       675   -119      622
..................................................................


WIND (MPH)
  HIGHEST WIND SPEED    24   HIGHEST WIND DIRECTION     W (280)
  HIGHEST GUST SPEED    30   HIGHEST GUST DIRECTION     W (280)
  AVERAGE WIND SPEED     5.5


SKY COVER
  POSSIBLE SUNSHINE  MM
  AVERAGE SKY COVER 0.1


WEATHER CONDITIONS
 THE FOLLOWING WEATHER WAS RECORDED YESTERDAY.
  FOG


RELATIVE HUMIDITY (PERCENT)
 HIGHEST   100           400 AM
 LOWEST     52           200 PM
 AVERAGE    76

..........................................................


THE TOLEDO OH CLIMATE NORMALS FOR TODAY
                         NORMAL    RECORD    YEAR
 MAXIMUM TEMPERATURE (F)   81        99      1993
                                             1948
 MINIMUM TEMPERATURE (F)   60        48      1969


SUNRISE AND SUNSET
AUGUST 27 2014........SUNRISE   656 AM EDT   SUNSET   816 PM EDT
AUGUST 28 2014........SUNRISE   657 AM EDT   SUNSET   815 PM EDT


-  INDICATES NEGATIVE NUMBERS.
R  INDICATES RECORD WAS SET OR TIED.
MM INDICATES DATA IS MISSING.
T  INDICATES TRACE AMOUNT.




$$
