261
CDUS41 KCLE 160527
CLITOL


CLIMATE REPORT
NATIONAL WEATHER SERVICE CLEVELAND OH
125 AM EDT SAT MAY 16 2015


...................................

...THE TOLEDO OH CLIMATE SUMMARY FOR MAY 15 2015...

CLIMATE NORMAL PERIOD 1981 TO 2010
CLIMATE RECORD PERIOD 1873 TO 2015


WEATHER ITEM   OBSERVED TIME   RECORD YEAR NORMAL DEPARTURE LAST
                VALUE   (LST)  VALUE       VALUE  FROM      YEAR
                                                  NORMAL
..................................................................
TEMPERATURE (F)
 YESTERDAY
  MAXIMUM         78    607 PM  92    1962  71      7       62
  MINIMUM         50    500 AM  34    1964  48      2       40
                                      1895
  AVERAGE         64                        59      5       51

PRECIPITATION (IN)
  YESTERDAY        0.23                      0.11   0.12     0.23
  MONTH TO DATE    1.24                      1.65  -0.41     1.54
  SINCE MAR 1      5.27                      7.32  -2.05     6.24
  SINCE JAN 1      8.89                     11.44  -2.55    13.42

SNOWFALL (IN)
  YESTERDAY        0.0                       0.0    0.0      0.0
  MONTH TO DATE    0.0                       0.1   -0.1      0.0
  SINCE MAR 1      5.4                       7.1   -1.7     12.8
  SINCE JUL 1     45.7                      37.6    8.1     86.3
  SNOW DEPTH       0

DEGREE DAYS
 HEATING
  YESTERDAY        1                         7     -6       14
  MONTH TO DATE   66                       129    -63      126
  SINCE MAR 1   1539                      1455     84     1725
  SINCE JUL 1   6795                      6031    764     7051

 COOLING
  YESTERDAY        0                         1     -1        0
  MONTH TO DATE   34                        12     22       24
  SINCE MAR 1     34                        20     14       26
  SINCE JAN 1     34                        20     14       26
..................................................................


WIND (MPH)
  HIGHEST WIND SPEED    20   HIGHEST WIND DIRECTION    SW (240)
  HIGHEST GUST SPEED    40   HIGHEST GUST DIRECTION    SW (220)
  AVERAGE WIND SPEED     7.8


SKY COVER
  POSSIBLE SUNSHINE  MM
  AVERAGE SKY COVER 0.7


WEATHER CONDITIONS
 THE FOLLOWING WEATHER WAS RECORDED YESTERDAY.
  RAIN
  LIGHT RAIN
  FOG


RELATIVE HUMIDITY (PERCENT)
 HIGHEST    96           600 AM
 LOWEST     58           600 PM
 AVERAGE    77

..........................................................


THE TOLEDO OH CLIMATE NORMALS FOR TODAY
                         NORMAL    RECORD    YEAR
 MAXIMUM TEMPERATURE (F)   71        93      1991
 MINIMUM TEMPERATURE (F)   48        32      1967


SUNRISE AND SUNSET
MAY 16 2015...........SUNRISE   615 AM EDT   SUNSET   849 PM EDT
MAY 17 2015...........SUNRISE   614 AM EDT   SUNSET   850 PM EDT


-  INDICATES NEGATIVE NUMBERS.
R  INDICATES RECORD WAS SET OR TIED.
MM INDICATES DATA IS MISSING.
T  INDICATES TRACE AMOUNT.




$$
