000
CDUS41 KCLE 200542
CLITOL


CLIMATE REPORT
NATIONAL WEATHER SERVICE CLEVELAND OH
133 AM EDT SAT SEP 20 2014


...................................

...THE TOLEDO OH CLIMATE SUMMARY FOR SEPTEMBER 19 2014...

CLIMATE NORMAL PERIOD 1981 TO 2010
CLIMATE RECORD PERIOD 1873 TO 2014


WEATHER ITEM   OBSERVED TIME   RECORD YEAR NORMAL DEPARTURE LAST
                VALUE   (LST)  VALUE       VALUE  FROM      YEAR
                                                  NORMAL
..................................................................
TEMPERATURE (F)
 YESTERDAY
  MAXIMUM         69    429 PM  93    1955  74     -5       82
                                      1895
  MINIMUM         45    643 AM  35    1973  51     -6       60
  AVERAGE         57                        63     -6       71

PRECIPITATION (IN)
  YESTERDAY        0.00                      0.09  -0.09      T
  MONTH TO DATE    4.99                      1.78   3.21     1.24
  SINCE SEP 1      4.99                      1.78   3.21     1.24
  SINCE JAN 1     26.18                     25.10   1.08    28.03

SNOWFALL (IN)
  YESTERDAY        0.0                       0.0    0.0      0.0
  MONTH TO DATE    0.0                       0.0    0.0      0.0
  SINCE SEP 1      0.0                       0.0    0.0      0.0
  SINCE JUL 1      0.0                       0.0    0.0      0.0
  SNOW DEPTH       0

DEGREE DAYS
 HEATING
  YESTERDAY        8                         4      4        0
  MONTH TO DATE   81                        42     39       55
  SINCE SEP 1     81                        42     39       55
  SINCE JUL 1     95                        56     39       84

 COOLING
  YESTERDAY        0                         2     -2        6
  MONTH TO DATE   55                        67    -12       79
  SINCE SEP 1     55                        67    -12       79
  SINCE JAN 1    653                       769   -116      761
..................................................................


WIND (MPH)
  HIGHEST WIND SPEED    10   HIGHEST WIND DIRECTION     E (90)
  HIGHEST GUST SPEED    15   HIGHEST GUST DIRECTION     E (100)
  AVERAGE WIND SPEED     2.4


SKY COVER
  POSSIBLE SUNSHINE  MM
  AVERAGE SKY COVER 0.1


WEATHER CONDITIONS
 THE FOLLOWING WEATHER WAS RECORDED YESTERDAY.
  FOG


RELATIVE HUMIDITY (PERCENT)
 HIGHEST   100           400 AM
 LOWEST     45           200 PM
 AVERAGE    73

..........................................................


THE TOLEDO OH CLIMATE NORMALS FOR TODAY
                         NORMAL    RECORD    YEAR
 MAXIMUM TEMPERATURE (F)   74        93      1895
 MINIMUM TEMPERATURE (F)   51        33      1962
                                             1956


SUNRISE AND SUNSET
SEPTEMBER 20 2014.....SUNRISE   721 AM EDT   SUNSET   736 PM EDT
SEPTEMBER 21 2014.....SUNRISE   722 AM EDT   SUNSET   734 PM EDT


-  INDICATES NEGATIVE NUMBERS.
R  INDICATES RECORD WAS SET OR TIED.
MM INDICATES DATA IS MISSING.
T  INDICATES TRACE AMOUNT.




$$
