000
CDUS41 KCLE 242212
CLITOL


CLIMATE REPORT
NATIONAL WEATHER SERVICE CLEVELAND OH
512 PM EST WED DEC 24 2014


...................................

...THE TOLEDO OH CLIMATE SUMMARY FOR DECEMBER 24 2014...
VALID TODAY AS OF 0500 PM LOCAL TIME.

CLIMATE NORMAL PERIOD 1981 TO 2010
CLIMATE RECORD PERIOD 1873 TO 2014


WEATHER ITEM   OBSERVED TIME   RECORD YEAR NORMAL DEPARTURE LAST
                VALUE   (LST)  VALUE       VALUE  FROM      YEAR
                                                  NORMAL
..................................................................
TEMPERATURE (F)
 TODAY
  MAXIMUM         54    147 PM  65    1889  34     20       21
  MINIMUM         42    457 PM -15    1983  21     21       10
  AVERAGE         48                        27     21       16

PRECIPITATION (IN)
  TODAY            0.35                      0.09   0.26      T
  MONTH TO DATE    0.88                      2.11  -1.23     2.97
  SINCE DEC 1      0.88                      2.11  -1.23     2.97
  SINCE JAN 1     31.49                     33.67  -2.18    36.73

SNOWFALL (IN)
  TODAY            0.0                       0.3   -0.3       T
  MONTH TO DATE    T                         5.3   -5.3      9.5
  SINCE DEC 1      T                         5.3   -5.3      9.5
  SINCE JUL 1      2.8                       7.4   -4.6     10.0
  SNOW DEPTH       0

DEGREE DAYS
 HEATING
  TODAY           17                        38    -21       49
  MONTH TO DATE  742                       824    -82      890
  SINCE DEC 1    742                       824    -82      890
  SINCE JUL 1   2180                      2057    123     2238

 COOLING
  TODAY            0                         0      0        0
  MONTH TO DATE    0                         0      0        0
  SINCE DEC 1      0                         0      0        0
  SINCE JAN 1    654                       793   -139      793
..................................................................


WIND (MPH)
  HIGHEST WIND SPEED    18   HIGHEST WIND DIRECTION     W (280)
  HIGHEST GUST SPEED    22   HIGHEST GUST DIRECTION     W (280)


SKY COVER
  POSSIBLE SUNSHINE  MM
  AVERAGE SKY COVER 0.9


WEATHER CONDITIONS
 THE FOLLOWING WEATHER WAS RECORDED TODAY.
  THUNDERSTORM
  RAIN
  LIGHT RAIN
  FOG
  FOG W/VISIBILITY <= 1/4 MILE


RELATIVE HUMIDITY (PERCENT)
 HIGHEST   100           100 AM
 LOWEST     93           300 AM
 AVERAGE    97

..........................................................


THE TOLEDO OH CLIMATE NORMALS FOR TOMORROW
                         NORMAL    RECORD    YEAR
 MAXIMUM TEMPERATURE (F)   34        63      1982
 MINIMUM TEMPERATURE (F)   21       -13      1983


SUNRISE AND SUNSET
DECEMBER 24 2014......SUNRISE   800 AM EST   SUNSET   510 PM EST
DECEMBER 25 2014......SUNRISE   800 AM EST   SUNSET   510 PM EST


-  INDICATES NEGATIVE NUMBERS.
R  INDICATES RECORD WAS SET OR TIED.
MM INDICATES DATA IS MISSING.
T  INDICATES TRACE AMOUNT.




$$
