000
CDUS41 KCLE 270541
CLITOL


CLIMATE REPORT
NATIONAL WEATHER SERVICE CLEVELAND OH
1240 AM EST TUE JAN 27 2015


...................................

...THE TOLEDO OH CLIMATE SUMMARY FOR JANUARY 26 2015...

CLIMATE NORMAL PERIOD 1981 TO 2010
CLIMATE RECORD PERIOD 1873 TO 2015


WEATHER ITEM   OBSERVED TIME   RECORD YEAR NORMAL DEPARTURE LAST
                VALUE   (LST)  VALUE       VALUE  FROM      YEAR
                                                  NORMAL
..................................................................
TEMPERATURE (F)
 YESTERDAY
  MAXIMUM         23    426 PM  68    1950  33    -10       32
  MINIMUM          8   1123 PM -16    1897  18    -10        4
  AVERAGE         16                        25     -9       18

PRECIPITATION (IN)
  YESTERDAY        0.00                      0.06  -0.06     0.10
  MONTH TO DATE    1.90                      1.74   0.16     3.16
  SINCE DEC 1      2.99                      4.42  -1.43     6.23
  SINCE JAN 1      1.90                      1.74   0.16     3.16

SNOWFALL (IN)
  YESTERDAY        0.0                       0.3   -0.3      2.0
  MONTH TO DATE   12.2                       9.6    2.6     38.4
  SINCE DEC 1     12.2                      17.0   -4.8     49.6
  SINCE JUL 1     15.0                      19.1   -4.1     50.1
  SNOW DEPTH       1

DEGREE DAYS
 HEATING
  YESTERDAY       49                        40      9       47
  MONTH TO DATE 1148                      1031    117     1249
  SINCE DEC 1   2136                      2123     13     2400
  SINCE JUL 1   3574                      3356    218     3748

 COOLING
  YESTERDAY        0                         0      0        0
  MONTH TO DATE    0                         0      0        0
  SINCE DEC 1      0                         0      0        0
  SINCE JAN 1      0                         0      0        0
..................................................................


WIND (MPH)
  HIGHEST WIND SPEED    16   HIGHEST WIND DIRECTION    NE (40)
  HIGHEST GUST SPEED    21   HIGHEST GUST DIRECTION    NE (40)
  AVERAGE WIND SPEED     5.6


SKY COVER
  POSSIBLE SUNSHINE  MM
  AVERAGE SKY COVER 0.3


WEATHER CONDITIONS
 THE FOLLOWING WEATHER WAS RECORDED YESTERDAY.
  NO SIGNIFICANT WEATHER WAS OBSERVED.


RELATIVE HUMIDITY (PERCENT)
 HIGHEST    84           900 PM
 LOWEST     56           300 AM
 AVERAGE    70

..........................................................


THE TOLEDO OH CLIMATE NORMALS FOR TODAY
                         NORMAL    RECORD    YEAR
 MAXIMUM TEMPERATURE (F)   33        66      1916
 MINIMUM TEMPERATURE (F)   18        -7      1936


SUNRISE AND SUNSET
JANUARY 27 2015.......SUNRISE   752 AM EST   SUNSET   544 PM EST
JANUARY 28 2015.......SUNRISE   751 AM EST   SUNSET   546 PM EST


-  INDICATES NEGATIVE NUMBERS.
R  INDICATES RECORD WAS SET OR TIED.
MM INDICATES DATA IS MISSING.
T  INDICATES TRACE AMOUNT.




$$
