000
CDUS41 KCLE 200545
CLITOL


CLIMATE REPORT
NATIONAL WEATHER SERVICE CLEVELAND OH
145 AM EDT MON MAR 20 2017


...................................

...THE TOLEDO OH CLIMATE SUMMARY FOR MARCH 19 2017...

CLIMATE NORMAL PERIOD 1981 TO 2010
CLIMATE RECORD PERIOD 1873 TO 2017


WEATHER ITEM   OBSERVED TIME   RECORD YEAR NORMAL DEPARTURE LAST
                VALUE   (LST)  VALUE       VALUE  FROM      YEAR
                                                  NORMAL
..................................................................
TEMPERATURE (F)
 YESTERDAY
  MAXIMUM         39    526 PM  81    2012  48     -9       40
  MINIMUM         29   1113 PM   8    1923  29      0       30
                                      1885
  AVERAGE         34                        39     -5       35

PRECIPITATION (IN)
  YESTERDAY        0.00                      0.08  -0.08     0.00
  MONTH TO DATE    1.03                      1.44  -0.41     1.64
  SINCE MAR 1      1.03                      1.44  -0.41     1.64
  SINCE JAN 1      6.80                      5.56   1.24     4.86

SNOWFALL (IN)
  YESTERDAY        0.0                       0.1   -0.1      0.0
  MONTH TO DATE    4.7                       4.1    0.6      2.7
  SINCE MAR 1      4.7                       4.1    0.6      2.7
  SINCE JUL 1     21.7                      34.6  -12.9     17.7
  SNOW DEPTH       0

DEGREE DAYS
 HEATING
  YESTERDAY       31                        26      5       30
  MONTH TO DATE  620                       564     56      427
  SINCE MAR 1    620                       564     56      427
  SINCE JUL 1   4465                      5140   -675     4325

 COOLING
  YESTERDAY        0                         0      0        0
  MONTH TO DATE    0                         0      0        0
  SINCE MAR 1      0                         0      0        0
  SINCE JAN 1      0                         0      0        0
..................................................................


WIND (MPH)
  HIGHEST WIND SPEED    10   HIGHEST WIND DIRECTION     N (10)
  HIGHEST GUST SPEED    13   HIGHEST GUST DIRECTION     N (20)
  AVERAGE WIND SPEED     4.2


SKY COVER
  POSSIBLE SUNSHINE  MM
  AVERAGE SKY COVER 0.9


WEATHER CONDITIONS
 THE FOLLOWING WEATHER WAS RECORDED YESTERDAY.
  NO SIGNIFICANT WEATHER WAS OBSERVED.


RELATIVE HUMIDITY (PERCENT)
 HIGHEST   100          1200 AM
 LOWEST     70           300 PM
 AVERAGE    85

..........................................................


THE TOLEDO OH CLIMATE NORMALS FOR TODAY
                         NORMAL    RECORD    YEAR
 MAXIMUM TEMPERATURE (F)   49        82      2012
 MINIMUM TEMPERATURE (F)   30        -2      1885


SUNRISE AND SUNSET
MARCH 20 2017.........SUNRISE   738 AM EDT   SUNSET   748 PM EDT
MARCH 21 2017.........SUNRISE   736 AM EDT   SUNSET   749 PM EDT


-  INDICATES NEGATIVE NUMBERS.
R  INDICATES RECORD WAS SET OR TIED.
MM INDICATES DATA IS MISSING.
T  INDICATES TRACE AMOUNT.




$$
