000
CDUS41 KCLE 230527
CLITOL


CLIMATE REPORT
NATIONAL WEATHER SERVICE CLEVELAND OH
1227 AM EST SUN NOV 23 2014


...................................

...THE TOLEDO OH CLIMATE SUMMARY FOR NOVEMBER 22 2014...

CLIMATE NORMAL PERIOD 1981 TO 2010
CLIMATE RECORD PERIOD 1873 TO 2014


WEATHER ITEM   OBSERVED TIME   RECORD YEAR NORMAL DEPARTURE LAST
                VALUE   (LST)  VALUE       VALUE  FROM      YEAR
                                                  NORMAL
..................................................................
TEMPERATURE (F)
 YESTERDAY
  MAXIMUM         51   1152 PM  72    1913  46      5       47
  MINIMUM         18    123 AM   5    1880  31    -13       30
  AVERAGE         35                        39     -4       39

PRECIPITATION (IN)
  YESTERDAY        0.22                      0.10   0.12     0.04
  MONTH TO DATE    0.79                      2.07  -1.28     1.36
  SINCE SEP 1      8.38                      7.45   0.93     6.97
  SINCE JAN 1     29.57                     30.77  -1.20    33.76

SNOWFALL (IN)
  YESTERDAY        0.0                       0.1   -0.1      0.0
  MONTH TO DATE    2.6                       1.0    1.6      0.5
  SINCE SEP 1      2.6                       1.2    1.4      0.5
  SINCE JUL 1      2.6                       1.2    1.4      0.5
  SNOW DEPTH       1

DEGREE DAYS
 HEATING
  YESTERDAY       30                        26      4       26
  MONTH TO DATE  669                       481    188      506
  SINCE SEP 1   1206                       993    213     1014
  SINCE JUL 1   1220                      1007    213     1043

 COOLING
  YESTERDAY        0                         0      0        0
  MONTH TO DATE    0                         0      0        0
  SINCE SEP 1     56                        91    -35      111
  SINCE JAN 1    654                       793   -139      793
..................................................................


WIND (MPH)
  HIGHEST WIND SPEED    16   HIGHEST WIND DIRECTION    SW (220)
  HIGHEST GUST SPEED    24   HIGHEST GUST DIRECTION    SW (210)
  AVERAGE WIND SPEED     8.4


SKY COVER
  POSSIBLE SUNSHINE  MM
  AVERAGE SKY COVER 0.9


WEATHER CONDITIONS
 THE FOLLOWING WEATHER WAS RECORDED YESTERDAY.
  LIGHT RAIN
  FREEZING RAIN
  LT FREEZING RAIN
  FOG


RELATIVE HUMIDITY (PERCENT)
 HIGHEST    92           700 AM
 LOWEST     62           300 AM
 AVERAGE    77

..........................................................


THE TOLEDO OH CLIMATE NORMALS FOR TODAY
                         NORMAL    RECORD    YEAR
 MAXIMUM TEMPERATURE (F)   46        71      1999
                                             1931
 MINIMUM TEMPERATURE (F)   31         5      1971


SUNRISE AND SUNSET
NOVEMBER 23 2014......SUNRISE   734 AM EST   SUNSET   509 PM EST
NOVEMBER 24 2014......SUNRISE   735 AM EST   SUNSET   509 PM EST


-  INDICATES NEGATIVE NUMBERS.
R  INDICATES RECORD WAS SET OR TIED.
MM INDICATES DATA IS MISSING.
T  INDICATES TRACE AMOUNT.




$$
