000
CDUS41 KCLE 260545
CLITOL


CLIMATE REPORT
NATIONAL WEATHER SERVICE CLEVELAND OH
145 AM EDT FRI AUG 26 2016


...................................

...THE TOLEDO OH CLIMATE SUMMARY FOR AUGUST 25 2016...

CLIMATE NORMAL PERIOD 1981 TO 2010
CLIMATE RECORD PERIOD 1873 TO 2016


WEATHER ITEM   OBSERVED TIME   RECORD YEAR NORMAL DEPARTURE LAST
                VALUE   (LST)  VALUE       VALUE  FROM      YEAR
                                                  NORMAL
..................................................................
TEMPERATURE (F)
 YESTERDAY
  MAXIMUM         87    348 PM  95    1993  82      5       65
                                      1948
  MINIMUM         70    642 AM  45    1942  60     10       54
  AVERAGE         79                        71      8       60

PRECIPITATION (IN)
  YESTERDAY        0.00                      0.10  -0.10      T
  MONTH TO DATE    3.45                      2.56   0.89     2.82
  SINCE JUN 1      8.11                      9.36  -1.25    16.20
  SINCE JAN 1     21.87                     22.73  -0.86    28.10

SNOWFALL (IN)
  YESTERDAY        0.0                       0.0    0.0      0.0
  MONTH TO DATE    0.0                       0.0    0.0      0.0
  SINCE JUN 1      0.0                       0.0    0.0      0.0
  SINCE JUL 1      0.0                       0.0    0.0      0.0
  SNOW DEPTH       0

DEGREE DAYS
 HEATING
  YESTERDAY        0                         1     -1        5
  MONTH TO DATE    0                         1     -1        5
  SINCE JUN 1     14                        39    -25       42
  SINCE JUL 1      1                         4     -3        7

 COOLING
  YESTERDAY       14                         6      8        0
  MONTH TO DATE  263                       181     82      145
  SINCE JUN 1    762                       616    146      463
  SINCE JAN 1    831                       669    162      556
..................................................................


WIND (MPH)
  HIGHEST WIND SPEED    25   HIGHEST WIND DIRECTION     W (250)
  HIGHEST GUST SPEED    30   HIGHEST GUST DIRECTION     W (250)
  AVERAGE WIND SPEED     9.6


SKY COVER
  POSSIBLE SUNSHINE  MM
  AVERAGE SKY COVER 0.1


WEATHER CONDITIONS
 THE FOLLOWING WEATHER WAS RECORDED YESTERDAY.
  NO SIGNIFICANT WEATHER WAS OBSERVED.


RELATIVE HUMIDITY (PERCENT)
 HIGHEST   100           100 AM
 LOWEST     55           300 PM
 AVERAGE    78

..........................................................


THE TOLEDO OH CLIMATE NORMALS FOR TODAY
                         NORMAL    RECORD    YEAR
 MAXIMUM TEMPERATURE (F)   81        97      1993
 MINIMUM TEMPERATURE (F)   60        45      1964
                                             1945
                                             1944


SUNRISE AND SUNSET
AUGUST 26 2016........SUNRISE   656 AM EDT   SUNSET   817 PM EDT
AUGUST 27 2016........SUNRISE   657 AM EDT   SUNSET   816 PM EDT


-  INDICATES NEGATIVE NUMBERS.
R  INDICATES RECORD WAS SET OR TIED.
MM INDICATES DATA IS MISSING.
T  INDICATES TRACE AMOUNT.




$$
