000
CDUS41 KCLE 230551
CLITOL


CLIMATE REPORT
NATIONAL WEATHER SERVICE CLEVELAND OH
1251 AM EST THU FEB 23 2017


...................................

...THE TOLEDO OH CLIMATE SUMMARY FOR FEBRUARY 22 2017...

CLIMATE NORMAL PERIOD 1981 TO 2010
CLIMATE RECORD PERIOD 1873 TO 2017


WEATHER ITEM   OBSERVED TIME   RECORD YEAR NORMAL DEPARTURE LAST
                VALUE   (LST)  VALUE       VALUE  FROM      YEAR
                                                  NORMAL
..................................................................
TEMPERATURE (F)
 YESTERDAY
  MAXIMUM         64   1234 PM  66    1930  38     26       41
  MINIMUM         42    121 AM  -9    1963  22     20       24
  AVERAGE         53                        30     23       33

PRECIPITATION (IN)
  YESTERDAY        T                         0.07  -0.07     0.00
  MONTH TO DATE    1.18                      1.58  -0.40     0.51
  SINCE DEC 1      7.81                      6.31   1.50     4.96
  SINCE JAN 1      5.33                      3.63   1.70     1.98

SNOWFALL (IN)
  YESTERDAY        0.0                       0.3   -0.3      0.0
  MONTH TO DATE    1.0                       7.6   -6.6      2.4
  SINCE DEC 1     17.0                      26.6   -9.6      8.3
  SINCE JUL 1     17.0                      28.7  -11.7     11.8
  SNOW DEPTH       0

DEGREE DAYS
 HEATING
  YESTERDAY       12                        35    -23       32
  MONTH TO DATE  610                       824   -214      770
  SINCE DEC 1   2800                      3140   -340     2692
  SINCE JUL 1   3724                      4373   -649     3702

 COOLING
  YESTERDAY        0                         0      0        0
  MONTH TO DATE    0                         0      0        0
  SINCE DEC 1      0                         0      0        0
  SINCE JAN 1      0                         0      0        0
..................................................................


WIND (MPH)
  HIGHEST WIND SPEED    16   HIGHEST WIND DIRECTION    SW (220)
  HIGHEST GUST SPEED    21   HIGHEST GUST DIRECTION    SW (230)
  AVERAGE WIND SPEED     7.0


SKY COVER
  POSSIBLE SUNSHINE  MM
  AVERAGE SKY COVER 0.9


WEATHER CONDITIONS
 THE FOLLOWING WEATHER WAS RECORDED YESTERDAY.
  FOG
  FOG W/VISIBILITY <= 1/4 MILE


RELATIVE HUMIDITY (PERCENT)
 HIGHEST   100          1200 AM
 LOWEST     72           200 PM
 AVERAGE    86

..........................................................


THE TOLEDO OH CLIMATE NORMALS FOR TODAY
                         NORMAL    RECORD    YEAR
 MAXIMUM TEMPERATURE (F)   38        65      2000
 MINIMUM TEMPERATURE (F)   22        -8      1978


SUNRISE AND SUNSET
FEBRUARY 23 2017......SUNRISE   719 AM EST   SUNSET   619 PM EST
FEBRUARY 24 2017......SUNRISE   717 AM EST   SUNSET   620 PM EST


-  INDICATES NEGATIVE NUMBERS.
R  INDICATES RECORD WAS SET OR TIED.
MM INDICATES DATA IS MISSING.
T  INDICATES TRACE AMOUNT.




$$
