000
CDUS41 KCLE 142126
CLITOL


CLIMATE REPORT
NATIONAL WEATHER SERVICE CLEVELAND OH
525 PM EDT WED JUN 14 2017


...................................

...THE TOLEDO OH CLIMATE SUMMARY FOR JUNE 14 2017...
VALID TODAY AS OF 0500 PM LOCAL TIME.

CLIMATE NORMAL PERIOD 1981 TO 2010
CLIMATE RECORD PERIOD 1873 TO 2017


WEATHER ITEM   OBSERVED TIME   RECORD YEAR NORMAL DEPARTURE LAST
                VALUE   (LST)  VALUE       VALUE  FROM      YEAR
                                                  NORMAL
..................................................................
TEMPERATURE (F)
 TODAY
  MAXIMUM         83    109 PM  96    1988  81      2       79
  MINIMUM         65    539 AM  42    1978  58      7       60
  AVERAGE         74                        69      5       70

PRECIPITATION (IN)
  TODAY            T                         0.12  -0.12     0.05
  MONTH TO DATE    0.35                      1.74  -1.39     0.31
  SINCE JUN 1      0.35                      1.74  -1.39     0.31
  SINCE JAN 1     18.21                     15.11   3.10    14.07

SNOWFALL (IN)
  TODAY            0.0                       0.0    0.0      0.0
  MONTH TO DATE    0.0                       0.0    0.0      0.0
  SINCE JUN 1      0.0                       0.0    0.0      0.0
  SINCE JUL 1     22.4                      37.6  -15.2     26.4
  SNOW DEPTH       0

DEGREE DAYS
 HEATING
  TODAY            0                         1     -1        0
  MONTH TO DATE   12                        27    -15       13
  SINCE JUN 1     12                        27    -15       13
  SINCE JUL 1   5306                      6137   -831     5357

 COOLING
  TODAY            9                         5      4        5
  MONTH TO DATE   85                        57     28       75
  SINCE JUN 1     85                        57     28       75
  SINCE JAN 1    130                       110     20      144
..................................................................


WIND (MPH)
  HIGHEST WIND SPEED    13   HIGHEST WIND DIRECTION     E (90)
  HIGHEST GUST SPEED    15   HIGHEST GUST DIRECTION     E (110)


SKY COVER
  POSSIBLE SUNSHINE  MM
  AVERAGE SKY COVER 0.1


WEATHER CONDITIONS
 THE FOLLOWING WEATHER WAS RECORDED TODAY.
  LIGHT RAIN
  FOG


RELATIVE HUMIDITY (PERCENT)
 HIGHEST   100          1200 AM
 LOWEST     69           100 PM
 AVERAGE    85

..........................................................


THE TOLEDO OH CLIMATE NORMALS FOR TOMORROW
                         NORMAL    RECORD    YEAR
 MAXIMUM TEMPERATURE (F)   81        96      1994
 MINIMUM TEMPERATURE (F)   59        44      1961
                                             1942


SUNRISE AND SUNSET
JUNE 14 2017..........SUNRISE   600 AM EDT   SUNSET   911 PM EDT
JUNE 15 2017..........SUNRISE   600 AM EDT   SUNSET   911 PM EDT


-  INDICATES NEGATIVE NUMBERS.
R  INDICATES RECORD WAS SET OR TIED.
MM INDICATES DATA IS MISSING.
T  INDICATES TRACE AMOUNT.




$$
