052
CDUS41 KCLE 140531
CLITOL


CLIMATE REPORT
NATIONAL WEATHER SERVICE CLEVELAND OH
1231 AM EST SUN JAN 14 2018


...................................

...THE TOLEDO OH CLIMATE SUMMARY FOR JANUARY 13 2018...

CLIMATE NORMAL PERIOD 1981 TO 2010
CLIMATE RECORD PERIOD 1873 TO 2018


WEATHER ITEM   OBSERVED TIME   RECORD YEAR NORMAL DEPARTURE LAST
                VALUE   (LST)  VALUE       VALUE  FROM      YEAR
                                                  NORMAL
..................................................................
TEMPERATURE (F)
 YESTERDAY
  MAXIMUM         19    304 PM  71    1890  32    -13       29
  MINIMUM         10    830 AM -15    1977  18     -8       22
  AVERAGE         15                        25    -10       26

PRECIPITATION (IN)
  YESTERDAY        T                         0.07  -0.07     0.00
  MONTH TO DATE    0.72                      0.95  -0.23     2.50
  SINCE DEC 1      1.84                      3.63  -1.79     4.98
  SINCE JAN 1      0.72                      0.95  -0.23     2.50

SNOWFALL (IN)
  YESTERDAY        T                         0.3   -0.3      0.0
  MONTH TO DATE    3.2                       4.5   -1.3      1.1
  SINCE DEC 1     17.1                      11.9    5.2     14.3
  SINCE JUL 1     17.1                      14.0    3.1     14.3
  SNOW DEPTH       2

DEGREE DAYS
 HEATING
  YESTERDAY       50                        40     10       39
  MONTH TO DATE  592                       511     81      497
  SINCE DEC 1   1779                      1603    176     1655
  SINCE JUL 1   2827                      2836     -9     2579

 COOLING
  YESTERDAY        0                         0      0        0
  MONTH TO DATE    0                         0      0        0
  SINCE DEC 1      0                         0      0        0
  SINCE JAN 1      0                         0      0        0
..................................................................


WIND (MPH)
  HIGHEST WIND SPEED    24   HIGHEST WIND DIRECTION     N (360)
  HIGHEST GUST SPEED    33   HIGHEST GUST DIRECTION     N (10)
  AVERAGE WIND SPEED     9.5


SKY COVER
  POSSIBLE SUNSHINE  MM
  AVERAGE SKY COVER 0.7


WEATHER CONDITIONS
 THE FOLLOWING WEATHER WAS RECORDED YESTERDAY.
  LIGHT SNOW
  HAZE


RELATIVE HUMIDITY (PERCENT)
 HIGHEST    73           900 AM
 LOWEST     49           600 PM
 AVERAGE    61

..........................................................


THE TOLEDO OH CLIMATE NORMALS FOR TODAY
                         NORMAL    RECORD    YEAR
 MAXIMUM TEMPERATURE (F)   32        64      1995
 MINIMUM TEMPERATURE (F)   18        -8      1964


SUNRISE AND SUNSET
JANUARY 14 2018.......SUNRISE   800 AM EST   SUNSET   529 PM EST
JANUARY 15 2018.......SUNRISE   800 AM EST   SUNSET   530 PM EST


-  INDICATES NEGATIVE NUMBERS.
R  INDICATES RECORD WAS SET OR TIED.
MM INDICATES DATA IS MISSING.
T  INDICATES TRACE AMOUNT.




$$
