000
CDUS41 KCLE 150526
CLITOL


CLIMATE REPORT
NATIONAL WEATHER SERVICE CLEVELAND OH
1225 AM EST SUN JAN 15 2017


...................................

...THE TOLEDO OH CLIMATE SUMMARY FOR JANUARY 14 2017...

CLIMATE NORMAL PERIOD 1981 TO 2010
CLIMATE RECORD PERIOD 1873 TO 2017


WEATHER ITEM   OBSERVED TIME   RECORD YEAR NORMAL DEPARTURE LAST
                VALUE   (LST)  VALUE       VALUE  FROM      YEAR
                                                  NORMAL
..................................................................
TEMPERATURE (F)
 YESTERDAY
  MAXIMUM         31    158 PM  64    1995  32     -1       41
  MINIMUM         20   1131 PM  -8    1964  18      2       18
  AVERAGE         26                        25      1       30

PRECIPITATION (IN)
  YESTERDAY        0.00                      0.06  -0.06     0.00
  MONTH TO DATE    2.50                      1.01   1.49     1.01
  SINCE DEC 1      4.98                      3.69   1.29     3.99
  SINCE JAN 1      2.50                      1.01   1.49     1.01

SNOWFALL (IN)
  YESTERDAY        0.0                       0.4   -0.4      0.0
  MONTH TO DATE    1.1                       4.9   -3.8      5.3
  SINCE DEC 1     14.3                      12.3    2.0      5.3
  SINCE JUL 1     14.3                      14.4   -0.1      8.8
  SNOW DEPTH       0

DEGREE DAYS
 HEATING
  YESTERDAY       39                        40     -1       35
  MONTH TO DATE  536                       551    -15      537
  SINCE DEC 1   1694                      1643     51     1277
  SINCE JUL 1   2618                      2876   -258     2287

 COOLING
  YESTERDAY        0                         0      0        0
  MONTH TO DATE    0                         0      0        0
  SINCE DEC 1      0                         0      0        0
  SINCE JAN 1      0                         0      0        0
..................................................................


WIND (MPH)
  HIGHEST WIND SPEED    12   HIGHEST WIND DIRECTION     E (70)
  HIGHEST GUST SPEED    13   HIGHEST GUST DIRECTION    NE (60)
  AVERAGE WIND SPEED     4.7


SKY COVER
  POSSIBLE SUNSHINE  MM
  AVERAGE SKY COVER 0.8


WEATHER CONDITIONS
 THE FOLLOWING WEATHER WAS RECORDED YESTERDAY.
  FOG


RELATIVE HUMIDITY (PERCENT)
 HIGHEST   100          1100 PM
 LOWEST     69          1200 PM
 AVERAGE    85

..........................................................


THE TOLEDO OH CLIMATE NORMALS FOR TODAY
                         NORMAL    RECORD    YEAR
 MAXIMUM TEMPERATURE (F)   32        63      1932
 MINIMUM TEMPERATURE (F)   18       -12      1972


SUNRISE AND SUNSET
JANUARY 15 2017.......SUNRISE   759 AM EST   SUNSET   530 PM EST
JANUARY 16 2017.......SUNRISE   759 AM EST   SUNSET   532 PM EST


-  INDICATES NEGATIVE NUMBERS.
R  INDICATES RECORD WAS SET OR TIED.
MM INDICATES DATA IS MISSING.
T  INDICATES TRACE AMOUNT.




$$
