000
CDUS41 KCLE 212111
CLITOL


CLIMATE REPORT
NATIONAL WEATHER SERVICE CLEVELAND OH
510 PM EDT SUN AUG 21 2016


...................................

...THE TOLEDO OH CLIMATE SUMMARY FOR AUGUST 21 2016...
VALID TODAY AS OF 0500 PM LOCAL TIME.

CLIMATE NORMAL PERIOD 1981 TO 2010
CLIMATE RECORD PERIOD 1873 TO 2016


WEATHER ITEM   OBSERVED TIME   RECORD YEAR NORMAL DEPARTURE LAST
                VALUE   (LST)  VALUE       VALUE  FROM      YEAR
                                                  NORMAL
..................................................................
TEMPERATURE (F)
 TODAY
  MAXIMUM         78    245 PM  98    1916  82     -4       78
  MINIMUM         63    653 AM  44    1950  61      2       52
  AVERAGE         71                        71      0       65

PRECIPITATION (IN)
  TODAY            0.00                      0.10  -0.10     0.00
  MONTH TO DATE    2.95                      2.17   0.78     2.76
  SINCE JUN 1      7.61                      8.97  -1.36    16.14
  SINCE JAN 1     21.37                     22.34  -0.97    28.04

SNOWFALL (IN)
  TODAY            0.0                       0.0    0.0      0.0
  MONTH TO DATE    0.0                       0.0    0.0      0.0
  SINCE JUN 1      0.0                       0.0    0.0      0.0
  SINCE JUL 1      0.0                       0.0    0.0      0.0
  SNOW DEPTH       0

DEGREE DAYS
 HEATING
  TODAY            0                         0      0        0
  MONTH TO DATE    0                         0      0        0
  SINCE JUN 1     14                        38    -24       37
  SINCE JUL 1      1                         3     -2        2

 COOLING
  TODAY            6                         7     -1        0
  MONTH TO DATE  240                       156     84      139
  SINCE JUN 1    739                       591    148      457
  SINCE JAN 1    808                       644    164      550
..................................................................


WIND (MPH)
  HIGHEST WIND SPEED    22   HIGHEST WIND DIRECTION     W (260)
  HIGHEST GUST SPEED    28   HIGHEST GUST DIRECTION     W (260)


SKY COVER
  POSSIBLE SUNSHINE  MM
  AVERAGE SKY COVER 0.3


WEATHER CONDITIONS
 THE FOLLOWING WEATHER WAS RECORDED TODAY.
  NO SIGNIFICANT WEATHER WAS OBSERVED.


RELATIVE HUMIDITY (PERCENT)
 HIGHEST   100           100 AM
 LOWEST     54           100 PM
 AVERAGE    77

..........................................................


THE TOLEDO OH CLIMATE NORMALS FOR TOMORROW
                         NORMAL    RECORD    YEAR
 MAXIMUM TEMPERATURE (F)   82       101      1936
 MINIMUM TEMPERATURE (F)   61        45      1923


SUNRISE AND SUNSET
AUGUST 21 2016........SUNRISE   650 AM EDT   SUNSET   825 PM EDT
AUGUST 22 2016........SUNRISE   652 AM EDT   SUNSET   824 PM EDT


-  INDICATES NEGATIVE NUMBERS.
R  INDICATES RECORD WAS SET OR TIED.
MM INDICATES DATA IS MISSING.
T  INDICATES TRACE AMOUNT.




$$
